000
CDUS43 KMKX 110046
CLIMKE


CLIMATE REPORT
NATIONAL WEATHER SERVICE IN MILWAUKEE
743 PM CDT THU JUL 10 2014


...................................

...THE MILWAUKEE WI CLIMATE SUMMARY FOR JULY 10 2014...
VALID TODAY AS OF 0700 PM LOCAL TIME.

CLIMATE NORMAL PERIOD 1981 TO 2010
CLIMATE RECORD PERIOD 1871 TO 2014


WEATHER ITEM   OBSERVED TIME   RECORD YEAR NORMAL DEPARTURE LAST
                VALUE   (LST)  VALUE       VALUE  FROM      YEAR
                                                  NORMAL
..................................................................
TEMPERATURE (F)
 TODAY
  MAXIMUM         71    323 PM 100    1936  80     -9       80
  MINIMUM         57    438 AM  44    1963  63     -6       68
  AVERAGE         64                        72     -8       74

PRECIPITATION (IN)
  TODAY            0.00          1.78 1984   0.12  -0.12     0.00
  MONTH TO DATE    0.74                      1.24  -0.50     0.60
  SINCE JUN 1      7.08                      5.14   1.94     6.40
  SINCE JAN 1     18.03                     17.78   0.25    25.91

SNOWFALL (IN)
  TODAY            0.0           0.0    MM   0.0    0.0      0.0
  MONTH TO DATE    0.0                       0.0    0.0      0.0
  SINCE JUN 1      0.0                       0.0    0.0      0.0
  SINCE JUL 1      0.0                       0.0    0.0      0.0
  SNOW DEPTH       0

DEGREE DAYS
 HEATING
  TODAY            1                         0      1        0
  MONTH TO DATE    7                         4      3        3
  SINCE JUN 1     81                        88     -7       90
  SINCE JUL 1      7                         4      3        3

 COOLING
  TODAY            0                         7     -7        9
  MONTH TO DATE   42                        69    -27       79
  SINCE JUN 1    132                       189    -57      178
  SINCE JAN 1    150                       219    -69      217
..................................................................


WIND (MPH)
  HIGHEST WIND SPEED    16   HIGHEST WIND DIRECTION    SE (140)
  HIGHEST GUST SPEED    20   HIGHEST GUST DIRECTION    SE (140)
  AVERAGE WIND SPEED     7.2


SKY COVER
  POSSIBLE SUNSHINE  MM
  AVERAGE SKY COVER 0.2


WEATHER CONDITIONS
 THE FOLLOWING WEATHER WAS RECORDED TODAY.
  NO SIGNIFICANT WEATHER WAS OBSERVED.


RELATIVE HUMIDITY (PERCENT)
 HIGHEST    86           200 AM
 LOWEST     58           600 PM
 AVERAGE    72

..........................................................


THE MILWAUKEE WI CLIMATE NORMALS FOR TOMORROW
                         NORMAL    RECORD    YEAR
 MAXIMUM TEMPERATURE (F)   80       100      1936
 MINIMUM TEMPERATURE (F)   64        47      1945


SUNRISE AND SUNSET
JULY 10 2014..........SUNRISE   522 AM CDT   SUNSET   831 PM CDT
JULY 11 2014..........SUNRISE   523 AM CDT   SUNSET   831 PM CDT


-  INDICATES NEGATIVE NUMBERS.
R  INDICATES RECORD WAS SET OR TIED.
MM INDICATES DATA IS MISSING.
T  INDICATES TRACE AMOUNT.




$$

HAHN
