000
CDUS43 KMKX 240700
CLIMKE


CLIMATE REPORT
NATIONAL WEATHER SERVICE IN MILWAUKEE
200 AM CDT TUE MAR 24 2015


...................................

...THE MILWAUKEE WI CLIMATE SUMMARY FOR MARCH 23 2015...

CLIMATE NORMAL PERIOD 1981 TO 2010
CLIMATE RECORD PERIOD 1871 TO 2015


WEATHER ITEM   OBSERVED TIME   RECORD YEAR NORMAL DEPARTURE LAST
                VALUE   (LST)  VALUE       VALUE  FROM      YEAR
                                                  NORMAL
..................................................................
TEMPERATURE (F)
 YESTERDAY
  MAXIMUM         33    137 PM  73    1939  45    -12       29
  MINIMUM         25   1131 PM   5    1965  30     -5       16
                                      1940
                                      1888
  AVERAGE         29                        37     -8       23

PRECIPITATION (IN)
  YESTERDAY        0.11          0.82 1913   0.08   0.03     0.00
  MONTH TO DATE    0.42                      1.56  -1.14     0.50
  SINCE MAR 1      0.42                      1.56  -1.14     0.50
  SINCE JAN 1      2.14                      4.97  -2.83     3.24

SNOWFALL (IN)
  YESTERDAY        1.0           6.6  1956   0.2    0.8      0.0
  MONTH TO DATE    4.4                       5.9   -1.5      5.8
  SINCE MAR 1      4.4                       5.9   -1.5      5.8
  SINCE JUL 1     42.5                      43.7   -1.2     62.6
  SNOW DEPTH       T

DEGREE DAYS
 HEATING
  YESTERDAY       36                        28      8       42
  MONTH TO DATE  689                       721    -32      865
  SINCE MAR 1    689                       721    -32      865
  SINCE JUL 1   6021                      5701    320     6521

 COOLING
  YESTERDAY        0                         0      0        0
  MONTH TO DATE    0                         0      0        0
  SINCE MAR 1      0                         0      0        0
  SINCE JAN 1      0                         0      0        0
..................................................................


WIND (MPH)
  HIGHEST WIND SPEED    18   HIGHEST WIND DIRECTION     E (80)
  HIGHEST GUST SPEED    22   HIGHEST GUST DIRECTION     E (70)
  AVERAGE WIND SPEED     9.2


SKY COVER
  POSSIBLE SUNSHINE  MM
  AVERAGE SKY COVER 0.7


WEATHER CONDITIONS
 THE FOLLOWING WEATHER WAS RECORDED YESTERDAY.
  SNOW
  LIGHT SNOW
  FOG
  HAZE


RELATIVE HUMIDITY (PERCENT)
 HIGHEST    85           900 AM
 LOWEST     49           100 AM
 AVERAGE    67

..........................................................


THE MILWAUKEE WI CLIMATE NORMALS FOR TODAY
                         NORMAL    RECORD    YEAR
 MAXIMUM TEMPERATURE (F)   45        76      1939
                                             1910
 MINIMUM TEMPERATURE (F)   30         1      1974


SUNRISE AND SUNSET
MARCH 24 2015.........SUNRISE   648 AM CDT   SUNSET   708 PM CDT
MARCH 25 2015.........SUNRISE   646 AM CDT   SUNSET   709 PM CDT


-  INDICATES NEGATIVE NUMBERS.
R  INDICATES RECORD WAS SET OR TIED.
MM INDICATES DATA IS MISSING.
T  INDICATES TRACE AMOUNT.




$$
