000
CDUS43 KMKX 262042
CLIMKE


CLIMATE REPORT
NATIONAL WEATHER SERVICE IN MILWAUKEE
342 PM CDT FRI JUN 26 2015


...................................

...THE MILWAUKEE WI CLIMATE SUMMARY FOR JUNE 26 2015...
VALID TODAY AS OF 0300 PM LOCAL TIME.

CLIMATE NORMAL PERIOD 1981 TO 2010
CLIMATE RECORD PERIOD 1871 TO 2015


WEATHER ITEM   OBSERVED TIME   RECORD YEAR NORMAL DEPARTURE LAST
                VALUE   (LST)  VALUE       VALUE  FROM      YEAR
                                                  NORMAL
..................................................................
TEMPERATURE (F)
 TODAY
  MAXIMUM         64    159 PM  97    1931  79    -15       68
  MINIMUM         55    432 AM  46    1884  61     -6       53
  AVERAGE         60                        70    -10       61

PRECIPITATION (IN)
  TODAY            0.00          2.03 1968   0.13  -0.13     0.00
  MONTH TO DATE    2.49                      3.37  -0.88     5.34
  SINCE JUN 1      2.49                      3.37  -0.88     5.34
  SINCE JAN 1     12.69                     16.01  -3.32    16.29

SNOWFALL (IN)
  TODAY            0.0           0.0    MM   0.0    0.0      0.0
  MONTH TO DATE    0.0                       0.0    0.0      0.0
  SINCE JUN 1      0.0                       0.0    0.0      0.0
  SINCE JUL 1     43.0                      46.9   -3.9     63.4
  SNOW DEPTH       0

DEGREE DAYS
 HEATING
  TODAY            5                         1      4        4
  MONTH TO DATE   99                        80     19       73
  SINCE JUN 1     99                        80     19       73
  SINCE JUL 1   7194                      6890    304     7741

 COOLING
  TODAY            0                         6     -6        0
  MONTH TO DATE   71                        95    -24       58
  SINCE JUN 1     71                        95    -24       58
  SINCE JAN 1     97                       125    -28       76
..................................................................


WIND (MPH)
  HIGHEST WIND SPEED    18   HIGHEST WIND DIRECTION     N (20)
  HIGHEST GUST SPEED    22   HIGHEST GUST DIRECTION     N (10)
  AVERAGE WIND SPEED     9.1


SKY COVER
  POSSIBLE SUNSHINE  MM
  AVERAGE SKY COVER 0.8


WEATHER CONDITIONS
 THE FOLLOWING WEATHER WAS RECORDED TODAY.
  FOG


RELATIVE HUMIDITY (PERCENT)
 HIGHEST   100           600 AM
 LOWEST     72           100 PM
 AVERAGE    86

..........................................................


THE MILWAUKEE WI CLIMATE NORMALS FOR TOMORROW
                         NORMAL    RECORD    YEAR
 MAXIMUM TEMPERATURE (F)   79       101      1933
 MINIMUM TEMPERATURE (F)   61        47      1981


SUNRISE AND SUNSET
JUNE 26 2015..........SUNRISE   514 AM CDT   SUNSET   835 PM CDT
JUNE 27 2015..........SUNRISE   514 AM CDT   SUNSET   835 PM CDT


-  INDICATES NEGATIVE NUMBERS.
R  INDICATES RECORD WAS SET OR TIED.
MM INDICATES DATA IS MISSING.
T  INDICATES TRACE AMOUNT.




$$
