000
CDUS43 KMKX 200648
CLIMKE


CLIMATE REPORT
NATIONAL WEATHER SERVICE IN MILWAUKEE
148 AM CDT WED MAY 20 2015


...................................

...THE MILWAUKEE WI CLIMATE SUMMARY FOR MAY 19 2015...

CLIMATE NORMAL PERIOD 1981 TO 2010
CLIMATE RECORD PERIOD 1871 TO 2015


WEATHER ITEM   OBSERVED TIME   RECORD YEAR NORMAL DEPARTURE LAST
                VALUE   (LST)  VALUE       VALUE  FROM      YEAR
                                                  NORMAL
..................................................................
TEMPERATURE (F)
 YESTERDAY
  MAXIMUM         51    339 PM  92    1975  66    -15       65
  MINIMUM         37   1159 PM  34    1929  47    -10       48
  AVERAGE         44                        57    -13       57

PRECIPITATION (IN)
  YESTERDAY        0.00          2.58 1933   0.11  -0.11     0.14
  MONTH TO DATE    1.13                      2.00  -0.87     2.03
  SINCE MAR 1      7.18                      7.83  -0.65     7.41
  SINCE JAN 1      8.90                     11.24  -2.34    10.15

SNOWFALL (IN)
  YESTERDAY        0.0           T    1924   0.0    0.0      0.0
  MONTH TO DATE    0.0                       0.1   -0.1      0.0
  SINCE MAR 1      4.9                       9.1   -4.2      6.6
  SINCE JUL 1     43.0                      46.9   -3.9     63.4
  SNOW DEPTH       0

DEGREE DAYS
 HEATING
  YESTERDAY       21                         9     12        8
  MONTH TO DATE  183                       223    -40      225
  SINCE MAR 1   1682                      1740    -58     1959
  SINCE JUL 1   7014                      6720    294     7615

 COOLING
  YESTERDAY        0                         1     -1        0
  MONTH TO DATE   11                         9      2        2
  SINCE MAR 1     11                        14     -3        2
  SINCE JAN 1     11                        14     -3        2
..................................................................


WIND (MPH)
  HIGHEST WIND SPEED    20   HIGHEST WIND DIRECTION     W (290)
  HIGHEST GUST SPEED    28   HIGHEST GUST DIRECTION    NW (300)
  AVERAGE WIND SPEED     9.9


SKY COVER
  POSSIBLE SUNSHINE  MM
  AVERAGE SKY COVER 0.8


WEATHER CONDITIONS
 THE FOLLOWING WEATHER WAS RECORDED YESTERDAY.
  NO SIGNIFICANT WEATHER WAS OBSERVED.


RELATIVE HUMIDITY (PERCENT)
 HIGHEST    76           800 PM
 LOWEST     48           300 PM
 AVERAGE    62

..........................................................


THE MILWAUKEE WI CLIMATE NORMALS FOR TODAY
                         NORMAL    RECORD    YEAR
 MAXIMUM TEMPERATURE (F)   66        92      1934
 MINIMUM TEMPERATURE (F)   48        34      1895
                                             1883


SUNRISE AND SUNSET
MAY 20 2015...........SUNRISE   524 AM CDT   SUNSET   813 PM CDT
MAY 21 2015...........SUNRISE   523 AM CDT   SUNSET   814 PM CDT


-  INDICATES NEGATIVE NUMBERS.
R  INDICATES RECORD WAS SET OR TIED.
MM INDICATES DATA IS MISSING.
T  INDICATES TRACE AMOUNT.




$$
