000
CDUS43 KMKX 300727
CLIMKE


CLIMATE REPORT
NATIONAL WEATHER SERVICE IN MILWAUKEE
127 AM CST THU NOV 30 2017


...................................

...THE MILWAUKEE WI CLIMATE SUMMARY FOR NOVEMBER 29 2017...

CLIMATE NORMAL PERIOD 1981 TO 2010
CLIMATE RECORD PERIOD 1871 TO 2017


WEATHER ITEM   OBSERVED TIME   RECORD YEAR NORMAL DEPARTURE LAST
                VALUE   (LST)  VALUE       VALUE  FROM      YEAR
                                                  NORMAL
..................................................................
TEMPERATURE (F)
 YESTERDAY
  MAXIMUM         45   1207 AM  66    1998  39      6       54
  MINIMUM         33    722 AM -14    1875  26      7       40
  AVERAGE         39                        32      7       47

PRECIPITATION (IN)
  YESTERDAY        T             1.03 1991   0.08  -0.08     0.00
  MONTH TO DATE    1.37                      2.62  -1.25     1.81
  SINCE SEP 1      6.31                      8.45  -2.14     9.67
  SINCE JAN 1     33.63                     32.63   1.00    27.33

SNOWFALL (IN)
  YESTERDAY       MM             3.3  1971   0.2   MM        0.0
  MONTH TO DATE    0.2                       2.2   -2.0       T
  SINCE SEP 1      0.2                       2.5   -2.3       T
  SINCE JUL 1      0.2                       2.5   -2.3       T
  SNOW DEPTH       0

DEGREE DAYS
 HEATING
  YESTERDAY       26                        33     -7       18
  MONTH TO DATE  751                       749      2      501
  SINCE SEP 1   1077                      1308   -231      801
  SINCE JUL 1   1086                      1334   -248      803

 COOLING
  YESTERDAY        0                         0      0        0
  MONTH TO DATE    0                         0      0        3
  SINCE SEP 1    162                        76     86      155
  SINCE JAN 1    772                       641    131      991
..................................................................


WIND (MPH)
  HIGHEST WIND SPEED    16   HIGHEST WIND DIRECTION    NE (30)
  HIGHEST GUST SPEED    24   HIGHEST GUST DIRECTION     W (290)
  AVERAGE WIND SPEED     7.6


SKY COVER
  POSSIBLE SUNSHINE  MM
  AVERAGE SKY COVER 0.2


WEATHER CONDITIONS
 THE FOLLOWING WEATHER WAS RECORDED YESTERDAY.
  LIGHT RAIN


RELATIVE HUMIDITY (PERCENT)
 HIGHEST    85           800 PM
 LOWEST     31          1200 AM
 AVERAGE    58

..........................................................


THE MILWAUKEE WI CLIMATE NORMALS FOR TODAY
                         NORMAL    RECORD    YEAR
 MAXIMUM TEMPERATURE (F)   39        63      1998
 MINIMUM TEMPERATURE (F)   26        -4      1947


SUNRISE AND SUNSET
NOVEMBER 30 2017......SUNRISE   702 AM CST   SUNSET   418 PM CST
DECEMBER  1 2017......SUNRISE   703 AM CST   SUNSET   418 PM CST


-  INDICATES NEGATIVE NUMBERS.
R  INDICATES RECORD WAS SET OR TIED.
MM INDICATES DATA IS MISSING.
T  INDICATES TRACE AMOUNT.




$$
