000
CDUS43 KMKX 240047
CLIMKE


CLIMATE REPORT
NATIONAL WEATHER SERVICE IN MILWAUKEE
746 PM CDT SAT MAY 23 2015


...................................

...THE MILWAUKEE WI CLIMATE SUMMARY FOR MAY 23 2015...
VALID TODAY AS OF 0700 PM LOCAL TIME.

CLIMATE NORMAL PERIOD 1981 TO 2010
CLIMATE RECORD PERIOD 1871 TO 2015


WEATHER ITEM   OBSERVED TIME   RECORD YEAR NORMAL DEPARTURE LAST
                VALUE   (LST)  VALUE       VALUE  FROM      YEAR
                                                  NORMAL
..................................................................
TEMPERATURE (F)
 TODAY
  MAXIMUM         74   1233 PM  87    1977  67      7       62
                                      1964
                                      1921
  MINIMUM         45    435 AM  30    1963  49     -4       44
                                      1961
  AVERAGE         60                        58      2       53

PRECIPITATION (IN)
  TODAY            0.00          1.40 1965   0.12  -0.12     0.00
  MONTH TO DATE    1.13                      2.47  -1.34     2.03
  SINCE MAR 1      7.18                      8.30  -1.12     7.41
  SINCE JAN 1      8.90                     11.71  -2.81    10.15

SNOWFALL (IN)
  TODAY            0.0           0.0    MM   0.0    0.0      0.0
  MONTH TO DATE    0.0                       0.1   -0.1      0.0
  SINCE MAR 1      4.9                       9.1   -4.2      6.6
  SINCE JUL 1     43.0                      46.9   -3.9     63.4
  SNOW DEPTH       0

DEGREE DAYS
 HEATING
  TODAY            5                         8     -3       12
  MONTH TO DATE  231                       258    -27      246
  SINCE MAR 1   1730                      1775    -45     1980
  SINCE JUL 1   7062                      6755    307     7636

 COOLING
  TODAY            0                         1     -1        0
  MONTH TO DATE   11                        13     -2        7
  SINCE MAR 1     11                        18     -7        7
  SINCE JAN 1     11                        18     -7        7
..................................................................


WIND (MPH)
  HIGHEST WIND SPEED    21   HIGHEST WIND DIRECTION    SE (140)
  HIGHEST GUST SPEED    24   HIGHEST GUST DIRECTION    SE (140)
  AVERAGE WIND SPEED    10.1


SKY COVER
  POSSIBLE SUNSHINE  MM
  AVERAGE SKY COVER 0.3


WEATHER CONDITIONS
 THE FOLLOWING WEATHER WAS RECORDED TODAY.
  NO SIGNIFICANT WEATHER WAS OBSERVED.


RELATIVE HUMIDITY (PERCENT)
 HIGHEST    53           500 AM
 LOWEST     26           900 AM
 AVERAGE    40

..........................................................


THE MILWAUKEE WI CLIMATE NORMALS FOR TOMORROW
                         NORMAL    RECORD    YEAR
 MAXIMUM TEMPERATURE (F)   68        90      1950
 MINIMUM TEMPERATURE (F)   49        34      1963
                                             1958
                                             1925


SUNRISE AND SUNSET
MAY 23 2015...........SUNRISE   521 AM CDT   SUNSET   816 PM CDT
MAY 24 2015...........SUNRISE   521 AM CDT   SUNSET   817 PM CDT


-  INDICATES NEGATIVE NUMBERS.
R  INDICATES RECORD WAS SET OR TIED.
MM INDICATES DATA IS MISSING.
T  INDICATES TRACE AMOUNT.




$$
