000
CDUS43 KMKX 062226
CLIMKE


CLIMATE REPORT
NATIONAL WEATHER SERVICE IN MILWAUKEE
421 PM CST TUE FEB 6 2018


...................................

...THE MILWAUKEE WI CLIMATE SUMMARY FOR FEBRUARY 6 2018...
VALID TODAY AS OF 0400 PM LOCAL TIME.

CLIMATE NORMAL PERIOD 1981 TO 2010
CLIMATE RECORD PERIOD 1871 TO 2018


WEATHER ITEM   OBSERVED TIME   RECORD YEAR NORMAL DEPARTURE LAST
                VALUE   (LST)  VALUE       VALUE  FROM      YEAR
                                                  NORMAL
..................................................................
TEMPERATURE (F)
 TODAY
  MAXIMUM         20    250 PM  53    1925  30    -10       42
  MINIMUM          8    820 AM -14    1982  17     -9       19
  AVERAGE         14                        24    -10       31

PRECIPITATION (IN)
  TODAY            T             0.81 1895   0.05  -0.05     0.00
  MONTH TO DATE    0.48                      0.32   0.16     0.02
  SINCE DEC 1      2.56                      4.12  -1.56     4.11
  SINCE JAN 1      2.10                      2.08   0.02     2.18

SNOWFALL (IN)
  TODAY            T            11.6  2008   0.4   -0.4      0.0
  MONTH TO DATE    5.5                       2.3    3.2      0.4
  SINCE DEC 1     21.5                      27.6   -6.1     23.3
  SINCE JUL 1     21.7                      30.3   -8.6     23.3
  SNOW DEPTH       3

DEGREE DAYS
 HEATING
  TODAY           51                        41     10       34
  MONTH TO DATE  291                       250     41      245
  SINCE DEC 1   2741                      2770    -29     2595
  SINCE JUL 1   3846                      4135   -289     3425

 COOLING
  TODAY            0                         0      0        0
  MONTH TO DATE    0                         0      0        0
  SINCE DEC 1      0                         0      0        0
  SINCE JAN 1      0                         0      0        0
..................................................................


WIND (MPH)
  HIGHEST WIND SPEED    13   HIGHEST WIND DIRECTION    NW (300)
  HIGHEST GUST SPEED    17   HIGHEST GUST DIRECTION     W (290)
  AVERAGE WIND SPEED     5.5


SKY COVER
  POSSIBLE SUNSHINE  MM
  AVERAGE SKY COVER 0.5


WEATHER CONDITIONS
 THE FOLLOWING WEATHER WAS RECORDED TODAY.
  LIGHT SNOW


RELATIVE HUMIDITY (PERCENT)
 HIGHEST    80           600 AM
 LOWEST     43           300 PM
 AVERAGE    62

..........................................................


THE MILWAUKEE WI CLIMATE NORMALS FOR TOMORROW
                         NORMAL    RECORD    YEAR
 MAXIMUM TEMPERATURE (F)   31        53      2009
 MINIMUM TEMPERATURE (F)   17       -20      1875


SUNRISE AND SUNSET
FEBRUARY  6 2018......SUNRISE   701 AM CST   SUNSET   511 PM CST
FEBRUARY  7 2018......SUNRISE   700 AM CST   SUNSET   512 PM CST


-  INDICATES NEGATIVE NUMBERS.
R  INDICATES RECORD WAS SET OR TIED.
MM INDICATES DATA IS MISSING.
T  INDICATES TRACE AMOUNT.




$$
