000
CDUS43 KMKX 182101
CLIMKE


CLIMATE REPORT
NATIONAL WEATHER SERVICE IN MILWAUKEE
400 PM CDT MON AUG 18 2014


...................................

...THE MILWAUKEE WI CLIMATE SUMMARY FOR AUGUST 18 2014...
VALID TODAY AS OF 0400 PM LOCAL TIME.

CLIMATE NORMAL PERIOD 1981 TO 2010
CLIMATE RECORD PERIOD 1871 TO 2014


WEATHER ITEM   OBSERVED TIME   RECORD YEAR NORMAL DEPARTURE LAST
                VALUE   (LST)  VALUE       VALUE  FROM      YEAR
                                                  NORMAL
..................................................................
TEMPERATURE (F)
 TODAY
  MAXIMUM         79    132 PM  97    1947  79      0       78
  MINIMUM         60    448 AM  44    1963  63     -3       57
                                      1962
  AVERAGE         70                        71     -1       68

PRECIPITATION (IN)
  TODAY            0.00          2.45 1990   0.14  -0.14     0.00
  MONTH TO DATE    2.13                      2.41  -0.28     1.60
  SINCE JUN 1     10.78                      9.98   0.80     8.95
  SINCE JAN 1     21.73                     22.62  -0.89    28.46

SNOWFALL (IN)
  TODAY            0.0           0.0    MM   0.0    0.0      0.0
  MONTH TO DATE    0.0                       0.0    0.0      0.0
  SINCE JUN 1      0.0                       0.0    0.0      0.0
  SINCE JUL 1      0.0                       0.0    0.0      0.0
  SNOW DEPTH       0

DEGREE DAYS
 HEATING
  TODAY            0                         0      0        0
  MONTH TO DATE    5                         0      5        8
  SINCE JUN 1    100                        95      5      109
  SINCE JUL 1     26                        11     15       22

 COOLING
  TODAY            5                         6     -1        3
  MONTH TO DATE   67                       122    -55       64
  SINCE JUN 1    284                       464   -180      404
  SINCE JAN 1    302                       494   -192      443
..................................................................


WIND (MPH)
  HIGHEST WIND SPEED    12   HIGHEST WIND DIRECTION    SE (140)
  HIGHEST GUST SPEED    14   HIGHEST GUST DIRECTION    SE (150)
  AVERAGE WIND SPEED     3.9


SKY COVER
  POSSIBLE SUNSHINE  MM
  AVERAGE SKY COVER 0.8


WEATHER CONDITIONS
 THE FOLLOWING WEATHER WAS RECORDED TODAY.
  NO SIGNIFICANT WEATHER WAS OBSERVED.


RELATIVE HUMIDITY (PERCENT)
 HIGHEST    90          1200 AM
 LOWEST     67           200 PM
 AVERAGE    79

..........................................................


THE MILWAUKEE WI CLIMATE NORMALS FOR TOMORROW
                         NORMAL    RECORD    YEAR
 MAXIMUM TEMPERATURE (F)   78        98      1983
                                             1955
 MINIMUM TEMPERATURE (F)   63        50      1977


SUNRISE AND SUNSET
AUGUST 18 2014........SUNRISE   601 AM CDT   SUNSET   749 PM CDT
AUGUST 19 2014........SUNRISE   602 AM CDT   SUNSET   748 PM CDT


-  INDICATES NEGATIVE NUMBERS.
R  INDICATES RECORD WAS SET OR TIED.
MM INDICATES DATA IS MISSING.
T  INDICATES TRACE AMOUNT.




$$
