000
CDUS43 KMKX 110024
CLIMKE


CLIMATE REPORT
NATIONAL WEATHER SERVICE IN MILWAUKEE
724 PM CDT SAT JUN 10 2017


...................................

...THE MILWAUKEE WI CLIMATE SUMMARY FOR JUNE 10 2017...
VALID TODAY AS OF 0700 PM LOCAL TIME.

CLIMATE NORMAL PERIOD 1981 TO 2010
CLIMATE RECORD PERIOD 1871 TO 2017


WEATHER ITEM   OBSERVED TIME   RECORD YEAR NORMAL DEPARTURE LAST
                VALUE   (LST)  VALUE       VALUE  FROM      YEAR
                                                  NORMAL
..................................................................
TEMPERATURE (F)
 TODAY
  MAXIMUM         90    259 PM  97    1911  74     16       91
  MINIMUM         59    258 AM  39    1977  55      4       61
  AVERAGE         75                        64     11       76

PRECIPITATION (IN)
  TODAY            0.00          2.14 1893   0.13  -0.13     0.06
  MONTH TO DATE    0.58                      1.28  -0.70     0.45
  SINCE JUN 1      0.58                      1.28  -0.70     0.45
  SINCE JAN 1     17.37                     13.92   3.45     9.27

SNOWFALL (IN)
  TODAY            0.0           0.0    MM   0.0    0.0      0.0
  MONTH TO DATE    0.0                       0.0    0.0      0.0
  SINCE JUN 1      0.0                       0.0    0.0      0.0
  SINCE JUL 1     37.6                      46.9   -9.3     39.1
  SNOW DEPTH       0

DEGREE DAYS
 HEATING
  TODAY            0                         4     -4        0
  MONTH TO DATE    9                        47    -38       19
  SINCE JUN 1      9                        47    -38       19
  SINCE JUL 1   5629                      6857  -1228     5899

 COOLING
  TODAY           10                         3      7       11
  MONTH TO DATE   42                        23     19       32
  SINCE JUN 1     42                        23     19       32
  SINCE JAN 1     63                        53     10       77
..................................................................


WIND (MPH)
  HIGHEST WIND SPEED    31   HIGHEST WIND DIRECTION     S (200)
  HIGHEST GUST SPEED    41   HIGHEST GUST DIRECTION     S (200)
  AVERAGE WIND SPEED    13.8


SKY COVER
  POSSIBLE SUNSHINE  MM
  AVERAGE SKY COVER 0.5


WEATHER CONDITIONS
 THE FOLLOWING WEATHER WAS RECORDED TODAY.
  NO SIGNIFICANT WEATHER WAS OBSERVED.


RELATIVE HUMIDITY (PERCENT)
 HIGHEST    80           300 AM
 LOWEST     32           100 PM
 AVERAGE    56

..........................................................


THE MILWAUKEE WI CLIMATE NORMALS FOR TOMORROW
                         NORMAL    RECORD    YEAR
 MAXIMUM TEMPERATURE (F)   74        95      1933
 MINIMUM TEMPERATURE (F)   56        39      1966


SUNRISE AND SUNSET
JUNE 10 2017..........SUNRISE   512 AM CDT   SUNSET   830 PM CDT
JUNE 11 2017..........SUNRISE   512 AM CDT   SUNSET   831 PM CDT


-  INDICATES NEGATIVE NUMBERS.
R  INDICATES RECORD WAS SET OR TIED.
MM INDICATES DATA IS MISSING.
T  INDICATES TRACE AMOUNT.




$$
