000
CDUS43 KMKX 140641
CLIMKE


CLIMATE REPORT
NATIONAL WEATHER SERVICE IN MILWAUKEE
1240 AM CST SAT JAN 14 2017


...................................

...THE MILWAUKEE WI CLIMATE SUMMARY FOR JANUARY 13 2017...

CLIMATE NORMAL PERIOD 1981 TO 2010
CLIMATE RECORD PERIOD 1871 TO 2017


WEATHER ITEM   OBSERVED TIME   RECORD YEAR NORMAL DEPARTURE LAST
                VALUE   (LST)  VALUE       VALUE  FROM      YEAR
                                                  NORMAL
..................................................................
TEMPERATURE (F)
 YESTERDAY
  MAXIMUM         26    912 PM  55    1961  29     -3       19
  MINIMUM         10    754 AM -18    1929  15     -5       -1
  AVERAGE         18                        22     -4        9

PRECIPITATION (IN)
  YESTERDAY        T             1.32 1979   0.06  -0.06     0.02
  MONTH TO DATE    0.55                      0.78  -0.23     0.36
  SINCE DEC 1      2.48                      2.82  -0.34     4.18
  SINCE JAN 1      0.55                      0.78  -0.23     0.36

SNOWFALL (IN)
  YESTERDAY        T            12.4  1979   0.6   -0.6      0.6
  MONTH TO DATE    1.0                       6.3   -5.3      4.1
  SINCE DEC 1     19.8                      16.9    2.9     13.7
  SINCE JUL 1     19.8                      19.6    0.2     20.6
  SNOW DEPTH       0

DEGREE DAYS
 HEATING
  YESTERDAY       47                        43      4       56
  MONTH TO DATE  579                       554     25      554
  SINCE DEC 1   1786                      1749     37     1393
  SINCE JUL 1   2616                      3114   -498     2432

 COOLING
  YESTERDAY        0                         0      0        0
  MONTH TO DATE    0                         0      0        0
  SINCE DEC 1      0                         0      0        0
  SINCE JAN 1      0                         0      0        0
..................................................................


WIND (MPH)
  HIGHEST WIND SPEED    17   HIGHEST WIND DIRECTION    NW (310)
  HIGHEST GUST SPEED    24   HIGHEST GUST DIRECTION    NW (310)
  AVERAGE WIND SPEED     7.0


SKY COVER
  POSSIBLE SUNSHINE  MM
  AVERAGE SKY COVER 0.9


WEATHER CONDITIONS
 THE FOLLOWING WEATHER WAS RECORDED YESTERDAY.
  LIGHT SNOW


RELATIVE HUMIDITY (PERCENT)
 HIGHEST    81           700 PM
 LOWEST     49           100 AM
 AVERAGE    65

..........................................................


THE MILWAUKEE WI CLIMATE NORMALS FOR TODAY
                         NORMAL    RECORD    YEAR
 MAXIMUM TEMPERATURE (F)   29        52      1928
 MINIMUM TEMPERATURE (F)   15       -19      1881


SUNRISE AND SUNSET
JANUARY 14 2017.......SUNRISE   720 AM CST   SUNSET   442 PM CST
JANUARY 15 2017.......SUNRISE   720 AM CST   SUNSET   443 PM CST


-  INDICATES NEGATIVE NUMBERS.
R  INDICATES RECORD WAS SET OR TIED.
MM INDICATES DATA IS MISSING.
T  INDICATES TRACE AMOUNT.




$$
