000
CDUS43 KMKX 100655
CLIMKE


CLIMATE REPORT
NATIONAL WEATHER SERVICE IN MILWAUKEE
1254 AM CST FRI MAR 10 2017


...................................

...THE MILWAUKEE WI CLIMATE SUMMARY FOR MARCH 9 2017...

CLIMATE NORMAL PERIOD 1981 TO 2010
CLIMATE RECORD PERIOD 1871 TO 2017


WEATHER ITEM   OBSERVED TIME   RECORD YEAR NORMAL DEPARTURE LAST
                VALUE   (LST)  VALUE       VALUE  FROM      YEAR
                                                  NORMAL
..................................................................
TEMPERATURE (F)
 YESTERDAY
  MAXIMUM         40    146 PM  67    2016  40      0       67
  MINIMUM         32   1159 PM   0    1975  26      6       44
  AVERAGE         36                        33      3       56

PRECIPITATION (IN)
  YESTERDAY        0.00          0.82 1992   0.07  -0.07     0.09
  MONTH TO DATE    0.48                      0.58  -0.10     0.34
  SINCE MAR 1      0.48                      0.58  -0.10     0.34
  SINCE JAN 1      4.49                      3.99   0.50     1.65

SNOWFALL (IN)
  YESTERDAY        0.0           5.7  1999   0.4   -0.4      0.0
  MONTH TO DATE    2.3                       2.9   -0.6      4.2
  SINCE MAR 1      2.3                       2.9   -0.6      4.2
  SINCE JUL 1     26.3                      40.7  -14.4     33.3
  SNOW DEPTH       0

DEGREE DAYS
 HEATING
  YESTERDAY       29                        32     -3        9
  MONTH TO DATE  234                       303    -69      245
  SINCE MAR 1    234                       303    -69      245
  SINCE JUL 1   4233                      5283  -1050     4464

 COOLING
  YESTERDAY        0                         0      0        0
  MONTH TO DATE    0                         0      0        0
  SINCE MAR 1      0                         0      0        0
  SINCE JAN 1      0                         0      0        0
..................................................................


WIND (MPH)
  HIGHEST WIND SPEED    18   HIGHEST WIND DIRECTION    NW (330)
  HIGHEST GUST SPEED    24   HIGHEST GUST DIRECTION    NW (320)
  AVERAGE WIND SPEED     6.5


SKY COVER
  POSSIBLE SUNSHINE  MM
  AVERAGE SKY COVER 0.9


WEATHER CONDITIONS
 THE FOLLOWING WEATHER WAS RECORDED YESTERDAY.
  NO SIGNIFICANT WEATHER WAS OBSERVED.


RELATIVE HUMIDITY (PERCENT)
 HIGHEST    56           700 PM
 LOWEST     35          1000 PM
 AVERAGE    46

..........................................................


THE MILWAUKEE WI CLIMATE NORMALS FOR TODAY
                         NORMAL    RECORD    YEAR
 MAXIMUM TEMPERATURE (F)   40        68      1879
 MINIMUM TEMPERATURE (F)   26        -3      1877


SUNRISE AND SUNSET
MARCH 10 2017.........SUNRISE   612 AM CST   SUNSET   552 PM CST
MARCH 11 2017.........SUNRISE   610 AM CST   SUNSET   554 PM CST


-  INDICATES NEGATIVE NUMBERS.
R  INDICATES RECORD WAS SET OR TIED.
MM INDICATES DATA IS MISSING.
T  INDICATES TRACE AMOUNT.




$$
