000
CDUS43 KMKX 010647
CLIMKE


CLIMATE REPORT
NATIONAL WEATHER SERVICE IN MILWAUKEE
146 AM CDT SUN OCT 1 2017


...................................

...THE MILWAUKEE WI CLIMATE SUMMARY FOR SEPTEMBER 30 2017...

CLIMATE NORMAL PERIOD 1981 TO 2010
CLIMATE RECORD PERIOD 1871 TO 2017


WEATHER ITEM   OBSERVED TIME   RECORD YEAR NORMAL DEPARTURE LAST
                VALUE   (LST)  VALUE       VALUE  FROM      YEAR
                                                  NORMAL
..................................................................
TEMPERATURE (F)
 YESTERDAY
  MAXIMUM         63    145 PM  88    1971  65     -2       64
                                      1897
  MINIMUM         49   1026 PM  30    1899  49      0       59
  AVERAGE         56                        57     -1       62

PRECIPITATION (IN)
  YESTERDAY        0.00          2.36 1893   0.10  -0.10     0.57
  MONTH TO DATE    0.85                      3.18  -2.33     4.30
  SINCE SEP 1      0.85                      3.18  -2.33     4.30
  SINCE JAN 1     28.17                     27.36   0.81    21.96

SNOWFALL (IN)
  YESTERDAY        0.0           0.0    MM   0.0    0.0      0.0
  MONTH TO DATE    0.0                       0.0    0.0      0.0
  SINCE SEP 1      0.0                       0.0    0.0      0.0
  SINCE JUL 1      0.0                       0.0    0.0      0.0
  SNOW DEPTH       0

DEGREE DAYS
 HEATING
  YESTERDAY        9                         9      0        3
  MONTH TO DATE   63                       126    -63       25
  SINCE SEP 1     63                       126    -63       25
  SINCE JUL 1     72                       152    -80       27

 COOLING
  YESTERDAY        0                         1     -1        0
  MONTH TO DATE  135                        69     66      141
  SINCE SEP 1    135                        69     66      141
  SINCE JAN 1    745                       634    111      977
..................................................................


WIND (MPH)
  HIGHEST WIND SPEED    15   HIGHEST WIND DIRECTION    NE (50)
  HIGHEST GUST SPEED    19   HIGHEST GUST DIRECTION    NE (50)
  AVERAGE WIND SPEED     6.0


SKY COVER
  POSSIBLE SUNSHINE  MM
  AVERAGE SKY COVER 0.4


WEATHER CONDITIONS
 THE FOLLOWING WEATHER WAS RECORDED YESTERDAY.
  NO SIGNIFICANT WEATHER WAS OBSERVED.


RELATIVE HUMIDITY (PERCENT)
 HIGHEST    77           600 AM
 LOWEST     56           900 AM
 AVERAGE    67

..........................................................


THE MILWAUKEE WI CLIMATE NORMALS FOR TODAY
                         NORMAL    RECORD    YEAR
 MAXIMUM TEMPERATURE (F)   65        86      1971
 MINIMUM TEMPERATURE (F)   48        32      1958
                                             1947
                                             1886


SUNRISE AND SUNSET
OCTOBER  1 2017.......SUNRISE   649 AM CDT   SUNSET   632 PM CDT
OCTOBER  2 2017.......SUNRISE   650 AM CDT   SUNSET   631 PM CDT


-  INDICATES NEGATIVE NUMBERS.
R  INDICATES RECORD WAS SET OR TIED.
MM INDICATES DATA IS MISSING.
T  INDICATES TRACE AMOUNT.




$$
