000
CDUS43 KMKX 250052
CLIMKE


CLIMATE REPORT
NATIONAL WEATHER SERVICE IN MILWAUKEE
651 PM CST THU NOV 24 2016


...................................

...THE MILWAUKEE WI CLIMATE SUMMARY FOR NOVEMBER 24 2016...
VALID TODAY AS OF 0600 PM LOCAL TIME.

CLIMATE NORMAL PERIOD 1981 TO 2010
CLIMATE RECORD PERIOD 1871 TO 2016


WEATHER ITEM   OBSERVED TIME   RECORD YEAR NORMAL DEPARTURE LAST
                VALUE   (LST)  VALUE       VALUE  FROM      YEAR
                                                  NORMAL
..................................................................
TEMPERATURE (F)
 TODAY
  MAXIMUM         43    246 PM  65    1931  42      1       42
  MINIMUM         39    841 AM  -5    1950  28     11       24
  AVERAGE         41                        35      6       33

PRECIPITATION (IN)
  TODAY            0.00          0.53 1973   0.09  -0.09     0.00
  MONTH TO DATE    0.71                      2.19  -1.48     2.55
  SINCE SEP 1      8.57                      8.02   0.55     8.89
  SINCE JAN 1     26.23                     32.20  -5.97    26.64

SNOWFALL (IN)
  TODAY            0.0           2.7  1949   0.1   -0.1      0.0
  MONTH TO DATE    T                         1.4   -1.4      6.9
  SINCE SEP 1      T                         1.7   -1.7      6.9
  SINCE JUL 1      T                         1.7   -1.7      6.9
  SNOW DEPTH       0

DEGREE DAYS
 HEATING
  TODAY           24                        30     -6       32
  MONTH TO DATE  387                       590   -203      449
  SINCE SEP 1    687                      1149   -462      833
  SINCE JUL 1    689                      1175   -486      881

 COOLING
  TODAY            0                         0      0        0
  MONTH TO DATE    3                         0      3        0
  SINCE SEP 1    155                        76     79      135
  SINCE JAN 1    991                       641    350      622
..................................................................


WIND (MPH)
  HIGHEST WIND SPEED    18   HIGHEST WIND DIRECTION     W (290)
  HIGHEST GUST SPEED    27   HIGHEST GUST DIRECTION     W (290)
  AVERAGE WIND SPEED    10.2


SKY COVER
  POSSIBLE SUNSHINE  MM
  AVERAGE SKY COVER 1.0


WEATHER CONDITIONS
 THE FOLLOWING WEATHER WAS RECORDED TODAY.
  NO SIGNIFICANT WEATHER WAS OBSERVED.


RELATIVE HUMIDITY (PERCENT)
 HIGHEST    85           300 AM
 LOWEST     70           100 PM
 AVERAGE    78

..........................................................


THE MILWAUKEE WI CLIMATE NORMALS FOR TOMORROW
                         NORMAL    RECORD    YEAR
 MAXIMUM TEMPERATURE (F)   41        63      1908
 MINIMUM TEMPERATURE (F)   28         0      1950


SUNRISE AND SUNSET
NOVEMBER 24 2016......SUNRISE   656 AM CST   SUNSET   421 PM CST
NOVEMBER 25 2016......SUNRISE   657 AM CST   SUNSET   421 PM CST


-  INDICATES NEGATIVE NUMBERS.
R  INDICATES RECORD WAS SET OR TIED.
MM INDICATES DATA IS MISSING.
T  INDICATES TRACE AMOUNT.




$$
