000
CDUS43 KMKX 090651
CLIMKE


CLIMATE REPORT
NATIONAL WEATHER SERVICE IN MILWAUKEE
151 AM CDT FRI JUN 9 2017


...................................

...THE MILWAUKEE WI CLIMATE SUMMARY FOR JUNE 8 2017...

CLIMATE NORMAL PERIOD 1981 TO 2010
CLIMATE RECORD PERIOD 1871 TO 2017


WEATHER ITEM   OBSERVED TIME   RECORD YEAR NORMAL DEPARTURE LAST
                VALUE   (LST)  VALUE       VALUE  FROM      YEAR
                                                  NORMAL
..................................................................
TEMPERATURE (F)
 YESTERDAY
  MAXIMUM         81    141 PM  93    2011  73      8       61
                                      1933
  MINIMUM         54    332 AM  39    1913  54      0       49
  AVERAGE         68                        64      4       55

PRECIPITATION (IN)
  YESTERDAY        T             2.25 2008   0.13  -0.13     0.00
  MONTH TO DATE    0.58                      1.01  -0.43     0.38
  SINCE JUN 1      0.58                      1.01  -0.43     0.38
  SINCE JAN 1     17.37                     13.65   3.72     9.20

SNOWFALL (IN)
  YESTERDAY        0.0           0.0    MM   0.0    0.0      0.0
  MONTH TO DATE    0.0                       0.0    0.0      0.0
  SINCE JUN 1      0.0                       0.0    0.0      0.0
  SINCE JUL 1     37.6                      46.9   -9.3     39.1
  SNOW DEPTH       0

DEGREE DAYS
 HEATING
  YESTERDAY        0                         4     -4       10
  MONTH TO DATE    9                        39    -30       17
  SINCE JUN 1      9                        39    -30       17
  SINCE JUL 1   5629                      6849  -1220     5897

 COOLING
  YESTERDAY        3                         3      0        0
  MONTH TO DATE   29                        17     12       21
  SINCE JUN 1     29                        17     12       21
  SINCE JAN 1     50                        47      3       66
..................................................................


WIND (MPH)
  HIGHEST WIND SPEED    14   HIGHEST WIND DIRECTION     S (170)
  HIGHEST GUST SPEED    17   HIGHEST GUST DIRECTION    SE (150)
  AVERAGE WIND SPEED     6.6


SKY COVER
  POSSIBLE SUNSHINE  MM
  AVERAGE SKY COVER 0.6


WEATHER CONDITIONS
 THE FOLLOWING WEATHER WAS RECORDED YESTERDAY.
  LIGHT RAIN


RELATIVE HUMIDITY (PERCENT)
 HIGHEST    77           400 AM
 LOWEST     30           100 PM
 AVERAGE    54

..........................................................


THE MILWAUKEE WI CLIMATE NORMALS FOR TODAY
                         NORMAL    RECORD    YEAR
 MAXIMUM TEMPERATURE (F)   73        98      1911
 MINIMUM TEMPERATURE (F)   55        40      1969


SUNRISE AND SUNSET
JUNE  9 2017..........SUNRISE   513 AM CDT   SUNSET   830 PM CDT
JUNE 10 2017..........SUNRISE   512 AM CDT   SUNSET   830 PM CDT


-  INDICATES NEGATIVE NUMBERS.
R  INDICATES RECORD WAS SET OR TIED.
MM INDICATES DATA IS MISSING.
T  INDICATES TRACE AMOUNT.




$$
