000
CDUS43 KMKX 120700
CLIMKE


CLIMATE REPORT
NATIONAL WEATHER SERVICE IN MILWAUKEE
200 AM CDT WED APR 12 2017


...................................

...THE MILWAUKEE WI CLIMATE SUMMARY FOR APRIL 11 2017...

CLIMATE NORMAL PERIOD 1981 TO 2010
CLIMATE RECORD PERIOD 1871 TO 2017


WEATHER ITEM   OBSERVED TIME   RECORD YEAR NORMAL DEPARTURE LAST
                VALUE   (LST)  VALUE       VALUE  FROM      YEAR
                                                  NORMAL
..................................................................
TEMPERATURE (F)
 YESTERDAY
  MAXIMUM         50   1202 PM  83    1977  52     -2       49
  MINIMUM         39    103 AM  17    1973  36      3       35
  AVERAGE         45                        44      1       42

PRECIPITATION (IN)
  YESTERDAY        T             1.70 1871   0.13  -0.13     0.00
  MONTH TO DATE    2.08                      1.30   0.78     1.01
  SINCE MAR 1      5.80                      3.57   2.23     4.35
  SINCE JAN 1      9.81                      6.98   2.83     5.66

SNOWFALL (IN)
  YESTERDAY       MM             7.0  2007   0.1   MM        0.0
  MONTH TO DATE    0.0                       1.2   -1.2      3.4
  SINCE MAR 1     13.6                       8.2    5.4     10.0
  SINCE JUL 1     37.6                      46.0   -8.4     39.1
  SNOW DEPTH       0

DEGREE DAYS
 HEATING
  YESTERDAY       20                        21     -1       23
  MONTH TO DATE  174                       253    -79      305
  SINCE MAR 1   1061                      1182   -121     1069
  SINCE JUL 1   5060                      6162  -1102     5288

 COOLING
  YESTERDAY        0                         0      0        0
  MONTH TO DATE    1                         0      1        0
  SINCE MAR 1      1                         0      1        0
  SINCE JAN 1      1                         0      1        0
..................................................................


WIND (MPH)
  HIGHEST WIND SPEED    15   HIGHEST WIND DIRECTION    NW (320)
  HIGHEST GUST SPEED    22   HIGHEST GUST DIRECTION     W (270)
  AVERAGE WIND SPEED     8.4


SKY COVER
  POSSIBLE SUNSHINE  MM
  AVERAGE SKY COVER 0.9


WEATHER CONDITIONS
 THE FOLLOWING WEATHER WAS RECORDED YESTERDAY.
  LIGHT RAIN
  FOG
  HAZE


RELATIVE HUMIDITY (PERCENT)
 HIGHEST    86           300 AM
 LOWEST     60           600 PM
 AVERAGE    73

..........................................................


THE MILWAUKEE WI CLIMATE NORMALS FOR TODAY
                         NORMAL    RECORD    YEAR
 MAXIMUM TEMPERATURE (F)   53        82      1977
                                             1941
 MINIMUM TEMPERATURE (F)   36        19      1939


SUNRISE AND SUNSET
APRIL 12 2017.........SUNRISE   614 AM CDT   SUNSET   731 PM CDT
APRIL 13 2017.........SUNRISE   613 AM CDT   SUNSET   732 PM CDT


-  INDICATES NEGATIVE NUMBERS.
R  INDICATES RECORD WAS SET OR TIED.
MM INDICATES DATA IS MISSING.
T  INDICATES TRACE AMOUNT.




$$
