000
CDUS43 KMKX 052240
CLIMKE


CLIMATE REPORT
NATIONAL WEATHER SERVICE IN MILWAUKEE
440 PM CST MON FEB 5 2018


...................................

...THE MILWAUKEE WI CLIMATE SUMMARY FOR FEBRUARY 5 2018...
VALID TODAY AS OF 0400 PM LOCAL TIME.

CLIMATE NORMAL PERIOD 1981 TO 2010
CLIMATE RECORD PERIOD 1871 TO 2018


WEATHER ITEM   OBSERVED TIME   RECORD YEAR NORMAL DEPARTURE LAST
                VALUE   (LST)  VALUE       VALUE  FROM      YEAR
                                                  NORMAL
..................................................................
TEMPERATURE (F)
 TODAY
  MAXIMUM         13    246 PM  53    1946  30    -17       38
  MINIMUM         -4    727 AM -17    1895  17    -21       21
  AVERAGE          5                        24    -19       30

PRECIPITATION (IN)
  TODAY            0.03          0.95 1905   0.06  -0.03     0.00
  MONTH TO DATE    0.38                      0.27   0.11     0.02
  SINCE DEC 1      2.46                      4.07  -1.61     4.11
  SINCE JAN 1      2.00                      2.03  -0.03     2.18

SNOWFALL (IN)
  TODAY           MM            14.4  1924   0.3   MM        0.0
  MONTH TO DATE    4.3                       1.9    2.4      0.4
  SINCE DEC 1     20.3                      27.2   -6.9     23.3
  SINCE JUL 1     20.5                      29.9   -9.4     23.3
  SNOW DEPTH       3

DEGREE DAYS
 HEATING
  TODAY           60                        41     19       35
  MONTH TO DATE  240                       209     31      211
  SINCE DEC 1   2690                      2729    -39     2561
  SINCE JUL 1   3795                      4094   -299     3391

 COOLING
  TODAY            0                         0      0        0
  MONTH TO DATE    0                         0      0        0
  SINCE DEC 1      0                         0      0        0
  SINCE JAN 1      0                         0      0        0
..................................................................


WIND (MPH)
  HIGHEST WIND SPEED    16   HIGHEST WIND DIRECTION     W (250)
  HIGHEST GUST SPEED    23   HIGHEST GUST DIRECTION    SW (230)
  AVERAGE WIND SPEED     9.1


SKY COVER
  POSSIBLE SUNSHINE  MM
  AVERAGE SKY COVER 0.5


WEATHER CONDITIONS
 THE FOLLOWING WEATHER WAS RECORDED TODAY.
  LIGHT SNOW


RELATIVE HUMIDITY (PERCENT)
 HIGHEST    83           400 PM
 LOWEST     53           200 PM
 AVERAGE    68

..........................................................


THE MILWAUKEE WI CLIMATE NORMALS FOR TOMORROW
                         NORMAL    RECORD    YEAR
 MAXIMUM TEMPERATURE (F)   30        53      1925
 MINIMUM TEMPERATURE (F)   17       -14      1982


SUNRISE AND SUNSET
FEBRUARY  5 2018......SUNRISE   702 AM CST   SUNSET   510 PM CST
FEBRUARY  6 2018......SUNRISE   701 AM CST   SUNSET   511 PM CST


-  INDICATES NEGATIVE NUMBERS.
R  INDICATES RECORD WAS SET OR TIED.
MM INDICATES DATA IS MISSING.
T  INDICATES TRACE AMOUNT.




$$
