000
CDUS43 KMKX 210652
CLIMKE


CLIMATE REPORT
NATIONAL WEATHER SERVICE IN MILWAUKEE
145 AM CDT SAT MAY 21 2016


...................................

...THE MILWAUKEE WI CLIMATE SUMMARY FOR MAY 20 2016...

CLIMATE NORMAL PERIOD 1981 TO 2010
CLIMATE RECORD PERIOD 1871 TO 2016


WEATHER ITEM   OBSERVED TIME   RECORD YEAR NORMAL DEPARTURE LAST
                VALUE   (LST)  VALUE       VALUE  FROM      YEAR
                                                  NORMAL
..................................................................
TEMPERATURE (F)
 YESTERDAY
  MAXIMUM         63    324 PM  92    1934  66     -3       50
  MINIMUM         44    424 AM  34    1895  48     -4       37
                                      1883
  AVERAGE         54                        57     -3       44

PRECIPITATION (IN)
  YESTERDAY        0.00          1.60 1876   0.12  -0.12     0.00
  MONTH TO DATE    1.83                      2.12  -0.29     1.12
  SINCE MAR 1      6.97                      7.95  -0.98     7.17
  SINCE JAN 1      8.28                     11.36  -3.08     8.89

SNOWFALL (IN)
  YESTERDAY        0.0           0.0    MM   0.0    0.0      0.0
  MONTH TO DATE    T                         0.1   -0.1      0.0
  SINCE MAR 1     10.0                       9.1    0.9      4.9
  SINCE JUL 1     39.1                      46.9   -7.8     43.0
  SNOW DEPTH       0

DEGREE DAYS
 HEATING
  YESTERDAY       11                         9      2       21
  MONTH TO DATE  257                       232     25      204
  SINCE MAR 1   1654                      1749    -95     1703
  SINCE JUL 1   5873                      6729   -856     7035

 COOLING
  YESTERDAY        0                         1     -1        0
  MONTH TO DATE    0                        10    -10       11
  SINCE MAR 1      0                        15    -15       11
  SINCE JAN 1      0                        15    -15       11
..................................................................


WIND (MPH)
  HIGHEST WIND SPEED    10   HIGHEST WIND DIRECTION    NE (50)
  HIGHEST GUST SPEED    12   HIGHEST GUST DIRECTION    NE (40)
  AVERAGE WIND SPEED     2.9


SKY COVER
  POSSIBLE SUNSHINE  MM
  AVERAGE SKY COVER 0.7


WEATHER CONDITIONS
 THE FOLLOWING WEATHER WAS RECORDED YESTERDAY.
  HAZE


RELATIVE HUMIDITY (PERCENT)
 HIGHEST    71           600 AM
 LOWEST     39           500 PM
 AVERAGE    55

..........................................................


THE MILWAUKEE WI CLIMATE NORMALS FOR TODAY
                         NORMAL    RECORD    YEAR
 MAXIMUM TEMPERATURE (F)   67        89      1934
                                             1921
 MINIMUM TEMPERATURE (F)   48        32      1883


SUNRISE AND SUNSET
MAY 21 2016...........SUNRISE   522 AM CDT   SUNSET   815 PM CDT
MAY 22 2016...........SUNRISE   522 AM CDT   SUNSET   816 PM CDT


-  INDICATES NEGATIVE NUMBERS.
R  INDICATES RECORD WAS SET OR TIED.
MM INDICATES DATA IS MISSING.
T  INDICATES TRACE AMOUNT.




$$
