000
CDUS43 KMKX 120643
CLIMKE


CLIMATE REPORT
NATIONAL WEATHER SERVICE IN MILWAUKEE
1243 AM CST SUN NOV 12 2017


...................................

...THE MILWAUKEE WI CLIMATE SUMMARY FOR NOVEMBER 11 2017...

CLIMATE NORMAL PERIOD 1981 TO 2010
CLIMATE RECORD PERIOD 1871 TO 2017


WEATHER ITEM   OBSERVED TIME   RECORD YEAR NORMAL DEPARTURE LAST
                VALUE   (LST)  VALUE       VALUE  FROM      YEAR
                                                  NORMAL
..................................................................
TEMPERATURE (F)
 YESTERDAY
  MAXIMUM         36   1159 PM  73    1911  49    -13       54
  MINIMUM         27    335 AM  15    1986  34     -7       37
                                      1894
  AVERAGE         32                        41     -9       46

PRECIPITATION (IN)
  YESTERDAY        0.01          1.09 1903   0.08  -0.07     0.00
  MONTH TO DATE    0.51                      0.99  -0.48     0.52
  SINCE SEP 1      5.45                      6.82  -1.37     8.38
  SINCE JAN 1     32.77                     31.00   1.77    26.04

SNOWFALL (IN)
  YESTERDAY        0.0           2.3  1995   0.0    0.0      0.0
  MONTH TO DATE    0.2                       0.2    0.0      0.0
  SINCE SEP 1      0.2                       0.5   -0.3      0.0
  SINCE JUL 1      0.2                       0.5   -0.3      0.0
  SNOW DEPTH       0

DEGREE DAYS
 HEATING
  YESTERDAY       33                        24      9       19
  MONTH TO DATE  296                       236     60      111
  SINCE SEP 1    622                       795   -173      411
  SINCE JUL 1    631                       821   -190      413

 COOLING
  YESTERDAY        0                         0      0        0
  MONTH TO DATE    0                         0      0        3
  SINCE SEP 1    162                        76     86      155
  SINCE JAN 1    772                       641    131      991
..................................................................


WIND (MPH)
  HIGHEST WIND SPEED    17   HIGHEST WIND DIRECTION     S (190)
  HIGHEST GUST SPEED    22   HIGHEST GUST DIRECTION     S (200)
  AVERAGE WIND SPEED     8.3


SKY COVER
  POSSIBLE SUNSHINE  MM
  AVERAGE SKY COVER 0.9


WEATHER CONDITIONS
 THE FOLLOWING WEATHER WAS RECORDED YESTERDAY.
  LIGHT RAIN


RELATIVE HUMIDITY (PERCENT)
 HIGHEST    69          1200 AM
 LOWEST     51          1200 PM
 AVERAGE    60

..........................................................


THE MILWAUKEE WI CLIMATE NORMALS FOR TODAY
                         NORMAL    RECORD    YEAR
 MAXIMUM TEMPERATURE (F)   48        70      1902
 MINIMUM TEMPERATURE (F)   34         9      1986


SUNRISE AND SUNSET
NOVEMBER 12 2017......SUNRISE   640 AM CST   SUNSET   431 PM CST
NOVEMBER 13 2017......SUNRISE   642 AM CST   SUNSET   430 PM CST


-  INDICATES NEGATIVE NUMBERS.
R  INDICATES RECORD WAS SET OR TIED.
MM INDICATES DATA IS MISSING.
T  INDICATES TRACE AMOUNT.




$$
