000
CDUS43 KMKX 070045
CLIMKE


CLIMATE REPORT
NATIONAL WEATHER SERVICE IN MILWAUKEE
742 PM CDT SUN APR 6 2014


...................................

...THE MILWAUKEE WI CLIMATE SUMMARY FOR APRIL 6 2014...
VALID TODAY AS OF 0700 PM LOCAL TIME.

CLIMATE NORMAL PERIOD 1981 TO 2010
CLIMATE RECORD PERIOD 1871 TO 2014


WEATHER ITEM   OBSERVED TIME   RECORD YEAR NORMAL DEPARTURE LAST
                VALUE   (LST)  VALUE       VALUE  FROM      YEAR
                                                  NORMAL
..................................................................
TEMPERATURE (F)
 TODAY
  MAXIMUM         56   1255 PM  85    1991  50      6       61
  MINIMUM         33    550 AM  16    1982  34     -1       35
  AVERAGE         45                        42      3       48

PRECIPITATION (IN)
  TODAY            0.00          2.14 1929   0.12  -0.12     0.05
  MONTH TO DATE    0.09                      0.68  -0.59     0.05
  SINCE MAR 1      1.21                      2.95  -1.74     1.68
  SINCE JAN 1      3.95                      6.36  -2.41     7.88

SNOWFALL (IN)
  TODAY            0.0           2.0  1914   0.1   -0.1      0.0
  MONTH TO DATE    T                         0.7   -0.7      0.0
  SINCE MAR 1      6.3                       7.7   -1.4      7.4
  SINCE JUL 1     63.1                      45.5   17.6     44.6
  SNOW DEPTH       0

DEGREE DAYS
 HEATING
  TODAY           20                        23     -3       17
  MONTH TO DATE  158                       143     15      163
  SINCE MAR 1   1268                      1072    196     1238
  SINCE JUL 1   6924                      6052    872     5963

 COOLING
  TODAY            0                         0      0        0
  MONTH TO DATE    0                         0      0        0
  SINCE MAR 1      0                         0      0        0
  SINCE JAN 1      0                         0      0        0
..................................................................


WIND (MPH)
  HIGHEST WIND SPEED    22   HIGHEST WIND DIRECTION    SE (130)
  HIGHEST GUST SPEED    24   HIGHEST GUST DIRECTION    SE (140)
  AVERAGE WIND SPEED    10.8


SKY COVER
  POSSIBLE SUNSHINE  MM
  AVERAGE SKY COVER 0.5


WEATHER CONDITIONS
 THE FOLLOWING WEATHER WAS RECORDED TODAY.
  NO SIGNIFICANT WEATHER WAS OBSERVED.


RELATIVE HUMIDITY (PERCENT)
 HIGHEST    69           200 AM
 LOWEST     32           100 PM
 AVERAGE    51

..........................................................


THE MILWAUKEE WI CLIMATE NORMALS FOR TOMORROW
                         NORMAL    RECORD    YEAR
 MAXIMUM TEMPERATURE (F)   51        83      1871
 MINIMUM TEMPERATURE (F)   35        12      1982


SUNRISE AND SUNSET
APRIL  6 2014.........SUNRISE   625 AM CDT   SUNSET   724 PM CDT
APRIL  7 2014.........SUNRISE   623 AM CDT   SUNSET   725 PM CDT


-  INDICATES NEGATIVE NUMBERS.
R  INDICATES RECORD WAS SET OR TIED.
MM INDICATES DATA IS MISSING.
T  INDICATES TRACE AMOUNT.




$$

HAHN
