000
CDUS43 KMKX 182047
CLIMKE


CLIMATE REPORT
NATIONAL WEATHER SERVICE IN MILWAUKEE
346 PM CDT FRI JUL 18 2014


...................................

...THE MILWAUKEE WI CLIMATE SUMMARY FOR JULY 18 2014...
VALID TODAY AS OF 0300 PM LOCAL TIME.

CLIMATE NORMAL PERIOD 1981 TO 2010
CLIMATE RECORD PERIOD 1871 TO 2014


WEATHER ITEM   OBSERVED TIME   RECORD YEAR NORMAL DEPARTURE LAST
                VALUE   (LST)  VALUE       VALUE  FROM      YEAR
                                                  NORMAL
..................................................................
TEMPERATURE (F)
 TODAY
  MAXIMUM         74    159 PM  97    1991  80     -6       95
  MINIMUM         57    442 AM  49    1979  64     -7       79
  AVERAGE         66                        72     -6       87

PRECIPITATION (IN)
  TODAY            0.00          2.72 1959   0.11  -0.11     0.00
  MONTH TO DATE    1.88                      2.19  -0.31     0.60
  SINCE JUN 1      8.22                      6.09   2.13     6.40
  SINCE JAN 1     19.17                     18.73   0.44    25.91

SNOWFALL (IN)
  TODAY            0.0           0.0    MM   0.0    0.0      0.0
  MONTH TO DATE    0.0                       0.0    0.0      0.0
  SINCE JUN 1      0.0                       0.0    0.0      0.0
  SINCE JUL 1      0.0                       0.0    0.0      0.0
  SNOW DEPTH       0

DEGREE DAYS
 HEATING
  TODAY            0                         0      0        0
  MONTH TO DATE   12                         4      8        3
  SINCE JUN 1     86                        88     -2       90
  SINCE JUL 1     12                         4      8        3

 COOLING
  TODAY            1                         7     -6       22
  MONTH TO DATE   71                       125    -54      178
  SINCE JUN 1    161                       245    -84      277
  SINCE JAN 1    179                       275    -96      316
..................................................................


WIND (MPH)
  HIGHEST WIND SPEED    16   HIGHEST WIND DIRECTION    SE (130)
  HIGHEST GUST SPEED    20   HIGHEST GUST DIRECTION    SE (130)
  AVERAGE WIND SPEED     4.4


SKY COVER
  POSSIBLE SUNSHINE  MM
  AVERAGE SKY COVER 0.3


WEATHER CONDITIONS
 THE FOLLOWING WEATHER WAS RECORDED TODAY.
  NO SIGNIFICANT WEATHER WAS OBSERVED.


RELATIVE HUMIDITY (PERCENT)
 HIGHEST    80           300 AM
 LOWEST     57           200 PM
 AVERAGE    69

..........................................................


THE MILWAUKEE WI CLIMATE NORMALS FOR TOMORROW
                         NORMAL    RECORD    YEAR
 MAXIMUM TEMPERATURE (F)   80        98      1932
 MINIMUM TEMPERATURE (F)   64        51      1947


SUNRISE AND SUNSET
JULY 18 2014..........SUNRISE   529 AM CDT   SUNSET   826 PM CDT
JULY 19 2014..........SUNRISE   530 AM CDT   SUNSET   826 PM CDT


-  INDICATES NEGATIVE NUMBERS.
R  INDICATES RECORD WAS SET OR TIED.
MM INDICATES DATA IS MISSING.
T  INDICATES TRACE AMOUNT.




$$
