412
CDUS43 KMKX 082125
CLIMKE


CLIMATE REPORT
NATIONAL WEATHER SERVICE IN MILWAUKEE
423 PM CDT SUN OCT 8 2017


...................................

...THE MILWAUKEE WI CLIMATE SUMMARY FOR OCTOBER 8 2017...
VALID TODAY AS OF 0400 PM LOCAL TIME.

CLIMATE NORMAL PERIOD 1981 TO 2010
CLIMATE RECORD PERIOD 1871 TO 2017


WEATHER ITEM   OBSERVED TIME   RECORD YEAR NORMAL DEPARTURE LAST
                VALUE   (LST)  VALUE       VALUE  FROM      YEAR
                                                  NORMAL
..................................................................
TEMPERATURE (F)
 TODAY
  MAXIMUM         78    113 PM  85    2007  62     16       62
  MINIMUM         56    617 AM  29    1987  46     10       42
  AVERAGE         67                        54     13       52

PRECIPITATION (IN)
  TODAY            0.00          1.01 1881   0.09  -0.09     0.00
  MONTH TO DATE    0.47                      0.71  -0.24     0.49
  SINCE SEP 1      1.32                      3.89  -2.57     4.79
  SINCE JAN 1     28.64                     28.07   0.57    22.45

SNOWFALL (IN)
  TODAY            0.0           T    1964   0.0    0.0      0.0
  MONTH TO DATE    0.0                       0.0    0.0      0.0
  SINCE SEP 1      0.0                       0.0    0.0      0.0
  SINCE JUL 1      0.0                       0.0    0.0      0.0
  SNOW DEPTH       0

DEGREE DAYS
 HEATING
  TODAY            0                        11    -11       13
  MONTH TO DATE   17                        81    -64       34
  SINCE SEP 1     80                       207   -127       59
  SINCE JUL 1     89                       233   -144       61

 COOLING
  TODAY            2                         0      2        0
  MONTH TO DATE   22                         3     19        1
  SINCE SEP 1    157                        72     85      142
  SINCE JAN 1    767                       637    130      978
..................................................................


WIND (MPH)
  HIGHEST WIND SPEED    21   HIGHEST WIND DIRECTION    SE (140)
  HIGHEST GUST SPEED    25   HIGHEST GUST DIRECTION    SE (140)
  AVERAGE WIND SPEED    10.4


SKY COVER
  POSSIBLE SUNSHINE  MM
  AVERAGE SKY COVER 0.1


WEATHER CONDITIONS
 THE FOLLOWING WEATHER WAS RECORDED TODAY.
  NO SIGNIFICANT WEATHER WAS OBSERVED.


RELATIVE HUMIDITY (PERCENT)
 HIGHEST    93           400 AM
 LOWEST     40          1200 PM
 AVERAGE    67

..........................................................


THE MILWAUKEE WI CLIMATE NORMALS FOR TOMORROW
                         NORMAL    RECORD    YEAR
 MAXIMUM TEMPERATURE (F)   62        82      1949
 MINIMUM TEMPERATURE (F)   45        28      1876


SUNRISE AND SUNSET
OCTOBER  8 2017.......SUNRISE   657 AM CDT   SUNSET   620 PM CDT
OCTOBER  9 2017.......SUNRISE   658 AM CDT   SUNSET   619 PM CDT


-  INDICATES NEGATIVE NUMBERS.
R  INDICATES RECORD WAS SET OR TIED.
MM INDICATES DATA IS MISSING.
T  INDICATES TRACE AMOUNT.




$$
