000
CDUS43 KMKX 250709
CLIMKE


CLIMATE REPORT
NATIONAL WEATHER SERVICE IN MILWAUKEE
158 AM CDT MON APR 25 2016


...................................

...THE MILWAUKEE WI CLIMATE SUMMARY FOR APRIL 24 2016...

CLIMATE NORMAL PERIOD 1981 TO 2010
CLIMATE RECORD PERIOD 1871 TO 2016


WEATHER ITEM   OBSERVED TIME   RECORD YEAR NORMAL DEPARTURE LAST
                VALUE   (LST)  VALUE       VALUE  FROM      YEAR
                                                  NORMAL
..................................................................
TEMPERATURE (F)
 YESTERDAY
  MAXIMUM         61    148 PM  87    1990  57      4       49
  MINIMUM         37    459 AM  27    1971  40     -3       30
  AVERAGE         49                        49      0       40

PRECIPITATION (IN)
  YESTERDAY        0.00          3.01 1976   0.10  -0.10     0.15
  MONTH TO DATE    1.20                      2.87  -1.67     5.22
  SINCE MAR 1      4.54                      5.14  -0.60     6.05
  SINCE JAN 1      5.85                      8.55  -2.70     7.77

SNOWFALL (IN)
  YESTERDAY        0.0           0.6  1980   0.0    0.0      0.0
  MONTH TO DATE    3.4                       1.9    1.5       T
  SINCE MAR 1     10.0                       8.9    1.1      4.9
  SINCE JUL 1     39.1                      46.7   -7.6     43.0
  SNOW DEPTH       0

DEGREE DAYS
 HEATING
  YESTERDAY       16                        17     -1       25
  MONTH TO DATE  523                       496     27      441
  SINCE MAR 1   1287                      1425   -138     1372
  SINCE JUL 1   5506                      6405   -899     6704

 COOLING
  YESTERDAY        0                         0      0        0
  MONTH TO DATE    0                         0      0        0
  SINCE MAR 1      0                         0      0        0
  SINCE JAN 1      0                         0      0        0
..................................................................


WIND (MPH)
  HIGHEST WIND SPEED    17   HIGHEST WIND DIRECTION    SE (140)
  HIGHEST GUST SPEED    22   HIGHEST GUST DIRECTION     E (100)
  AVERAGE WIND SPEED     7.3


SKY COVER
  POSSIBLE SUNSHINE  MM
  AVERAGE SKY COVER 0.6


WEATHER CONDITIONS
 THE FOLLOWING WEATHER WAS RECORDED YESTERDAY.
  NO SIGNIFICANT WEATHER WAS OBSERVED.


RELATIVE HUMIDITY (PERCENT)
 HIGHEST    85          1200 AM
 LOWEST     59           800 PM
 AVERAGE    72

..........................................................


THE MILWAUKEE WI CLIMATE NORMALS FOR TODAY
                         NORMAL    RECORD    YEAR
 MAXIMUM TEMPERATURE (F)   57        87      1990
 MINIMUM TEMPERATURE (F)   40        27      1887


SUNRISE AND SUNSET
APRIL 25 2016.........SUNRISE   553 AM CDT   SUNSET   746 PM CDT
APRIL 26 2016.........SUNRISE   552 AM CDT   SUNSET   747 PM CDT


-  INDICATES NEGATIVE NUMBERS.
R  INDICATES RECORD WAS SET OR TIED.
MM INDICATES DATA IS MISSING.
T  INDICATES TRACE AMOUNT.




$$
