000
CDUS43 KMKX 240650
CLIMKE


CLIMATE REPORT
NATIONAL WEATHER SERVICE IN MILWAUKEE
1250 AM CST TUE FEB 24 2015


...................................

...THE MILWAUKEE WI CLIMATE SUMMARY FOR FEBRUARY 23 2015...

CLIMATE NORMAL PERIOD 1981 TO 2010
CLIMATE RECORD PERIOD 1871 TO 2015


WEATHER ITEM   OBSERVED TIME   RECORD YEAR NORMAL DEPARTURE LAST
                VALUE   (LST)  VALUE       VALUE  FROM      YEAR
                                                  NORMAL
..................................................................
TEMPERATURE (F)
 YESTERDAY
  MAXIMUM         11    234 PM  62    1984  35    -24       26
  MINIMUM         -5    718 AM -16    1889  22    -27       12
  AVERAGE          3                        28    -25       19

PRECIPITATION (IN)
  YESTERDAY        0.00          0.59 1975   0.06  -0.06     0.00
  MONTH TO DATE    0.63                      1.32  -0.69     1.62
  SINCE DEC 1      2.57                      5.12  -2.55     4.52
  SINCE JAN 1      1.54                      3.08  -1.54     2.73

SNOWFALL (IN)
  YESTERDAY        0.0           4.8  1965   0.4   -0.4      0.0
  MONTH TO DATE   14.3                       8.2    6.1     15.6
  SINCE DEC 1     28.0                      33.5   -5.5     54.5
  SINCE JUL 1     32.8                      36.2   -3.4     56.5
  SNOW DEPTH       6

DEGREE DAYS
 HEATING
  YESTERDAY       62                        37     25       46
  MONTH TO DATE 1150                       914    236     1085
  SINCE DEC 1   3497                      3434     63     4013
  SINCE JUL 1   5068                      4799    269     5388

 COOLING
  YESTERDAY        0                         0      0        0
  MONTH TO DATE    0                         0      0        0
  SINCE DEC 1      0                         0      0        0
  SINCE JAN 1      0                         0      0        0
..................................................................


WIND (MPH)
  HIGHEST WIND SPEED    17   HIGHEST WIND DIRECTION    SW (230)
  HIGHEST GUST SPEED    23   HIGHEST GUST DIRECTION    SW (230)
  AVERAGE WIND SPEED    10.7


SKY COVER
  POSSIBLE SUNSHINE  MM
  AVERAGE SKY COVER 0.1


WEATHER CONDITIONS
 THE FOLLOWING WEATHER WAS RECORDED YESTERDAY.
  NO SIGNIFICANT WEATHER WAS OBSERVED.


RELATIVE HUMIDITY (PERCENT)
 HIGHEST    62          1000 PM
 LOWEST     32           200 PM
 AVERAGE    47

..........................................................


THE MILWAUKEE WI CLIMATE NORMALS FOR TODAY
                         NORMAL    RECORD    YEAR
 MAXIMUM TEMPERATURE (F)   35        59      1891
 MINIMUM TEMPERATURE (F)   22       -13      1889


SUNRISE AND SUNSET
FEBRUARY 24 2015......SUNRISE   636 AM CST   SUNSET   534 PM CST
FEBRUARY 25 2015......SUNRISE   634 AM CST   SUNSET   536 PM CST


-  INDICATES NEGATIVE NUMBERS.
R  INDICATES RECORD WAS SET OR TIED.
MM INDICATES DATA IS MISSING.
T  INDICATES TRACE AMOUNT.




$$
