000
CDUS43 KMKX 162138
CLIMKE


CLIMATE REPORT
NATIONAL WEATHER SERVICE IN MILWAUKEE
437 PM CDT FRI JUN 16 2017


...................................

...THE MILWAUKEE WI CLIMATE SUMMARY FOR JUNE 16 2017...
VALID TODAY AS OF 0400 PM LOCAL TIME.

CLIMATE NORMAL PERIOD 1981 TO 2010
CLIMATE RECORD PERIOD 1871 TO 2017


WEATHER ITEM   OBSERVED TIME   RECORD YEAR NORMAL DEPARTURE LAST
                VALUE   (LST)  VALUE       VALUE  FROM      YEAR
                                                  NORMAL
..................................................................
TEMPERATURE (F)
 TODAY
  MAXIMUM         86   1238 PM 100    1994  76     10       72
  MINIMUM         72    446 AM  41    1961  58     14       61
  AVERAGE         79                        67     12       67

PRECIPITATION (IN)
  TODAY            0.00          2.79 1920   0.13  -0.13      T
  MONTH TO DATE    0.66                      2.07  -1.41     1.55
  SINCE JUN 1      0.66                      2.07  -1.41     1.55
  SINCE JAN 1     17.45                     14.71   2.74    10.37

SNOWFALL (IN)
  TODAY            0.0           0.0    MM   0.0    0.0      0.0
  MONTH TO DATE    0.0                       0.0    0.0      0.0
  SINCE JUN 1      0.0                       0.0    0.0      0.0
  SINCE JUL 1     37.6                      46.9   -9.3     39.1
  SNOW DEPTH       0

DEGREE DAYS
 HEATING
  TODAY            0                         2     -2        0
  MONTH TO DATE    9                        64    -55       25
  SINCE JUN 1      9                        64    -55       25
  SINCE JUL 1   5629                      6874  -1245     5905

 COOLING
  TODAY           14                         4     10        2
  MONTH TO DATE  117                        45     72       54
  SINCE JUN 1    117                        45     72       54
  SINCE JAN 1    138                        75     63       99
..................................................................


WIND (MPH)
  HIGHEST WIND SPEED    21   HIGHEST WIND DIRECTION    SW (240)
  HIGHEST GUST SPEED    28   HIGHEST GUST DIRECTION     W (260)
  AVERAGE WIND SPEED    11.7


SKY COVER
  POSSIBLE SUNSHINE  MM
  AVERAGE SKY COVER 0.8


WEATHER CONDITIONS
 THE FOLLOWING WEATHER WAS RECORDED TODAY.
  NO SIGNIFICANT WEATHER WAS OBSERVED.


RELATIVE HUMIDITY (PERCENT)
 HIGHEST    68          1200 AM
 LOWEST     48          1200 PM
 AVERAGE    58

..........................................................


THE MILWAUKEE WI CLIMATE NORMALS FOR TOMORROW
                         NORMAL    RECORD    YEAR
 MAXIMUM TEMPERATURE (F)   76        94      1994
 MINIMUM TEMPERATURE (F)   58        43      1972
                                             1879


SUNRISE AND SUNSET
JUNE 16 2017..........SUNRISE   512 AM CDT   SUNSET   833 PM CDT
JUNE 17 2017..........SUNRISE   512 AM CDT   SUNSET   833 PM CDT


-  INDICATES NEGATIVE NUMBERS.
R  INDICATES RECORD WAS SET OR TIED.
MM INDICATES DATA IS MISSING.
T  INDICATES TRACE AMOUNT.




$$
