104
CDUS43 KMKX 270042
CLIMKE


CLIMATE REPORT
NATIONAL WEATHER SERVICE IN MILWAUKEE
742 PM CDT FRI AUG 26 2016


...................................

...THE MILWAUKEE WI CLIMATE SUMMARY FOR AUGUST 26 2016...
VALID TODAY AS OF 0700 PM LOCAL TIME.

CLIMATE NORMAL PERIOD 1981 TO 2010
CLIMATE RECORD PERIOD 1871 TO 2016


WEATHER ITEM   OBSERVED TIME   RECORD YEAR NORMAL DEPARTURE LAST
                VALUE   (LST)  VALUE       VALUE  FROM      YEAR
                                                  NORMAL
..................................................................
TEMPERATURE (F)
 TODAY
  MAXIMUM         76   1006 AM  96    1953  78     -2       65
  MINIMUM         65    552 AM  47    1964  62      3       55
                                      1885
  AVERAGE         71                        70      1       60

PRECIPITATION (IN)
  TODAY            0.00          1.77 1921   0.12  -0.12     0.00
  MONTH TO DATE    1.42                      3.37  -1.95     2.56
  SINCE JUN 1      6.67                     10.94  -4.27     6.65
  SINCE JAN 1     15.49                     23.58  -8.09    16.85

SNOWFALL (IN)
  TODAY            0.0           0.0    MM   0.0    0.0      0.0
  MONTH TO DATE    0.0                       0.0    0.0      0.0
  SINCE JUN 1      0.0                       0.0    0.0      0.0
  SINCE JUL 1      0.0                       0.0    0.0      0.0
  SNOW DEPTH      MM

DEGREE DAYS
 HEATING
  TODAY            0                         1     -1        5
  MONTH TO DATE    0                         5     -5       14
  SINCE JUN 1     31                       100    -69      144
  SINCE JUL 1      2                        16    -14       42

 COOLING
  TODAY            6                         5      1        0
  MONTH TO DATE  295                       169    126      173
  SINCE JUN 1    752                       511    241      454
  SINCE JAN 1    797                       541    256      480
..................................................................


WIND (MPH)
  HIGHEST WIND SPEED    12   HIGHEST WIND DIRECTION    SE (120)
  HIGHEST GUST SPEED    14   HIGHEST GUST DIRECTION    SE (120)
  AVERAGE WIND SPEED     6.5


SKY COVER
  POSSIBLE SUNSHINE  MM
  AVERAGE SKY COVER 0.6


WEATHER CONDITIONS
 THE FOLLOWING WEATHER WAS RECORDED TODAY.
  NO SIGNIFICANT WEATHER WAS OBSERVED.


RELATIVE HUMIDITY (PERCENT)
 HIGHEST    78           400 AM
 LOWEST     49          1000 AM
 AVERAGE    64

..........................................................


THE MILWAUKEE WI CLIMATE NORMALS FOR TOMORROW
                         NORMAL    RECORD    YEAR
 MAXIMUM TEMPERATURE (F)   77        99      1973
 MINIMUM TEMPERATURE (F)   62        48      1876


SUNRISE AND SUNSET
AUGUST 26 2016........SUNRISE   610 AM CDT   SUNSET   736 PM CDT
AUGUST 27 2016........SUNRISE   611 AM CDT   SUNSET   734 PM CDT


-  INDICATES NEGATIVE NUMBERS.
R  INDICATES RECORD WAS SET OR TIED.
MM INDICATES DATA IS MISSING.
T  INDICATES TRACE AMOUNT.




$$
