000
CDUS43 KMKX 250646
CLIMKE


CLIMATE REPORT
NATIONAL WEATHER SERVICE IN MILWAUKEE
144 AM CDT MON MAY 25 2015


...................................

...THE MILWAUKEE WI CLIMATE SUMMARY FOR MAY 24 2015...

CLIMATE NORMAL PERIOD 1981 TO 2010
CLIMATE RECORD PERIOD 1871 TO 2015


WEATHER ITEM   OBSERVED TIME   RECORD YEAR NORMAL DEPARTURE LAST
                VALUE   (LST)  VALUE       VALUE  FROM      YEAR
                                                  NORMAL
..................................................................
TEMPERATURE (F)
 YESTERDAY
  MAXIMUM         67   1024 AM  90    1950  68     -1       69
  MINIMUM         51    534 PM  34    1963  49      2       46
                                      1958
                                      1925
  AVERAGE         59                        58      1       58

PRECIPITATION (IN)
  YESTERDAY        0.29          1.88 1955   0.12   0.17     0.00
  MONTH TO DATE    1.42                      2.59  -1.17     2.03
  SINCE MAR 1      7.47                      8.42  -0.95     7.41
  SINCE JAN 1      9.19                     11.83  -2.64    10.15

SNOWFALL (IN)
  YESTERDAY        0.0           T    1925   0.0    0.0      0.0
  MONTH TO DATE    0.0                       0.1   -0.1      0.0
  SINCE MAR 1      4.9                       9.1   -4.2      6.6
  SINCE JUL 1     43.0                      46.9   -3.9     63.4
  SNOW DEPTH       0

DEGREE DAYS
 HEATING
  YESTERDAY        6                         8     -2        7
  MONTH TO DATE  237                       266    -29      253
  SINCE MAR 1   1736                      1783    -47     1987
  SINCE JUL 1   7068                      6763    305     7643

 COOLING
  YESTERDAY        0                         1     -1        0
  MONTH TO DATE   11                        14     -3        7
  SINCE MAR 1     11                        19     -8        7
  SINCE JAN 1     11                        19     -8        7
..................................................................


WIND (MPH)
  HIGHEST WIND SPEED    14   HIGHEST WIND DIRECTION     E (80)
  HIGHEST GUST SPEED    17   HIGHEST GUST DIRECTION     E (80)
  AVERAGE WIND SPEED     5.5


SKY COVER
  POSSIBLE SUNSHINE  MM
  AVERAGE SKY COVER 0.8


WEATHER CONDITIONS
 THE FOLLOWING WEATHER WAS RECORDED YESTERDAY.
  HEAVY RAIN
  RAIN
  LIGHT RAIN
  FOG
  HAZE


RELATIVE HUMIDITY (PERCENT)
 HIGHEST    89           700 PM
 LOWEST     51           300 AM
 AVERAGE    70

..........................................................


THE MILWAUKEE WI CLIMATE NORMALS FOR TODAY
                         NORMAL    RECORD    YEAR
 MAXIMUM TEMPERATURE (F)   68        93      1911
 MINIMUM TEMPERATURE (F)   49        36      1925


SUNRISE AND SUNSET
MAY 25 2015...........SUNRISE   520 AM CDT   SUNSET   818 PM CDT
MAY 26 2015...........SUNRISE   519 AM CDT   SUNSET   819 PM CDT


-  INDICATES NEGATIVE NUMBERS.
R  INDICATES RECORD WAS SET OR TIED.
MM INDICATES DATA IS MISSING.
T  INDICATES TRACE AMOUNT.




$$
