978
CDUS43 KMKX 240041
CLIMKE


CLIMATE REPORT
NATIONAL WEATHER SERVICE IN MILWAUKEE
741 PM CDT SAT APR 23 2016


...................................

...THE MILWAUKEE WI CLIMATE SUMMARY FOR APRIL 23 2016...
VALID TODAY AS OF 0700 PM LOCAL TIME.

CLIMATE NORMAL PERIOD 1981 TO 2010
CLIMATE RECORD PERIOD 1871 TO 2016


WEATHER ITEM   OBSERVED TIME   RECORD YEAR NORMAL DEPARTURE LAST
                VALUE   (LST)  VALUE       VALUE  FROM      YEAR
                                                  NORMAL
..................................................................
TEMPERATURE (F)
 TODAY
  MAXIMUM         50    450 PM  85    1960  57     -7       51
  MINIMUM         38    512 AM  22    1910  40     -2       32
  AVERAGE         44                        48     -4       42

PRECIPITATION (IN)
  TODAY            0.00          1.52 1999   0.11  -0.11     0.00
  MONTH TO DATE    1.20                      2.77  -1.57     5.07
  SINCE MAR 1      4.54                      5.04  -0.50     5.90
  SINCE JAN 1      5.85                      8.45  -2.60     7.62

SNOWFALL (IN)
  TODAY            0.0           8.0  1910   0.1   -0.1      0.0
  MONTH TO DATE    3.4                       1.9    1.5       T
  SINCE MAR 1     10.0                       8.9    1.1      4.9
  SINCE JUL 1     39.1                      46.7   -7.6     43.0
  SNOW DEPTH       0

DEGREE DAYS
 HEATING
  TODAY           21                        17      4       23
  MONTH TO DATE  507                       479     28      416
  SINCE MAR 1   1271                      1408   -137     1347
  SINCE JUL 1   5490                      6388   -898     6679

 COOLING
  TODAY            0                         0      0        0
  MONTH TO DATE    0                         0      0        0
  SINCE MAR 1      0                         0      0        0
  SINCE JAN 1      0                         0      0        0
..................................................................


WIND (MPH)
  HIGHEST WIND SPEED    14   HIGHEST WIND DIRECTION    NE (30)
  HIGHEST GUST SPEED    16   HIGHEST GUST DIRECTION    NE (30)
  AVERAGE WIND SPEED     8.9


SKY COVER
  POSSIBLE SUNSHINE  MM
  AVERAGE SKY COVER 0.3


WEATHER CONDITIONS
 THE FOLLOWING WEATHER WAS RECORDED TODAY.
  NO SIGNIFICANT WEATHER WAS OBSERVED.


RELATIVE HUMIDITY (PERCENT)
 HIGHEST    92           500 AM
 LOWEST     61           300 PM
 AVERAGE    77

..........................................................


THE MILWAUKEE WI CLIMATE NORMALS FOR TOMORROW
                         NORMAL    RECORD    YEAR
 MAXIMUM TEMPERATURE (F)   57        87      1990
 MINIMUM TEMPERATURE (F)   40        27      1971


SUNRISE AND SUNSET
APRIL 23 2016.........SUNRISE   556 AM CDT   SUNSET   744 PM CDT
APRIL 24 2016.........SUNRISE   555 AM CDT   SUNSET   745 PM CDT


-  INDICATES NEGATIVE NUMBERS.
R  INDICATES RECORD WAS SET OR TIED.
MM INDICATES DATA IS MISSING.
T  INDICATES TRACE AMOUNT.




$$
