000
CDUS43 KMKX 090643
CLIMKE


CLIMATE REPORT
NATIONAL WEATHER SERVICE IN MILWAUKEE
141 AM CDT WED APR 9 2014


...................................

...THE MILWAUKEE WI CLIMATE SUMMARY FOR APRIL 8 2014...

CLIMATE NORMAL PERIOD 1981 TO 2010
CLIMATE RECORD PERIOD 1871 TO 2014


WEATHER ITEM   OBSERVED TIME   RECORD YEAR NORMAL DEPARTURE LAST
                VALUE   (LST)  VALUE       VALUE  FROM      YEAR
                                                  NORMAL
..................................................................
TEMPERATURE (F)
 YESTERDAY
  MAXIMUM         58   1141 AM  77    1871  51      7       50
  MINIMUM         39   1138 PM  16    1914  35      4       36
  AVERAGE         49                        43      6       43

PRECIPITATION (IN)
  YESTERDAY        0.24          1.19 2002   0.13   0.11     0.57
  MONTH TO DATE    0.33                      0.92  -0.59     0.62
  SINCE MAR 1      1.45                      3.19  -1.74     2.25
  SINCE JAN 1      4.19                      6.60  -2.41     8.45

SNOWFALL (IN)
  YESTERDAY        0.0           1.8  2000   0.1   -0.1      0.0
  MONTH TO DATE    T                         0.9   -0.9      0.0
  SINCE MAR 1      6.3                       7.9   -1.6      7.4
  SINCE JUL 1     63.1                      45.7   17.4     44.6
  SNOW DEPTH       0

DEGREE DAYS
 HEATING
  YESTERDAY       16                        22     -6       22
  MONTH TO DATE  195                       188      7      206
  SINCE MAR 1   1305                      1117    188     1281
  SINCE JUL 1   6961                      6097    864     6006

 COOLING
  YESTERDAY        0                         0      0        0
  MONTH TO DATE    0                         0      0        0
  SINCE MAR 1      0                         0      0        0
  SINCE JAN 1      0                         0      0        0
..................................................................


WIND (MPH)
  HIGHEST WIND SPEED    16   HIGHEST WIND DIRECTION    NW (320)
  HIGHEST GUST SPEED    21   HIGHEST GUST DIRECTION    NW (320)
  AVERAGE WIND SPEED     6.3


SKY COVER
  POSSIBLE SUNSHINE  MM
  AVERAGE SKY COVER 0.7


WEATHER CONDITIONS
 THE FOLLOWING WEATHER WAS RECORDED YESTERDAY.
  RAIN
  LIGHT RAIN
  FOG


RELATIVE HUMIDITY (PERCENT)
 HIGHEST    86           500 AM
 LOWEST     50           200 PM
 AVERAGE    68

..........................................................


THE MILWAUKEE WI CLIMATE NORMALS FOR TODAY
                         NORMAL    RECORD    YEAR
 MAXIMUM TEMPERATURE (F)   51        78      1887
 MINIMUM TEMPERATURE (F)   35        20      1997
                                             1989
                                             1928


SUNRISE AND SUNSET
APRIL  9 2014.........SUNRISE   620 AM CDT   SUNSET   727 PM CDT
APRIL 10 2014.........SUNRISE   618 AM CDT   SUNSET   728 PM CDT


-  INDICATES NEGATIVE NUMBERS.
R  INDICATES RECORD WAS SET OR TIED.
MM INDICATES DATA IS MISSING.
T  INDICATES TRACE AMOUNT.




$$
