000
CDUS43 KMKX 170703
CLIMKE


CLIMATE REPORT
NATIONAL WEATHER SERVICE IN MILWAUKEE
203 AM CDT THU JUL 17 2014


...................................

...THE MILWAUKEE WI CLIMATE SUMMARY FOR JULY 16 2014...

CLIMATE NORMAL PERIOD 1981 TO 2010
CLIMATE RECORD PERIOD 1871 TO 2014


WEATHER ITEM   OBSERVED TIME   RECORD YEAR NORMAL DEPARTURE LAST
                VALUE   (LST)  VALUE       VALUE  FROM      YEAR
                                                  NORMAL
..................................................................
TEMPERATURE (F)
 YESTERDAY
  MAXIMUM         71    158 PM 100    1887  80     -9       93
  MINIMUM         55    453 AM  45    1945  64     -9       75
  AVERAGE         63                        72     -9       84

PRECIPITATION (IN)
  YESTERDAY        0.00          2.15 1950   0.12  -0.12     0.00
  MONTH TO DATE    1.88                      1.97  -0.09     0.60
  SINCE JUN 1      8.22                      5.87   2.35     6.40
  SINCE JAN 1     19.17                     18.51   0.66    25.91

SNOWFALL (IN)
  YESTERDAY        0.0           0.0    MM   0.0    0.0      0.0
  MONTH TO DATE    0.0                       0.0    0.0      0.0
  SINCE JUN 1      0.0                       0.0    0.0      0.0
  SINCE JUL 1      0.0                       0.0    0.0      0.0
  SNOW DEPTH       0

DEGREE DAYS
 HEATING
  YESTERDAY        2                         0      2        0
  MONTH TO DATE   12                         4      8        3
  SINCE JUN 1     86                        88     -2       90
  SINCE JUL 1     12                         4      8        3

 COOLING
  YESTERDAY        0                         7     -7       19
  MONTH TO DATE   68                       111    -43      134
  SINCE JUN 1    158                       231    -73      233
  SINCE JAN 1    176                       261    -85      272
..................................................................


WIND (MPH)
  HIGHEST WIND SPEED    12   HIGHEST WIND DIRECTION    NW (310)
  HIGHEST GUST SPEED    15   HIGHEST GUST DIRECTION     E (80)
  AVERAGE WIND SPEED     5.6


SKY COVER
  POSSIBLE SUNSHINE  MM
  AVERAGE SKY COVER 0.6


WEATHER CONDITIONS
 THE FOLLOWING WEATHER WAS RECORDED YESTERDAY.
  NO SIGNIFICANT WEATHER WAS OBSERVED.


RELATIVE HUMIDITY (PERCENT)
 HIGHEST    86          1200 AM
 LOWEST     49           200 PM
 AVERAGE    68

..........................................................


THE MILWAUKEE WI CLIMATE NORMALS FOR TODAY
                         NORMAL    RECORD    YEAR
 MAXIMUM TEMPERATURE (F)   80       100      2012
 MINIMUM TEMPERATURE (F)   64        50      1896


SUNRISE AND SUNSET
JULY 17 2014..........SUNRISE   528 AM CDT   SUNSET   827 PM CDT
JULY 18 2014..........SUNRISE   529 AM CDT   SUNSET   826 PM CDT


-  INDICATES NEGATIVE NUMBERS.
R  INDICATES RECORD WAS SET OR TIED.
MM INDICATES DATA IS MISSING.
T  INDICATES TRACE AMOUNT.




$$
