000
CDUS43 KMKX 090645
CLIMKE


CLIMATE REPORT
NATIONAL WEATHER SERVICE IN MILWAUKEE
145 AM CDT SUN APR 9 2017


...................................

...THE MILWAUKEE WI CLIMATE SUMMARY FOR APRIL 8 2017...

CLIMATE NORMAL PERIOD 1981 TO 2010
CLIMATE RECORD PERIOD 1871 TO 2017


WEATHER ITEM   OBSERVED TIME   RECORD YEAR NORMAL DEPARTURE LAST
                VALUE   (LST)  VALUE       VALUE  FROM      YEAR
                                                  NORMAL
..................................................................
TEMPERATURE (F)
 YESTERDAY
  MAXIMUM         66    143 PM  77    1871  51     15       40
  MINIMUM         37    528 AM  16    1914  35      2       24
  AVERAGE         52                        43      9       32

PRECIPITATION (IN)
  YESTERDAY        0.00          1.19 2002   0.13  -0.13     0.15
  MONTH TO DATE    1.42                      0.92   0.50     0.94
  SINCE MAR 1      5.14                      3.19   1.95     4.28
  SINCE JAN 1      9.15                      6.60   2.55     5.59

SNOWFALL (IN)
  YESTERDAY        0.0           1.8  2000   0.1   -0.1      1.6
  MONTH TO DATE    0.0                       0.9   -0.9      3.4
  SINCE MAR 1     13.6                       7.9    5.7     10.0
  SINCE JUL 1     37.6                      45.7   -8.1     39.1
  SNOW DEPTH       0

DEGREE DAYS
 HEATING
  YESTERDAY       13                        22     -9       33
  MONTH TO DATE  146                       188    -42      220
  SINCE MAR 1   1033                      1117    -84      984
  SINCE JUL 1   5032                      6097  -1065     5203

 COOLING
  YESTERDAY        0                         0      0        0
  MONTH TO DATE    0                         0      0        0
  SINCE MAR 1      0                         0      0        0
  SINCE JAN 1      0                         0      0        0
..................................................................


WIND (MPH)
  HIGHEST WIND SPEED    22   HIGHEST WIND DIRECTION    SE (130)
  HIGHEST GUST SPEED    25   HIGHEST GUST DIRECTION    SE (140)
  AVERAGE WIND SPEED    11.8


SKY COVER
  POSSIBLE SUNSHINE  MM
  AVERAGE SKY COVER 0.5


WEATHER CONDITIONS
 THE FOLLOWING WEATHER WAS RECORDED YESTERDAY.
  NO SIGNIFICANT WEATHER WAS OBSERVED.


RELATIVE HUMIDITY (PERCENT)
 HIGHEST    59           500 AM
 LOWEST     29          1100 AM
 AVERAGE    44

..........................................................


THE MILWAUKEE WI CLIMATE NORMALS FOR TODAY
                         NORMAL    RECORD    YEAR
 MAXIMUM TEMPERATURE (F)   51        78      1887
 MINIMUM TEMPERATURE (F)   35        20      1997
                                             1989
                                             1928


SUNRISE AND SUNSET
APRIL  9 2017.........SUNRISE   619 AM CDT   SUNSET   727 PM CDT
APRIL 10 2017.........SUNRISE   618 AM CDT   SUNSET   729 PM CDT


-  INDICATES NEGATIVE NUMBERS.
R  INDICATES RECORD WAS SET OR TIED.
MM INDICATES DATA IS MISSING.
T  INDICATES TRACE AMOUNT.




$$
