000
CDUS43 KMKX 140702
CLIMKE


CLIMATE REPORT
NATIONAL WEATHER SERVICE IN MILWAUKEE
201 AM CDT SUN AUG 14 2016


...................................

...THE MILWAUKEE WI CLIMATE SUMMARY FOR AUGUST 13 2016...

CLIMATE NORMAL PERIOD 1981 TO 2010
CLIMATE RECORD PERIOD 1871 TO 2016


WEATHER ITEM   OBSERVED TIME   RECORD YEAR NORMAL DEPARTURE LAST
                VALUE   (LST)  VALUE       VALUE  FROM      YEAR
                                                  NORMAL
..................................................................
TEMPERATURE (F)
 YESTERDAY
  MAXIMUM         86    323 PM  97    1918  79      7       85
  MINIMUM         72   1132 PM  48    1961  64      8       67
  AVERAGE         79                        71      8       76

PRECIPITATION (IN)
  YESTERDAY        T             0.76 1977   0.14  -0.14     0.00
  MONTH TO DATE    0.34                      1.71  -1.37     1.48
  SINCE JUN 1      5.59                      9.28  -3.69     5.57
  SINCE JAN 1     14.41                     21.92  -7.51    15.77

SNOWFALL (IN)
  YESTERDAY        0.0           0.0    MM   0.0    0.0      0.0
  MONTH TO DATE    0.0                       0.0    0.0      0.0
  SINCE JUN 1      0.0                       0.0    0.0      0.0
  SINCE JUL 1      0.0                       0.0    0.0      0.0
  SNOW DEPTH       0

DEGREE DAYS
 HEATING
  YESTERDAY        0                         0      0        0
  MONTH TO DATE    0                         0      0        0
  SINCE JUN 1     31                        95    -64      130
  SINCE JUL 1      2                        11     -9       28

 COOLING
  YESTERDAY       14                         7      7       11
  MONTH TO DATE  164                        91     73       90
  SINCE JUN 1    621                       433    188      371
  SINCE JAN 1    666                       463    203      397
..................................................................


WIND (MPH)
  HIGHEST WIND SPEED    17   HIGHEST WIND DIRECTION     W (290)
  HIGHEST GUST SPEED    21   HIGHEST GUST DIRECTION    NW (300)
  AVERAGE WIND SPEED     7.3


SKY COVER
  POSSIBLE SUNSHINE  MM
  AVERAGE SKY COVER 0.7


WEATHER CONDITIONS
 THE FOLLOWING WEATHER WAS RECORDED YESTERDAY.
  LIGHT RAIN
  FOG
  HAZE


RELATIVE HUMIDITY (PERCENT)
 HIGHEST    93           100 AM
 LOWEST     51           200 PM
 AVERAGE    72

..........................................................


THE MILWAUKEE WI CLIMATE NORMALS FOR TODAY
                         NORMAL    RECORD    YEAR
 MAXIMUM TEMPERATURE (F)   79        96      1944
 MINIMUM TEMPERATURE (F)   64        47      1964
                                             1962


SUNRISE AND SUNSET
AUGUST 14 2016........SUNRISE   557 AM CDT   SUNSET   754 PM CDT
AUGUST 15 2016........SUNRISE   558 AM CDT   SUNSET   753 PM CDT


-  INDICATES NEGATIVE NUMBERS.
R  INDICATES RECORD WAS SET OR TIED.
MM INDICATES DATA IS MISSING.
T  INDICATES TRACE AMOUNT.




$$
