000
CDUS43 KMKX 190054
CLIMKE


CLIMATE REPORT
NATIONAL WEATHER SERVICE IN MILWAUKEE
754 PM CDT WED MAY 18 2016


...................................

...THE MILWAUKEE WI CLIMATE SUMMARY FOR MAY 18 2016...
VALID TODAY AS OF 0700 PM LOCAL TIME.

CLIMATE NORMAL PERIOD 1981 TO 2010
CLIMATE RECORD PERIOD 1871 TO 2016


WEATHER ITEM   OBSERVED TIME   RECORD YEAR NORMAL DEPARTURE LAST
                VALUE   (LST)  VALUE       VALUE  FROM      YEAR
                                                  NORMAL
..................................................................
TEMPERATURE (F)
 TODAY
  MAXIMUM         57    541 PM  90    1996  66     -9       75
  MINIMUM         45    511 AM  33    2002  47     -2       49
  AVERAGE         51                        56     -5       62

PRECIPITATION (IN)
  TODAY            0.00          1.53 2000   0.11  -0.11     0.00
  MONTH TO DATE    1.83                      1.89  -0.06     1.12
  SINCE MAR 1      6.97                      7.72  -0.75     7.17
  SINCE JAN 1      8.28                     11.13  -2.85     8.89

SNOWFALL (IN)
  TODAY            0.0           0.0    MM   0.0    0.0      0.0
  MONTH TO DATE    T                         0.1   -0.1      0.0
  SINCE MAR 1     10.0                       9.1    0.9      4.9
  SINCE JUL 1     39.1                      46.9   -7.8     43.0
  SNOW DEPTH       0

DEGREE DAYS
 HEATING
  TODAY           14                        10      4        3
  MONTH TO DATE  236                       214     22      162
  SINCE MAR 1   1633                      1731    -98     1661
  SINCE JUL 1   5852                      6711   -859     6993

 COOLING
  TODAY            0                         1     -1        0
  MONTH TO DATE    0                         8     -8       11
  SINCE MAR 1      0                        13    -13       11
  SINCE JAN 1      0                        13    -13       11
..................................................................


WIND (MPH)
  HIGHEST WIND SPEED    16   HIGHEST WIND DIRECTION     N (20)
  HIGHEST GUST SPEED    21   HIGHEST GUST DIRECTION     N (10)
  AVERAGE WIND SPEED     9.4


SKY COVER
  POSSIBLE SUNSHINE  MM
  AVERAGE SKY COVER 0.3


WEATHER CONDITIONS
 THE FOLLOWING WEATHER WAS RECORDED TODAY.
  NO SIGNIFICANT WEATHER WAS OBSERVED.


RELATIVE HUMIDITY (PERCENT)
 HIGHEST    71           600 AM
 LOWEST     33           500 PM
 AVERAGE    52

..........................................................


THE MILWAUKEE WI CLIMATE NORMALS FOR TOMORROW
                         NORMAL    RECORD    YEAR
 MAXIMUM TEMPERATURE (F)   66        92      1975
 MINIMUM TEMPERATURE (F)   47        34      1929


SUNRISE AND SUNSET
MAY 18 2016...........SUNRISE   525 AM CDT   SUNSET   812 PM CDT
MAY 19 2016...........SUNRISE   524 AM CDT   SUNSET   813 PM CDT


-  INDICATES NEGATIVE NUMBERS.
R  INDICATES RECORD WAS SET OR TIED.
MM INDICATES DATA IS MISSING.
T  INDICATES TRACE AMOUNT.




$$
