752
CDUS43 KMKX 150645
CLIMKE


CLIMATE REPORT
NATIONAL WEATHER SERVICE IN MILWAUKEE
145 AM CDT MON MAY 15 2017


...................................

...THE MILWAUKEE WI CLIMATE SUMMARY FOR MAY 14 2017...

CLIMATE NORMAL PERIOD 1981 TO 2010
CLIMATE RECORD PERIOD 1871 TO 2017


WEATHER ITEM   OBSERVED TIME   RECORD YEAR NORMAL DEPARTURE LAST
                VALUE   (LST)  VALUE       VALUE  FROM      YEAR
                                                  NORMAL
..................................................................
TEMPERATURE (F)
 YESTERDAY
  MAXIMUM         57   1123 AM  89    2007  64     -7       46
  MINIMUM         47    840 PM  31    1895  46      1       40
  AVERAGE         52                        55     -3       43

PRECIPITATION (IN)
  YESTERDAY        0.00          1.79 1983   0.11  -0.11      T
  MONTH TO DATE    0.29                      1.47  -1.18     1.72
  SINCE MAR 1     10.24                      7.30   2.94     6.86
  SINCE JAN 1     14.25                     10.71   3.54     8.17

SNOWFALL (IN)
  YESTERDAY        0.0           T    2016   0.0    0.0       T
  MONTH TO DATE    0.0                       0.1   -0.1       T
  SINCE MAR 1     13.6                       9.1    4.5     10.0
  SINCE JUL 1     37.6                      46.9   -9.3     39.1
  SNOW DEPTH       0

DEGREE DAYS
 HEATING
  YESTERDAY       13                        11      2       22
  MONTH TO DATE  212                       174     38      181
  SINCE MAR 1   1517                      1691   -174     1578
  SINCE JUL 1   5516                      6671  -1155     5797

 COOLING
  YESTERDAY        0                         1     -1        0
  MONTH TO DATE    0                         4     -4        0
  SINCE MAR 1      3                         9     -6        0
  SINCE JAN 1      3                         9     -6        0
..................................................................


WIND (MPH)
  HIGHEST WIND SPEED    18   HIGHEST WIND DIRECTION     N (20)
  HIGHEST GUST SPEED    23   HIGHEST GUST DIRECTION     N (20)
  AVERAGE WIND SPEED     9.6


SKY COVER
  POSSIBLE SUNSHINE  MM
  AVERAGE SKY COVER 0.3


WEATHER CONDITIONS
 THE FOLLOWING WEATHER WAS RECORDED YESTERDAY.
  NO SIGNIFICANT WEATHER WAS OBSERVED.


RELATIVE HUMIDITY (PERCENT)
 HIGHEST    83           100 AM
 LOWEST     52           600 PM
 AVERAGE    68

..........................................................


THE MILWAUKEE WI CLIMATE NORMALS FOR TODAY
                         NORMAL    RECORD    YEAR
 MAXIMUM TEMPERATURE (F)   65        88      1932
 MINIMUM TEMPERATURE (F)   46        34      1888


SUNRISE AND SUNSET
MAY 15 2017...........SUNRISE   528 AM CDT   SUNSET   808 PM CDT
MAY 16 2017...........SUNRISE   527 AM CDT   SUNSET   809 PM CDT


-  INDICATES NEGATIVE NUMBERS.
R  INDICATES RECORD WAS SET OR TIED.
MM INDICATES DATA IS MISSING.
T  INDICATES TRACE AMOUNT.




$$
