000
CDUS43 KMKX 120648
CLIMKE


CLIMATE REPORT
NATIONAL WEATHER SERVICE IN MILWAUKEE
147 AM CDT TUE JUL 12 2016


...................................

...THE MILWAUKEE WI CLIMATE SUMMARY FOR JULY 11 2016...

CLIMATE NORMAL PERIOD 1981 TO 2010
CLIMATE RECORD PERIOD 1871 TO 2016


WEATHER ITEM   OBSERVED TIME   RECORD YEAR NORMAL DEPARTURE LAST
                VALUE   (LST)  VALUE       VALUE  FROM      YEAR
                                                  NORMAL
..................................................................
TEMPERATURE (F)
 YESTERDAY
  MAXIMUM         90    524 PM 100    1936  80     10       78
  MINIMUM         70    504 AM  47    1945  64      6       63
  AVERAGE         80                        72      8       71

PRECIPITATION (IN)
  YESTERDAY        0.02          1.04 2011   0.13  -0.11      T
  MONTH TO DATE    0.15                      1.37  -1.22     0.47
  SINCE JUN 1      3.64                      5.27  -1.63     2.96
  SINCE JAN 1     12.46                     17.91  -5.45    13.16

SNOWFALL (IN)
  YESTERDAY        0.0           0.0    MM   0.0    0.0      0.0
  MONTH TO DATE    0.0                       0.0    0.0      0.0
  SINCE JUN 1      0.0                       0.0    0.0      0.0
  SINCE JUL 1      0.0                       0.0    0.0      0.0
  SNOW DEPTH       0

DEGREE DAYS
 HEATING
  YESTERDAY        0                         0      0        0
  MONTH TO DATE    2                         4     -2       26
  SINCE JUN 1     31                        88    -57      128
  SINCE JUL 1      2                         4     -2       26

 COOLING
  YESTERDAY       15                         7      8        6
  MONTH TO DATE   72                        76     -4       30
  SINCE JUN 1    223                       196     27      103
  SINCE JAN 1    268                       226     42      129
..................................................................


WIND (MPH)
  HIGHEST WIND SPEED    22   HIGHEST WIND DIRECTION     S (190)
  HIGHEST GUST SPEED    27   HIGHEST GUST DIRECTION    SW (210)
  AVERAGE WIND SPEED    11.6


SKY COVER
  POSSIBLE SUNSHINE  MM
  AVERAGE SKY COVER 0.4


WEATHER CONDITIONS
 THE FOLLOWING WEATHER WAS RECORDED YESTERDAY.
  LIGHT RAIN


RELATIVE HUMIDITY (PERCENT)
 HIGHEST    79           200 AM
 LOWEST     47           600 PM
 AVERAGE    63

..........................................................


THE MILWAUKEE WI CLIMATE NORMALS FOR TODAY
                         NORMAL    RECORD    YEAR
 MAXIMUM TEMPERATURE (F)   80        97      1930
 MINIMUM TEMPERATURE (F)   64        50      1975


SUNRISE AND SUNSET
JULY 12 2016..........SUNRISE   524 AM CDT   SUNSET   830 PM CDT
JULY 13 2016..........SUNRISE   525 AM CDT   SUNSET   829 PM CDT


-  INDICATES NEGATIVE NUMBERS.
R  INDICATES RECORD WAS SET OR TIED.
MM INDICATES DATA IS MISSING.
T  INDICATES TRACE AMOUNT.




$$
