000
CDUS43 KMKX 180641
CLIMKE


CLIMATE REPORT
NATIONAL WEATHER SERVICE IN MILWAUKEE
141 AM CDT MON MAY 18 2015


...................................

...THE MILWAUKEE WI CLIMATE SUMMARY FOR MAY 17 2015...

CLIMATE NORMAL PERIOD 1981 TO 2010
CLIMATE RECORD PERIOD 1871 TO 2015


WEATHER ITEM   OBSERVED TIME   RECORD YEAR NORMAL DEPARTURE LAST
                VALUE   (LST)  VALUE       VALUE  FROM      YEAR
                                                  NORMAL
..................................................................
TEMPERATURE (F)
 YESTERDAY
  MAXIMUM         78    203 PM  88    1987  65     13       61
                                      1911
                                      1906
  MINIMUM         47    238 AM  31    1983  47      0       42
  AVERAGE         63                        56      7       52

PRECIPITATION (IN)
  YESTERDAY        0.21          1.70 2000   0.11   0.10     0.00
  MONTH TO DATE    1.12                      1.78  -0.66     1.89
  SINCE MAR 1      7.17                      7.61  -0.44     7.27
  SINCE JAN 1      8.89                     11.02  -2.13    10.01

SNOWFALL (IN)
  YESTERDAY        0.0           T    1915   0.0    0.0      0.0
  MONTH TO DATE    0.0                       0.1   -0.1      0.0
  SINCE MAR 1      4.9                       9.1   -4.2      6.6
  SINCE JUL 1     43.0                      46.9   -3.9     63.4
  SNOW DEPTH       0

DEGREE DAYS
 HEATING
  YESTERDAY        2                        10     -8       13
  MONTH TO DATE  159                       204    -45      212
  SINCE MAR 1   1658                      1721    -63     1946
  SINCE JUL 1   6990                      6701    289     7602

 COOLING
  YESTERDAY        0                         1     -1        0
  MONTH TO DATE   11                         7      4        2
  SINCE MAR 1     11                        12     -1        2
  SINCE JAN 1     11                        12     -1        2
..................................................................


WIND (MPH)
  HIGHEST WIND SPEED    26   HIGHEST WIND DIRECTION     S (160)
  HIGHEST GUST SPEED    33   HIGHEST GUST DIRECTION     S (160)
  AVERAGE WIND SPEED    10.9


SKY COVER
  POSSIBLE SUNSHINE  MM
  AVERAGE SKY COVER 0.8


WEATHER CONDITIONS
 THE FOLLOWING WEATHER WAS RECORDED YESTERDAY.
  HEAVY RAIN
  LIGHT RAIN
  FOG
  HAZE


RELATIVE HUMIDITY (PERCENT)
 HIGHEST    93          1200 AM
 LOWEST     57           800 PM
 AVERAGE    75

..........................................................


THE MILWAUKEE WI CLIMATE NORMALS FOR TODAY
                         NORMAL    RECORD    YEAR
 MAXIMUM TEMPERATURE (F)   66        90      1996
 MINIMUM TEMPERATURE (F)   47        33      2002


SUNRISE AND SUNSET
MAY 18 2015...........SUNRISE   526 AM CDT   SUNSET   811 PM CDT
MAY 19 2015...........SUNRISE   525 AM CDT   SUNSET   812 PM CDT


-  INDICATES NEGATIVE NUMBERS.
R  INDICATES RECORD WAS SET OR TIED.
MM INDICATES DATA IS MISSING.
T  INDICATES TRACE AMOUNT.




$$
