000
CDUS43 KMKX 240652
CLIMKE


CLIMATE REPORT
NATIONAL WEATHER SERVICE IN MILWAUKEE
151 AM CDT MON AUG 24 2015


...................................

...THE MILWAUKEE WI CLIMATE SUMMARY FOR AUGUST 23 2015...

CLIMATE NORMAL PERIOD 1981 TO 2010
CLIMATE RECORD PERIOD 1871 TO 2015


WEATHER ITEM   OBSERVED TIME   RECORD YEAR NORMAL DEPARTURE LAST
                VALUE   (LST)  VALUE       VALUE  FROM      YEAR
                                                  NORMAL
..................................................................
TEMPERATURE (F)
 YESTERDAY
  MAXIMUM         75   1227 PM  98    1947  78     -3       75
  MINIMUM         60   1159 PM  42    1875  63     -3       68
  AVERAGE         68                        70     -2       72

PRECIPITATION (IN)
  YESTERDAY        0.02          2.10 1898   0.11  -0.09     1.26
  MONTH TO DATE    2.56                      3.03  -0.47     4.84
  SINCE JUN 1      6.65                     10.60  -3.95    13.49
  SINCE JAN 1     16.85                     23.24  -6.39    24.44

SNOWFALL (IN)
  YESTERDAY        0.0           0.0    MM   0.0    0.0      0.0
  MONTH TO DATE    0.0                       0.0    0.0      0.0
  SINCE JUN 1      0.0                       0.0    0.0      0.0
  SINCE JUL 1      0.0                       0.0    0.0      0.0
  SNOW DEPTH       0

DEGREE DAYS
 HEATING
  YESTERDAY        0                         1     -1        0
  MONTH TO DATE    2                         2      0        5
  SINCE JUN 1    132                        97     35      100
  SINCE JUL 1     30                        13     17       26

 COOLING
  YESTERDAY        3                         6     -3        7
  MONTH TO DATE  173                       152     21      109
  SINCE JUN 1    454                       494    -40      326
  SINCE JAN 1    480                       524    -44      344
..................................................................


WIND (MPH)
  HIGHEST WIND SPEED    23   HIGHEST WIND DIRECTION    NW (300)
  HIGHEST GUST SPEED    33   HIGHEST GUST DIRECTION     W (290)
  AVERAGE WIND SPEED    10.9


SKY COVER
  POSSIBLE SUNSHINE  MM
  AVERAGE SKY COVER 0.6


WEATHER CONDITIONS
 THE FOLLOWING WEATHER WAS RECORDED YESTERDAY.
  RAIN
  LIGHT RAIN
  FOG


RELATIVE HUMIDITY (PERCENT)
 HIGHEST    90           800 AM
 LOWEST     46          1200 PM
 AVERAGE    68

..........................................................


THE MILWAUKEE WI CLIMATE NORMALS FOR TODAY
                         NORMAL    RECORD    YEAR
 MAXIMUM TEMPERATURE (F)   78       100      1948
 MINIMUM TEMPERATURE (F)   62        47      1887


SUNRISE AND SUNSET
AUGUST 24 2015........SUNRISE   607 AM CDT   SUNSET   740 PM CDT
AUGUST 25 2015........SUNRISE   608 AM CDT   SUNSET   738 PM CDT


-  INDICATES NEGATIVE NUMBERS.
R  INDICATES RECORD WAS SET OR TIED.
MM INDICATES DATA IS MISSING.
T  INDICATES TRACE AMOUNT.




$$
