000
CDUS43 KMKX 090651
CLIMKE


CLIMATE REPORT
NATIONAL WEATHER SERVICE IN MILWAUKEE
1250 AM CST THU MAR 9 2017


...................................

...THE MILWAUKEE WI CLIMATE SUMMARY FOR MARCH 8 2017...

CLIMATE NORMAL PERIOD 1981 TO 2010
CLIMATE RECORD PERIOD 1871 TO 2017


WEATHER ITEM   OBSERVED TIME   RECORD YEAR NORMAL DEPARTURE LAST
                VALUE   (LST)  VALUE       VALUE  FROM      YEAR
                                                  NORMAL
..................................................................
TEMPERATURE (F)
 YESTERDAY
  MAXIMUM         49    336 PM  77    2000  40      9       71
  MINIMUM         36   1159 PM  -6    1960  25     11       55
  AVERAGE         43                        32     11       63

PRECIPITATION (IN)
  YESTERDAY        0.00          1.47 1897   0.06  -0.06      T
  MONTH TO DATE    0.48                      0.51  -0.03     0.25
  SINCE MAR 1      0.48                      0.51  -0.03     0.25
  SINCE JAN 1      4.49                      3.92   0.57     1.56

SNOWFALL (IN)
  YESTERDAY        0.0          11.2  1961   0.3   -0.3      0.0
  MONTH TO DATE    2.3                       2.5   -0.2      4.2
  SINCE MAR 1      2.3                       2.5   -0.2      4.2
  SINCE JUL 1     26.3                      40.3  -14.0     33.3
  SNOW DEPTH       0

DEGREE DAYS
 HEATING
  YESTERDAY       22                        33    -11        2
  MONTH TO DATE  205                       271    -66      236
  SINCE MAR 1    205                       271    -66      236
  SINCE JUL 1   4204                      5251  -1047     4455

 COOLING
  YESTERDAY        0                         0      0        0
  MONTH TO DATE    0                         0      0        0
  SINCE MAR 1      0                         0      0        0
  SINCE JAN 1      0                         0      0        0
..................................................................


WIND (MPH)
  HIGHEST WIND SPEED    44   HIGHEST WIND DIRECTION     W (250)
  HIGHEST GUST SPEED    58   HIGHEST GUST DIRECTION     W (260)
  AVERAGE WIND SPEED    22.0


SKY COVER
  POSSIBLE SUNSHINE  MM
  AVERAGE SKY COVER 0.2


WEATHER CONDITIONS
 THE FOLLOWING WEATHER WAS RECORDED YESTERDAY.
  NO SIGNIFICANT WEATHER WAS OBSERVED.


RELATIVE HUMIDITY (PERCENT)
 HIGHEST    64           100 AM
 LOWEST     21           200 PM
 AVERAGE    43

..........................................................


THE MILWAUKEE WI CLIMATE NORMALS FOR TODAY
                         NORMAL    RECORD    YEAR
 MAXIMUM TEMPERATURE (F)   40        67      2016
 MINIMUM TEMPERATURE (F)   26         0      1975


SUNRISE AND SUNSET
MARCH  9 2017.........SUNRISE   614 AM CST   SUNSET   551 PM CST
MARCH 10 2017.........SUNRISE   612 AM CST   SUNSET   552 PM CST


-  INDICATES NEGATIVE NUMBERS.
R  INDICATES RECORD WAS SET OR TIED.
MM INDICATES DATA IS MISSING.
T  INDICATES TRACE AMOUNT.




$$
