000
CDUS43 KMKX 260642
CLIMKE


CLIMATE REPORT
NATIONAL WEATHER SERVICE IN MILWAUKEE
1241 AM CST TUE DEC 26 2017


...................................

...THE MILWAUKEE WI CLIMATE SUMMARY FOR DECEMBER 25 2017...

CLIMATE NORMAL PERIOD 1981 TO 2010
CLIMATE RECORD PERIOD 1871 TO 2017


WEATHER ITEM   OBSERVED TIME   RECORD YEAR NORMAL DEPARTURE LAST
                VALUE   (LST)  VALUE       VALUE  FROM      YEAR
                                                  NORMAL
..................................................................
TEMPERATURE (F)
 YESTERDAY
  MAXIMUM         21   1213 AM  61    1982  30     -9       38
  MINIMUM          2   1159 PM -12    1983  18    -16       35
  AVERAGE         12                        24    -12       37

PRECIPITATION (IN)
  YESTERDAY        0.01          0.96 2009   0.06  -0.05     0.15
  MONTH TO DATE    0.43                      1.70  -1.27     1.78
  SINCE DEC 1      0.43                      1.70  -1.27     1.78
  SINCE JAN 1     34.06                     34.42  -0.36    29.11

SNOWFALL (IN)
  YESTERDAY        0.1           5.7  1950   0.4   -0.3      0.0
  MONTH TO DATE    3.9                       8.2   -4.3     18.8
  SINCE DEC 1      3.9                       8.2   -4.3     18.8
  SINCE JUL 1      4.1                      10.9   -6.8     18.8
  SNOW DEPTH       1

DEGREE DAYS
 HEATING
  YESTERDAY       53                        41     12       28
  MONTH TO DATE  849                       944    -95     1004
  SINCE DEC 1    849                       944    -95     1004
  SINCE JUL 1   1954                      2309   -355     1834

 COOLING
  YESTERDAY        0                         0      0        0
  MONTH TO DATE    0                         0      0        0
  SINCE DEC 1      0                         0      0        0
  SINCE JAN 1    772                       641    131      991
..................................................................


WIND (MPH)
  HIGHEST WIND SPEED    22   HIGHEST WIND DIRECTION     W (290)
  HIGHEST GUST SPEED    33   HIGHEST GUST DIRECTION     W (280)
  AVERAGE WIND SPEED    13.5


SKY COVER
  POSSIBLE SUNSHINE  MM
  AVERAGE SKY COVER 0.5


WEATHER CONDITIONS
 THE FOLLOWING WEATHER WAS RECORDED YESTERDAY.
  LIGHT SNOW
  HAZE


RELATIVE HUMIDITY (PERCENT)
 HIGHEST    84          1200 AM
 LOWEST     53           200 PM
 AVERAGE    69

..........................................................


THE MILWAUKEE WI CLIMATE NORMALS FOR TODAY
                         NORMAL    RECORD    YEAR
 MAXIMUM TEMPERATURE (F)   30        51      2008
                                             1936
 MINIMUM TEMPERATURE (F)   17       -14      1962


SUNRISE AND SUNSET
DECEMBER 26 2017......SUNRISE   722 AM CST   SUNSET   423 PM CST
DECEMBER 27 2017......SUNRISE   722 AM CST   SUNSET   424 PM CST


-  INDICATES NEGATIVE NUMBERS.
R  INDICATES RECORD WAS SET OR TIED.
MM INDICATES DATA IS MISSING.
T  INDICATES TRACE AMOUNT.




$$
