000
CDUS43 KMKX 150657
CLIMKE


CLIMATE REPORT
NATIONAL WEATHER SERVICE IN MILWAUKEE
157 AM CDT THU SEP 15 2016


...................................

...THE MILWAUKEE WI CLIMATE SUMMARY FOR SEPTEMBER 14 2016...

CLIMATE NORMAL PERIOD 1981 TO 2010
CLIMATE RECORD PERIOD 1871 TO 2016


WEATHER ITEM   OBSERVED TIME   RECORD YEAR NORMAL DEPARTURE LAST
                VALUE   (LST)  VALUE       VALUE  FROM      YEAR
                                                  NORMAL
..................................................................
TEMPERATURE (F)
 YESTERDAY
  MAXIMUM         72   1151 AM  98    1939  72      0       81
  MINIMUM         61   1159 PM  38    1923  56      5       52
  AVERAGE         67                        64      3       67

PRECIPITATION (IN)
  YESTERDAY        0.01          2.31 1914   0.11  -0.10     0.00
  MONTH TO DATE    1.68                      1.46   0.22     1.48
  SINCE SEP 1      1.68                      1.46   0.22     1.48
  SINCE JAN 1     19.34                     25.64  -6.30    19.23

SNOWFALL (IN)
  YESTERDAY        0.0           0.0    MM   0.0    0.0      0.0
  MONTH TO DATE    0.0                       0.0    0.0      0.0
  SINCE SEP 1      0.0                       0.0    0.0      0.0
  SINCE JUL 1      0.0                       0.0    0.0      0.0
  SNOW DEPTH       0

DEGREE DAYS
 HEATING
  YESTERDAY        0                         3     -3        0
  MONTH TO DATE    0                        29    -29       20
  SINCE SEP 1      0                        29    -29       20
  SINCE JUL 1      2                        55    -53       68

 COOLING
  YESTERDAY        2                         2      0        2
  MONTH TO DATE   81                        48     33       98
  SINCE SEP 1     81                        48     33       98
  SINCE JAN 1    917                       613    304      585
..................................................................


WIND (MPH)
  HIGHEST WIND SPEED    14   HIGHEST WIND DIRECTION     E (70)
  HIGHEST GUST SPEED    18   HIGHEST GUST DIRECTION    SE (120)
  AVERAGE WIND SPEED     5.8


SKY COVER
  POSSIBLE SUNSHINE  MM
  AVERAGE SKY COVER 0.6


WEATHER CONDITIONS
 THE FOLLOWING WEATHER WAS RECORDED YESTERDAY.
  NO SIGNIFICANT WEATHER WAS OBSERVED.


RELATIVE HUMIDITY (PERCENT)
 HIGHEST    90           400 AM
 LOWEST     61          1100 AM
 AVERAGE    76

..........................................................


THE MILWAUKEE WI CLIMATE NORMALS FOR TODAY
                         NORMAL    RECORD    YEAR
 MAXIMUM TEMPERATURE (F)   72        99      1939
 MINIMUM TEMPERATURE (F)   55        40      2011
                                             2007


SUNRISE AND SUNSET
SEPTEMBER 15 2016.....SUNRISE   632 AM CDT   SUNSET   701 PM CDT
SEPTEMBER 16 2016.....SUNRISE   633 AM CDT   SUNSET   659 PM CDT


-  INDICATES NEGATIVE NUMBERS.
R  INDICATES RECORD WAS SET OR TIED.
MM INDICATES DATA IS MISSING.
T  INDICATES TRACE AMOUNT.




$$
