000
CDUS43 KMKX 012245
CLIMKE


CLIMATE REPORT
NATIONAL WEATHER SERVICE IN MILWAUKEE
545 PM CDT WED NOV 1 2017


...................................

...THE MILWAUKEE WI CLIMATE SUMMARY FOR NOVEMBER 1 2017...
VALID TODAY AS OF 0500 PM LOCAL TIME.

CLIMATE NORMAL PERIOD 1981 TO 2010
CLIMATE RECORD PERIOD 1871 TO 2017


WEATHER ITEM   OBSERVED TIME   RECORD YEAR NORMAL DEPARTURE LAST
                VALUE   (LST)  VALUE       VALUE  FROM      YEAR
                                                  NORMAL
..................................................................
TEMPERATURE (F)
 TODAY
  MAXIMUM         46   1225 PM  77    2016  53     -7       77
                                      1950
                                      1944
  MINIMUM         35    519 AM   4    1883  38     -3       59
  AVERAGE         41                        46     -5       68

PRECIPITATION (IN)
  TODAY            T             1.82 1985   0.10  -0.10     0.00
  MONTH TO DATE    T                         0.10  -0.10     0.00
  SINCE SEP 1      4.94                      5.93  -0.99     7.86
  SINCE JAN 1     32.26                     30.11   2.15    25.52

SNOWFALL (IN)
  TODAY           MM             1.9  1954   0.0   MM        0.0
  MONTH TO DATE   MM                         0.0   MM        0.0
  SINCE SEP 1      T                         0.3   -0.3      0.0
  SINCE JUL 1      T                         0.3   -0.3      0.0
  SNOW DEPTH       0

DEGREE DAYS
 HEATING
  TODAY           24                        19      5        0
  MONTH TO DATE   24                        19      5        0
  SINCE SEP 1    350                       578   -228      300
  SINCE JUL 1    359                       604   -245      302

 COOLING
  TODAY            0                         0      0        3
  MONTH TO DATE    0                         0      0        3
  SINCE SEP 1    162                        76     86      155
  SINCE JAN 1    772                       641    131      991
..................................................................


WIND (MPH)
  HIGHEST WIND SPEED    17   HIGHEST WIND DIRECTION     S (160)
  HIGHEST GUST SPEED    21   HIGHEST GUST DIRECTION     S (180)
  AVERAGE WIND SPEED     7.3


SKY COVER
  POSSIBLE SUNSHINE  MM
  AVERAGE SKY COVER 1.0


WEATHER CONDITIONS
 THE FOLLOWING WEATHER WAS RECORDED TODAY.
  LIGHT RAIN


RELATIVE HUMIDITY (PERCENT)
 HIGHEST    82           400 PM
 LOWEST     53          1100 AM
 AVERAGE    68

..........................................................


THE MILWAUKEE WI CLIMATE NORMALS FOR TOMORROW
                         NORMAL    RECORD    YEAR
 MAXIMUM TEMPERATURE (F)   53        77      1938
 MINIMUM TEMPERATURE (F)   38        13      1951


SUNRISE AND SUNSET
NOVEMBER  1 2017......SUNRISE   726 AM CDT   SUNSET   543 PM CDT
NOVEMBER  2 2017......SUNRISE   728 AM CDT   SUNSET   542 PM CDT


-  INDICATES NEGATIVE NUMBERS.
R  INDICATES RECORD WAS SET OR TIED.
MM INDICATES DATA IS MISSING.
T  INDICATES TRACE AMOUNT.




$$
