000
CDUS43 KMKX 170649
CLIMKE


CLIMATE REPORT
NATIONAL WEATHER SERVICE IN MILWAUKEE
149 AM CDT SUN AUG 17 2014


...................................

...THE MILWAUKEE WI CLIMATE SUMMARY FOR AUGUST 16 2014...

CLIMATE NORMAL PERIOD 1981 TO 2010
CLIMATE RECORD PERIOD 1871 TO 2014


WEATHER ITEM   OBSERVED TIME   RECORD YEAR NORMAL DEPARTURE LAST
                VALUE   (LST)  VALUE       VALUE  FROM      YEAR
                                                  NORMAL
..................................................................
TEMPERATURE (F)
 YESTERDAY
  MAXIMUM         85    401 PM 100    1988  79      6       77
  MINIMUM         62    203 AM  46    1979  63     -1       61
  AVERAGE         74                        71      3       69

PRECIPITATION (IN)
  YESTERDAY        T             2.61 1995   0.14  -0.14     0.00
  MONTH TO DATE    2.10                      2.13  -0.03     1.60
  SINCE JUN 1     10.75                      9.70   1.05     8.95
  SINCE JAN 1     21.70                     22.34  -0.64    28.46

SNOWFALL (IN)
  YESTERDAY        0.0           0.0    MM   0.0    0.0      0.0
  MONTH TO DATE    0.0                       0.0    0.0      0.0
  SINCE JUN 1      0.0                       0.0    0.0      0.0
  SINCE JUL 1      0.0                       0.0    0.0      0.0
  SNOW DEPTH       0

DEGREE DAYS
 HEATING
  YESTERDAY        0                         0      0        0
  MONTH TO DATE    4                         0      4        8
  SINCE JUN 1     99                        95      4      109
  SINCE JUL 1     25                        11     14       22

 COOLING
  YESTERDAY        9                         6      3        4
  MONTH TO DATE   62                       110    -48       59
  SINCE JUN 1    279                       452   -173      399
  SINCE JAN 1    297                       482   -185      438
..................................................................


WIND (MPH)
  HIGHEST WIND SPEED    18   HIGHEST WIND DIRECTION     N (10)
  HIGHEST GUST SPEED    26   HIGHEST GUST DIRECTION     W (280)
  AVERAGE WIND SPEED     9.8


SKY COVER
  POSSIBLE SUNSHINE  MM
  AVERAGE SKY COVER 0.5


WEATHER CONDITIONS
 THE FOLLOWING WEATHER WAS RECORDED YESTERDAY.
  LIGHT RAIN
  FOG


RELATIVE HUMIDITY (PERCENT)
 HIGHEST    90           900 PM
 LOWEST     48           400 PM
 AVERAGE    69

..........................................................


THE MILWAUKEE WI CLIMATE NORMALS FOR TODAY
                         NORMAL    RECORD    YEAR
 MAXIMUM TEMPERATURE (F)   79       100      1988
 MINIMUM TEMPERATURE (F)   63        49      1879


SUNRISE AND SUNSET
AUGUST 17 2014........SUNRISE   600 AM CDT   SUNSET   751 PM CDT
AUGUST 18 2014........SUNRISE   601 AM CDT   SUNSET   749 PM CDT


-  INDICATES NEGATIVE NUMBERS.
R  INDICATES RECORD WAS SET OR TIED.
MM INDICATES DATA IS MISSING.
T  INDICATES TRACE AMOUNT.




$$
