073
CDUS43 KMKX 090654
CLIMKE


CLIMATE REPORT
NATIONAL WEATHER SERVICE IN MILWAUKEE
153 AM CDT SUN JUL 9 2017


...................................

...THE MILWAUKEE WI CLIMATE SUMMARY FOR JULY 8 2017...

CLIMATE NORMAL PERIOD 1981 TO 2010
CLIMATE RECORD PERIOD 1871 TO 2017


WEATHER ITEM   OBSERVED TIME   RECORD YEAR NORMAL DEPARTURE LAST
                VALUE   (LST)  VALUE       VALUE  FROM      YEAR
                                                  NORMAL
..................................................................
TEMPERATURE (F)
 YESTERDAY
  MAXIMUM         74    546 PM 101    1936  80     -6       86
  MINIMUM         59    455 AM  51    2015  63     -4       65
                                      1961
                                      1883
  AVERAGE         67                        72     -5       76

PRECIPITATION (IN)
  YESTERDAY        0.00          1.80 1971   0.12  -0.12     0.00
  MONTH TO DATE    0.55                      0.99  -0.44     0.13
  SINCE JUN 1      5.76                      4.89   0.87     3.62
  SINCE JAN 1     22.55                     17.53   5.02    12.44

SNOWFALL (IN)
  YESTERDAY        0.0           0.0    MM   0.0    0.0      0.0
  MONTH TO DATE    0.0                       0.0    0.0      0.0
  SINCE JUN 1      0.0                       0.0    0.0      0.0
  SINCE JUL 1      0.0                       0.0    0.0      0.0
  SNOW DEPTH       0

DEGREE DAYS
 HEATING
  YESTERDAY        0                         0      0        0
  MONTH TO DATE    0                         4     -4        2
  SINCE JUN 1     14                        88    -74       31
  SINCE JUL 1      0                         4     -4        2

 COOLING
  YESTERDAY        2                         7     -5       11
  MONTH TO DATE   55                        55      0       48
  SINCE JUN 1    237                       175     62      199
  SINCE JAN 1    258                       205     53      244
..................................................................


WIND (MPH)
  HIGHEST WIND SPEED    13   HIGHEST WIND DIRECTION    SW (220)
  HIGHEST GUST SPEED    14   HIGHEST GUST DIRECTION    SW (210)
  AVERAGE WIND SPEED     7.8


SKY COVER
  POSSIBLE SUNSHINE  MM
  AVERAGE SKY COVER 0.2


WEATHER CONDITIONS
 THE FOLLOWING WEATHER WAS RECORDED YESTERDAY.
  NO SIGNIFICANT WEATHER WAS OBSERVED.


RELATIVE HUMIDITY (PERCENT)
 HIGHEST    93          1200 AM
 LOWEST     46           600 PM
 AVERAGE    70

..........................................................


THE MILWAUKEE WI CLIMATE NORMALS FOR TODAY
                         NORMAL    RECORD    YEAR
 MAXIMUM TEMPERATURE (F)   80       101      1936
 MINIMUM TEMPERATURE (F)   63        45      1961


SUNRISE AND SUNSET
JULY  9 2017..........SUNRISE   522 AM CDT   SUNSET   832 PM CDT
JULY 10 2017..........SUNRISE   522 AM CDT   SUNSET   831 PM CDT


-  INDICATES NEGATIVE NUMBERS.
R  INDICATES RECORD WAS SET OR TIED.
MM INDICATES DATA IS MISSING.
T  INDICATES TRACE AMOUNT.




$$
