882
CDUS43 KMKX 100648
CLIMKE


CLIMATE REPORT
NATIONAL WEATHER SERVICE IN MILWAUKEE
1247 AM CST FRI NOV 10 2017


...................................

...THE MILWAUKEE WI CLIMATE SUMMARY FOR NOVEMBER 9 2017...

CLIMATE NORMAL PERIOD 1981 TO 2010
CLIMATE RECORD PERIOD 1871 TO 2017


WEATHER ITEM   OBSERVED TIME   RECORD YEAR NORMAL DEPARTURE LAST
                VALUE   (LST)  VALUE       VALUE  FROM      YEAR
                                                  NORMAL
..................................................................
TEMPERATURE (F)
 YESTERDAY
  MAXIMUM         42    818 AM  75    1999  50     -8       59
  MINIMUM         19   1159 PM  16    1925  35    -16       39
  AVERAGE         31                        42    -11       49

PRECIPITATION (IN)
  YESTERDAY        T             1.54 1984   0.08  -0.08     0.00
  MONTH TO DATE    0.49                      0.82  -0.33     0.52
  SINCE SEP 1      5.43                      6.65  -1.22     8.38
  SINCE JAN 1     32.75                     30.83   1.92    26.04

SNOWFALL (IN)
  YESTERDAY        T             6.0  1926   0.1   -0.1      0.0
  MONTH TO DATE    T                         0.2   -0.2      0.0
  SINCE SEP 1      T                         0.5   -0.5      0.0
  SINCE JUL 1      T                         0.5   -0.5      0.0
  SNOW DEPTH       0

DEGREE DAYS
 HEATING
  YESTERDAY       34                        23     11       16
  MONTH TO DATE  222                       189     33       82
  SINCE SEP 1    548                       748   -200      382
  SINCE JUL 1    557                       774   -217      384

 COOLING
  YESTERDAY        0                         0      0        0
  MONTH TO DATE    0                         0      0        3
  SINCE SEP 1    162                        76     86      155
  SINCE JAN 1    772                       641    131      991
..................................................................


WIND (MPH)
  HIGHEST WIND SPEED    24   HIGHEST WIND DIRECTION    NW (320)
  HIGHEST GUST SPEED    32   HIGHEST GUST DIRECTION    NW (310)
  AVERAGE WIND SPEED    14.5


SKY COVER
  POSSIBLE SUNSHINE  MM
  AVERAGE SKY COVER 0.6


WEATHER CONDITIONS
 THE FOLLOWING WEATHER WAS RECORDED YESTERDAY.
  LIGHT RAIN
  LIGHT SNOW


RELATIVE HUMIDITY (PERCENT)
 HIGHEST    75          1200 AM
 LOWEST     34           500 PM
 AVERAGE    55

..........................................................


THE MILWAUKEE WI CLIMATE NORMALS FOR TODAY
                         NORMAL    RECORD    YEAR
 MAXIMUM TEMPERATURE (F)   49        66      2016
 MINIMUM TEMPERATURE (F)   35        15      1957


SUNRISE AND SUNSET
NOVEMBER 10 2017......SUNRISE   638 AM CST   SUNSET   433 PM CST
NOVEMBER 11 2017......SUNRISE   639 AM CST   SUNSET   432 PM CST


-  INDICATES NEGATIVE NUMBERS.
R  INDICATES RECORD WAS SET OR TIED.
MM INDICATES DATA IS MISSING.
T  INDICATES TRACE AMOUNT.




$$
