000
CDUS43 KMKX 162145
CLIMKE


CLIMATE REPORT
NATIONAL WEATHER SERVICE IN MILWAUKEE
444 PM CDT FRI SEP 16 2016


...................................

...THE MILWAUKEE WI CLIMATE SUMMARY FOR SEPTEMBER 16 2016...
VALID TODAY AS OF 0400 PM LOCAL TIME.

CLIMATE NORMAL PERIOD 1981 TO 2010
CLIMATE RECORD PERIOD 1871 TO 2016


WEATHER ITEM   OBSERVED TIME   RECORD YEAR NORMAL DEPARTURE LAST
                VALUE   (LST)  VALUE       VALUE  FROM      YEAR
                                                  NORMAL
..................................................................
TEMPERATURE (F)
 TODAY
  MAXIMUM         85    135 PM  93    1891  71     14       83
  MINIMUM         68    615 AM  36    1916  55     13       58
  AVERAGE         77                        63     14       71

PRECIPITATION (IN)
  TODAY            0.00          1.16 1929   0.11  -0.11     0.00
  MONTH TO DATE    1.68                      1.68   0.00     1.48
  SINCE SEP 1      1.68                      1.68   0.00     1.48
  SINCE JAN 1     19.34                     25.86  -6.52    19.23

SNOWFALL (IN)
  TODAY            0.0           0.0    MM   0.0    0.0      0.0
  MONTH TO DATE    0.0                       0.0    0.0      0.0
  SINCE SEP 1      0.0                       0.0    0.0      0.0
  SINCE JUL 1      0.0                       0.0    0.0      0.0
  SNOW DEPTH       0

DEGREE DAYS
 HEATING
  TODAY            0                         4     -4        0
  MONTH TO DATE    0                        37    -37       20
  SINCE SEP 1      0                        37    -37       20
  SINCE JUL 1      2                        63    -61       68

 COOLING
  TODAY           12                         2     10        6
  MONTH TO DATE   95                        52     43      113
  SINCE SEP 1     95                        52     43      113
  SINCE JAN 1    931                       617    314      600
..................................................................


WIND (MPH)
  HIGHEST WIND SPEED    23   HIGHEST WIND DIRECTION    SW (210)
  HIGHEST GUST SPEED    30   HIGHEST GUST DIRECTION    SW (220)
  AVERAGE WIND SPEED    13.2


SKY COVER
  POSSIBLE SUNSHINE  MM
  AVERAGE SKY COVER 0.8


WEATHER CONDITIONS
 THE FOLLOWING WEATHER WAS RECORDED TODAY.
  NO SIGNIFICANT WEATHER WAS OBSERVED.


RELATIVE HUMIDITY (PERCENT)
 HIGHEST    81           100 AM
 LOWEST     55           300 PM
 AVERAGE    68

..........................................................


THE MILWAUKEE WI CLIMATE NORMALS FOR TOMORROW
                         NORMAL    RECORD    YEAR
 MAXIMUM TEMPERATURE (F)   71        92      1891
 MINIMUM TEMPERATURE (F)   54        39      1916
                                             1875


SUNRISE AND SUNSET
SEPTEMBER 16 2016.....SUNRISE   633 AM CDT   SUNSET   659 PM CDT
SEPTEMBER 17 2016.....SUNRISE   634 AM CDT   SUNSET   657 PM CDT


-  INDICATES NEGATIVE NUMBERS.
R  INDICATES RECORD WAS SET OR TIED.
MM INDICATES DATA IS MISSING.
T  INDICATES TRACE AMOUNT.




$$
