000
CDUS43 KMKX 282128
CLIMKE


CLIMATE REPORT
NATIONAL WEATHER SERVICE IN MILWAUKEE
423 PM CDT MON AUG 28 2017


...................................

...THE MILWAUKEE WI CLIMATE SUMMARY FOR AUGUST 28 2017...
VALID TODAY AS OF 0400 PM LOCAL TIME.

CLIMATE NORMAL PERIOD 1981 TO 2010
CLIMATE RECORD PERIOD 1871 TO 2017


WEATHER ITEM   OBSERVED TIME   RECORD YEAR NORMAL DEPARTURE LAST
                VALUE   (LST)  VALUE       VALUE  FROM      YEAR
                                                  NORMAL
..................................................................
TEMPERATURE (F)
 TODAY
  MAXIMUM         76   1130 AM  97    1926  77     -1       76
  MINIMUM         66    747 AM  45    1965  62      4       65
  AVERAGE         71                        69      2       71

PRECIPITATION (IN)
  TODAY            0.47          1.42 1936   0.12   0.35     0.00
  MONTH TO DATE    1.34                      3.61  -2.27     1.50
  SINCE JUN 1     10.24                     11.18  -0.94     6.75
  SINCE JAN 1     27.03                     23.82   3.21    15.57

SNOWFALL (IN)
  TODAY            0.0           0.0    MM   0.0    0.0      0.0
  MONTH TO DATE    0.0                       0.0    0.0      0.0
  SINCE JUN 1      0.0                       0.0    0.0      0.0
  SINCE JUL 1      0.0                       0.0    0.0      0.0
  SNOW DEPTH       0

DEGREE DAYS
 HEATING
  TODAY            0                         1     -1        0
  MONTH TO DATE    7                         7      0        0
  SINCE JUN 1     22                       102    -80       31
  SINCE JUL 1      8                        18    -10        2

 COOLING
  TODAY            6                         5      1        6
  MONTH TO DATE  169                       179    -10      308
  SINCE JUN 1    581                       521     60      765
  SINCE JAN 1    602                       551     51      810
..................................................................


WIND (MPH)
  HIGHEST WIND SPEED    18   HIGHEST WIND DIRECTION    SE (120)
  HIGHEST GUST SPEED    23   HIGHEST GUST DIRECTION    SE (130)
  AVERAGE WIND SPEED    10.4


SKY COVER
  POSSIBLE SUNSHINE  MM
  AVERAGE SKY COVER 0.8


WEATHER CONDITIONS
 THE FOLLOWING WEATHER WAS RECORDED TODAY.
  THUNDERSTORM
  HEAVY RAIN
  LIGHT RAIN
  FOG
  HAZE


RELATIVE HUMIDITY (PERCENT)
 HIGHEST    93           400 AM
 LOWEST     60          1100 AM
 AVERAGE    77

..........................................................


THE MILWAUKEE WI CLIMATE NORMALS FOR TOMORROW
                         NORMAL    RECORD    YEAR
 MAXIMUM TEMPERATURE (F)   77        96      1973
 MINIMUM TEMPERATURE (F)   61        44      1982
                                             1965


SUNRISE AND SUNSET
AUGUST 28 2017........SUNRISE   612 AM CDT   SUNSET   733 PM CDT
AUGUST 29 2017........SUNRISE   613 AM CDT   SUNSET   731 PM CDT


-  INDICATES NEGATIVE NUMBERS.
R  INDICATES RECORD WAS SET OR TIED.
MM INDICATES DATA IS MISSING.
T  INDICATES TRACE AMOUNT.




$$

HAHN
