000
CDUS43 KMKX 222142
CLIMKE


CLIMATE REPORT
NATIONAL WEATHER SERVICE IN MILWAUKEE
441 PM CDT WED JUL 22 2015


...................................

...THE MILWAUKEE WI CLIMATE SUMMARY FOR JULY 22 2015...
VALID TODAY AS OF 0400 PM LOCAL TIME.

CLIMATE NORMAL PERIOD 1981 TO 2010
CLIMATE RECORD PERIOD 1871 TO 2015


WEATHER ITEM   OBSERVED TIME   RECORD YEAR NORMAL DEPARTURE LAST
                VALUE   (LST)  VALUE       VALUE  FROM      YEAR
                                                  NORMAL
..................................................................
TEMPERATURE (F)
 TODAY
  MAXIMUM         80   1153 AM  97    1955  80      0       89
  MINIMUM         60    504 AM  47    1947  64     -4       63
  AVERAGE         70                        72     -2       76

PRECIPITATION (IN)
  TODAY            0.00          5.61 2010   0.12  -0.12     0.01
  MONTH TO DATE    1.60                      2.64  -1.04     1.89
  SINCE JUN 1      4.09                      6.54  -2.45     8.23
  SINCE JAN 1     14.29                     19.18  -4.89    19.18

SNOWFALL (IN)
  TODAY            0.0           0.0    MM   0.0    0.0      0.0
  MONTH TO DATE    0.0                       0.0    0.0      0.0
  SINCE JUN 1      0.0                       0.0    0.0      0.0
  SINCE JUL 1      0.0                       0.0    0.0      0.0
  SNOW DEPTH       0

DEGREE DAYS
 HEATING
  TODAY            0                         0      0        0
  MONTH TO DATE   28                         4     24       12
  SINCE JUN 1    130                        88     42       86
  SINCE JUL 1     28                         4     24       12

 COOLING
  TODAY            5                         7     -2       11
  MONTH TO DATE  110                       153    -43       98
  SINCE JUN 1    183                       273    -90      188
  SINCE JAN 1    209                       303    -94      206
..................................................................


WIND (MPH)
  HIGHEST WIND SPEED    15   HIGHEST WIND DIRECTION    SE (130)
  HIGHEST GUST SPEED    17   HIGHEST GUST DIRECTION    SE (140)
  AVERAGE WIND SPEED     5.0


SKY COVER
  POSSIBLE SUNSHINE  MM
  AVERAGE SKY COVER 0.6


WEATHER CONDITIONS
 THE FOLLOWING WEATHER WAS RECORDED TODAY.
  HAZE


RELATIVE HUMIDITY (PERCENT)
 HIGHEST    78           400 AM
 LOWEST     42          1200 PM
 AVERAGE    60

..........................................................


THE MILWAUKEE WI CLIMATE NORMALS FOR TOMORROW
                         NORMAL    RECORD    YEAR
 MAXIMUM TEMPERATURE (F)   80        99      2012
                                             1940
 MINIMUM TEMPERATURE (F)   64        50      1876


SUNRISE AND SUNSET
JULY 22 2015..........SUNRISE   532 AM CDT   SUNSET   823 PM CDT
JULY 23 2015..........SUNRISE   533 AM CDT   SUNSET   822 PM CDT


-  INDICATES NEGATIVE NUMBERS.
R  INDICATES RECORD WAS SET OR TIED.
MM INDICATES DATA IS MISSING.
T  INDICATES TRACE AMOUNT.




$$
