000
CDUS43 KMKX 240701
CLIMKE


CLIMATE REPORT
NATIONAL WEATHER SERVICE IN MILWAUKEE
200 AM CDT MON APR 24 2017


...................................

...THE MILWAUKEE WI CLIMATE SUMMARY FOR APRIL 23 2017...

CLIMATE NORMAL PERIOD 1981 TO 2010
CLIMATE RECORD PERIOD 1871 TO 2017


WEATHER ITEM   OBSERVED TIME   RECORD YEAR NORMAL DEPARTURE LAST
                VALUE   (LST)  VALUE       VALUE  FROM      YEAR
                                                  NORMAL
..................................................................
TEMPERATURE (F)
 YESTERDAY
  MAXIMUM         71   1200 PM  85    1960  57     14       50
  MINIMUM         39   1158 PM  22    1910  40     -1       38
  AVERAGE         55                        48      7       44

PRECIPITATION (IN)
  YESTERDAY        0.00          1.52 1999   0.11  -0.11     0.00
  MONTH TO DATE    3.87                      2.77   1.10     1.20
  SINCE MAR 1      7.59                      5.04   2.55     4.54
  SINCE JAN 1     11.60                      8.45   3.15     5.85

SNOWFALL (IN)
  YESTERDAY        0.0           8.0  1910   0.1   -0.1      0.0
  MONTH TO DATE    0.0                       1.9   -1.9      3.4
  SINCE MAR 1     13.6                       8.9    4.7     10.0
  SINCE JUL 1     37.6                      46.7   -9.1     39.1
  SNOW DEPTH       0

DEGREE DAYS
 HEATING
  YESTERDAY       10                        17     -7       21
  MONTH TO DATE  322                       479   -157      507
  SINCE MAR 1   1209                      1408   -199     1271
  SINCE JUL 1   5208                      6388  -1180     5490

 COOLING
  YESTERDAY        0                         0      0        0
  MONTH TO DATE    2                         0      2        0
  SINCE MAR 1      2                         0      2        0
  SINCE JAN 1      2                         0      2        0
..................................................................


WIND (MPH)
  HIGHEST WIND SPEED    29   HIGHEST WIND DIRECTION     N (20)
  HIGHEST GUST SPEED    35   HIGHEST GUST DIRECTION     N (10)
  AVERAGE WIND SPEED     8.4


SKY COVER
  POSSIBLE SUNSHINE  MM
  AVERAGE SKY COVER 0.2


WEATHER CONDITIONS
 THE FOLLOWING WEATHER WAS RECORDED YESTERDAY.
  NO SIGNIFICANT WEATHER WAS OBSERVED.


RELATIVE HUMIDITY (PERCENT)
 HIGHEST    79           600 PM
 LOWEST     26          1000 AM
 AVERAGE    53

..........................................................


THE MILWAUKEE WI CLIMATE NORMALS FOR TODAY
                         NORMAL    RECORD    YEAR
 MAXIMUM TEMPERATURE (F)   57        87      1990
 MINIMUM TEMPERATURE (F)   40        27      1971


SUNRISE AND SUNSET
APRIL 24 2017.........SUNRISE   555 AM CDT   SUNSET   745 PM CDT
APRIL 25 2017.........SUNRISE   554 AM CDT   SUNSET   746 PM CDT


-  INDICATES NEGATIVE NUMBERS.
R  INDICATES RECORD WAS SET OR TIED.
MM INDICATES DATA IS MISSING.
T  INDICATES TRACE AMOUNT.




$$
