000
CDUS43 KMKX 240647
CLIMKE


CLIMATE REPORT
NATIONAL WEATHER SERVICE IN MILWAUKEE
1246 AM CST WED DEC 24 2014


...................................

...THE MILWAUKEE WI CLIMATE SUMMARY FOR DECEMBER 23 2014...

CLIMATE NORMAL PERIOD 1981 TO 2010
CLIMATE RECORD PERIOD 1871 TO 2014


WEATHER ITEM   OBSERVED TIME   RECORD YEAR NORMAL DEPARTURE LAST
                VALUE   (LST)  VALUE       VALUE  FROM      YEAR
                                                  NORMAL
..................................................................
TEMPERATURE (F)
 YESTERDAY
  MAXIMUM         46   1041 AM  55    1982  31     15       22
                                      1941
  MINIMUM         37   1133 PM -18    1872  18     19        3
  AVERAGE         42                        24     18       13

PRECIPITATION (IN)
  YESTERDAY        0.29          1.41 1871   0.06   0.23     0.01
  MONTH TO DATE    1.01                      1.58  -0.57     1.60
  SINCE DEC 1      1.01                      1.58  -0.57     1.60
  SINCE JAN 1     32.09                     34.30  -2.21    39.83

SNOWFALL (IN)
  YESTERDAY        0.0          11.1  1959   0.4   -0.4      0.9
  MONTH TO DATE    0.5                       7.4   -6.9     16.3
  SINCE DEC 1      0.5                       7.4   -6.9     16.3
  SINCE JUL 1      5.3                      10.1   -4.8     18.3
  SNOW DEPTH       0

DEGREE DAYS
 HEATING
  YESTERDAY       23                        41    -18       52
  MONTH TO DATE  746                       862   -116      980
  SINCE DEC 1    746                       862   -116      980
  SINCE JUL 1   2317                      2227     90     2355

 COOLING
  YESTERDAY        0                         0      0        0
  MONTH TO DATE    0                         0      0        0
  SINCE DEC 1      0                         0      0        0
  SINCE JAN 1    464                       641   -177      688
..................................................................


WIND (MPH)
  HIGHEST WIND SPEED    23   HIGHEST WIND DIRECTION    SW (230)
  HIGHEST GUST SPEED    33   HIGHEST GUST DIRECTION    SW (220)
  AVERAGE WIND SPEED     9.8


SKY COVER
  POSSIBLE SUNSHINE  MM
  AVERAGE SKY COVER 0.9


WEATHER CONDITIONS
 THE FOLLOWING WEATHER WAS RECORDED YESTERDAY.
  RAIN
  LIGHT RAIN
  FOG


RELATIVE HUMIDITY (PERCENT)
 HIGHEST    96           600 AM
 LOWEST     65           200 PM
 AVERAGE    81

..........................................................


THE MILWAUKEE WI CLIMATE NORMALS FOR TODAY
                         NORMAL    RECORD    YEAR
 MAXIMUM TEMPERATURE (F)   31        60      1889
 MINIMUM TEMPERATURE (F)   18       -21      1872


SUNRISE AND SUNSET
DECEMBER 24 2014......SUNRISE   721 AM CST   SUNSET   422 PM CST
DECEMBER 25 2014......SUNRISE   721 AM CST   SUNSET   422 PM CST


-  INDICATES NEGATIVE NUMBERS.
R  INDICATES RECORD WAS SET OR TIED.
MM INDICATES DATA IS MISSING.
T  INDICATES TRACE AMOUNT.




$$
