000
CDUS43 KMKX 232044
CLIMKE


CLIMATE REPORT
NATIONAL WEATHER SERVICE IN MILWAUKEE
344 PM CDT THU OCT 23 2014


...................................

...THE MILWAUKEE WI CLIMATE SUMMARY FOR OCTOBER 23 2014...
VALID TODAY AS OF 0300 PM LOCAL TIME.

CLIMATE NORMAL PERIOD 1981 TO 2010
CLIMATE RECORD PERIOD 1871 TO 2014


WEATHER ITEM   OBSERVED TIME   RECORD YEAR NORMAL DEPARTURE LAST
                VALUE   (LST)  VALUE       VALUE  FROM      YEAR
                                                  NORMAL
..................................................................
TEMPERATURE (F)
 TODAY
  MAXIMUM         58    139 PM  84    1963  57      1       44
                                      1899
  MINIMUM         33    234 AM  21    1981  41     -8       31
  AVERAGE         46                        49     -3       38

PRECIPITATION (IN)
  TODAY            0.00          1.33 2009   0.09  -0.09     0.00
  MONTH TO DATE    2.65                      1.96   0.69     2.62
  SINCE SEP 1      3.79                      5.14  -1.35     4.16
  SINCE JAN 1     29.08                     29.32  -0.24    34.29

SNOWFALL (IN)
  TODAY            0.0           1.1  1929   0.0    0.0      0.0
  MONTH TO DATE    0.0                       0.2   -0.2      0.0
  SINCE SEP 1      0.0                       0.2   -0.2      0.0
  SINCE JUL 1      0.0                       0.2   -0.2      0.0
  SNOW DEPTH       0

DEGREE DAYS
 HEATING
  TODAY           19                        16      3       27
  MONTH TO DATE  320                       291     29      256
  SINCE SEP 1    469                       417     52      364
  SINCE JUL 1    495                       443     52      386

 COOLING
  TODAY            0                         0      0        0
  MONTH TO DATE    4                         3      1       10
  SINCE SEP 1     63                        72     -9      111
  SINCE JAN 1    464                       637   -173      688
..................................................................


WIND (MPH)
  HIGHEST WIND SPEED    16   HIGHEST WIND DIRECTION    SW (210)
  HIGHEST GUST SPEED    21   HIGHEST GUST DIRECTION     S (200)
  AVERAGE WIND SPEED     6.3


SKY COVER
  POSSIBLE SUNSHINE  MM
  AVERAGE SKY COVER 0.5


WEATHER CONDITIONS
 THE FOLLOWING WEATHER WAS RECORDED TODAY.
  FOG


RELATIVE HUMIDITY (PERCENT)
 HIGHEST    92           200 AM
 LOWEST     55          1100 AM
 AVERAGE    74

..........................................................


THE MILWAUKEE WI CLIMATE NORMALS FOR TOMORROW
                         NORMAL    RECORD    YEAR
 MAXIMUM TEMPERATURE (F)   56        80      1963
 MINIMUM TEMPERATURE (F)   41        18      1981


SUNRISE AND SUNSET
OCTOBER 23 2014.......SUNRISE   715 AM CDT   SUNSET   556 PM CDT
OCTOBER 24 2014.......SUNRISE   716 AM CDT   SUNSET   555 PM CDT


-  INDICATES NEGATIVE NUMBERS.
R  INDICATES RECORD WAS SET OR TIED.
MM INDICATES DATA IS MISSING.
T  INDICATES TRACE AMOUNT.




$$
