000
CDUS43 KMKX 190659
CLIMKE


CLIMATE REPORT
NATIONAL WEATHER SERVICE IN MILWAUKEE
154 AM CDT THU OCT 19 2017


...................................

...THE MILWAUKEE WI CLIMATE SUMMARY FOR OCTOBER 18 2017...

CLIMATE NORMAL PERIOD 1981 TO 2010
CLIMATE RECORD PERIOD 1871 TO 2017


WEATHER ITEM   OBSERVED TIME   RECORD YEAR NORMAL DEPARTURE LAST
                VALUE   (LST)  VALUE       VALUE  FROM      YEAR
                                                  NORMAL
..................................................................
TEMPERATURE (F)
 YESTERDAY
  MAXIMUM         73    227 PM  84    1950  59     14       76
  MINIMUM         50    642 AM  21    1948  43      7       55
  AVERAGE         62                        50     12       66

PRECIPITATION (IN)
  YESTERDAY        0.00          2.20 1923   0.08  -0.08     0.00
  MONTH TO DATE    3.06                      1.54   1.52     1.75
  SINCE SEP 1      3.91                      4.72  -0.81     6.05
  SINCE JAN 1     31.23                     28.90   2.33    23.71

SNOWFALL (IN)
  YESTERDAY        0.0           T    1992   0.0    0.0      0.0
  MONTH TO DATE    0.0                       0.1   -0.1      0.0
  SINCE SEP 1      0.0                       0.1   -0.1      0.0
  SINCE JUL 1      0.0                       0.1   -0.1      0.0
  SNOW DEPTH       0

DEGREE DAYS
 HEATING
  YESTERDAY        3                        15    -12        0
  MONTH TO DATE   71                       213   -142       95
  SINCE SEP 1    134                       339   -205      120
  SINCE JUL 1    143                       365   -222      122

 COOLING
  YESTERDAY        0                         0      0        1
  MONTH TO DATE   22                         3     19       11
  SINCE SEP 1    157                        72     85      152
  SINCE JAN 1    767                       637    130      988
..................................................................


WIND (MPH)
  HIGHEST WIND SPEED    26   HIGHEST WIND DIRECTION    SW (210)
  HIGHEST GUST SPEED    34   HIGHEST GUST DIRECTION     S (200)
  AVERAGE WIND SPEED    13.9


SKY COVER
  POSSIBLE SUNSHINE  MM
  AVERAGE SKY COVER 0.2


WEATHER CONDITIONS
 THE FOLLOWING WEATHER WAS RECORDED YESTERDAY.
  NO SIGNIFICANT WEATHER WAS OBSERVED.


RELATIVE HUMIDITY (PERCENT)
 HIGHEST    71           300 AM
 LOWEST     35           300 PM
 AVERAGE    53

..........................................................


THE MILWAUKEE WI CLIMATE NORMALS FOR TODAY
                         NORMAL    RECORD    YEAR
 MAXIMUM TEMPERATURE (F)   58        81      1953
 MINIMUM TEMPERATURE (F)   42        24      1972
                                             1930


SUNRISE AND SUNSET
OCTOBER 19 2017.......SUNRISE   710 AM CDT   SUNSET   602 PM CDT
OCTOBER 20 2017.......SUNRISE   711 AM CDT   SUNSET   601 PM CDT


-  INDICATES NEGATIVE NUMBERS.
R  INDICATES RECORD WAS SET OR TIED.
MM INDICATES DATA IS MISSING.
T  INDICATES TRACE AMOUNT.




$$
