000
CDUS43 KMKX 110650
CLIMKE


CLIMATE REPORT
NATIONAL WEATHER SERVICE IN MILWAUKEE
1250 AM CST MON DEC 11 2017


...................................

...THE MILWAUKEE WI CLIMATE SUMMARY FOR DECEMBER 10 2017...

CLIMATE NORMAL PERIOD 1981 TO 2010
CLIMATE RECORD PERIOD 1871 TO 2017


WEATHER ITEM   OBSERVED TIME   RECORD YEAR NORMAL DEPARTURE LAST
                VALUE   (LST)  VALUE       VALUE  FROM      YEAR
                                                  NORMAL
..................................................................
TEMPERATURE (F)
 YESTERDAY
  MAXIMUM         29    243 PM  58    1911  34     -5       25
  MINIMUM         19    222 AM  -9    1919  22     -3       18
  AVERAGE         24                        28     -4       22

PRECIPITATION (IN)
  YESTERDAY        T             1.33 1971   0.08  -0.08     0.06
  MONTH TO DATE    0.16                      0.77  -0.61     0.39
  SINCE DEC 1      0.16                      0.77  -0.61     0.39
  SINCE JAN 1     33.79                     33.49   0.30    27.72

SNOWFALL (IN)
  YESTERDAY        T             6.3  1970   0.3   -0.3      1.7
  MONTH TO DATE    1.0                       3.0   -2.0      3.5
  SINCE DEC 1      1.0                       3.0   -2.0      3.5
  SINCE JUL 1      1.2                       5.7   -4.5      3.5
  SNOW DEPTH       T

DEGREE DAYS
 HEATING
  YESTERDAY       41                        37      4       43
  MONTH TO DATE  300                       353    -53      344
  SINCE DEC 1    300                       353    -53      344
  SINCE JUL 1   1405                      1718   -313     1174

 COOLING
  YESTERDAY        0                         0      0        0
  MONTH TO DATE    0                         0      0        0
  SINCE DEC 1      0                         0      0        0
  SINCE JAN 1    772                       641    131      991
..................................................................


WIND (MPH)
  HIGHEST WIND SPEED    16   HIGHEST WIND DIRECTION    NW (310)
  HIGHEST GUST SPEED    22   HIGHEST GUST DIRECTION    NW (310)
  AVERAGE WIND SPEED     8.8


SKY COVER
  POSSIBLE SUNSHINE  MM
  AVERAGE SKY COVER 0.9


WEATHER CONDITIONS
 THE FOLLOWING WEATHER WAS RECORDED YESTERDAY.
  LIGHT SNOW


RELATIVE HUMIDITY (PERCENT)
 HIGHEST    74           600 AM
 LOWEST     63           800 PM
 AVERAGE    69

..........................................................


THE MILWAUKEE WI CLIMATE NORMALS FOR TODAY
                         NORMAL    RECORD    YEAR
 MAXIMUM TEMPERATURE (F)   34        60      1949
 MINIMUM TEMPERATURE (F)   21       -10      1972


SUNRISE AND SUNSET
DECEMBER 11 2017......SUNRISE   713 AM CST   SUNSET   417 PM CST
DECEMBER 12 2017......SUNRISE   714 AM CST   SUNSET   417 PM CST


-  INDICATES NEGATIVE NUMBERS.
R  INDICATES RECORD WAS SET OR TIED.
MM INDICATES DATA IS MISSING.
T  INDICATES TRACE AMOUNT.




$$
