000
CDUS43 KMKX 272145
CLIMKE


CLIMATE REPORT
NATIONAL WEATHER SERVICE IN MILWAUKEE
443 PM CDT WED MAY 27 2015


...................................

...THE MILWAUKEE WI CLIMATE SUMMARY FOR MAY 27 2015...
VALID TODAY AS OF 0400 PM LOCAL TIME.

CLIMATE NORMAL PERIOD 1981 TO 2010
CLIMATE RECORD PERIOD 1871 TO 2015


WEATHER ITEM   OBSERVED TIME   RECORD YEAR NORMAL DEPARTURE LAST
                VALUE   (LST)  VALUE       VALUE  FROM      YEAR
                                                  NORMAL
..................................................................
TEMPERATURE (F)
 TODAY
  MAXIMUM         72    201 PM  94    1911  69      3       79
  MINIMUM         62    348 AM  29    1961  50     12       52
  AVERAGE         67                        59      8       66

PRECIPITATION (IN)
  TODAY            0.02          1.30 1973   0.12  -0.10     0.49
  MONTH TO DATE    1.82                      2.94  -1.12     2.83
  SINCE MAR 1      7.87                      8.77  -0.90     8.21
  SINCE JAN 1      9.59                     12.18  -2.59    10.95

SNOWFALL (IN)
  TODAY            0.0           T    1907   0.0    0.0      0.0
  MONTH TO DATE    0.0                       0.1   -0.1      0.0
  SINCE MAR 1      4.9                       9.1   -4.2      6.6
  SINCE JUL 1     43.0                      46.9   -3.9     63.4
  SNOW DEPTH       0

DEGREE DAYS
 HEATING
  TODAY            0                         7     -7        0
  MONTH TO DATE  237                       288    -51      257
  SINCE MAR 1   1736                      1805    -69     1991
  SINCE JUL 1   7068                      6785    283     7647

 COOLING
  TODAY            2                         1      1        1
  MONTH TO DATE   18                        17      1       16
  SINCE MAR 1     18                        22     -4       16
  SINCE JAN 1     18                        22     -4       16
..................................................................


WIND (MPH)
  HIGHEST WIND SPEED    22   HIGHEST WIND DIRECTION    NW (310)
  HIGHEST GUST SPEED    28   HIGHEST GUST DIRECTION    NW (310)
  AVERAGE WIND SPEED    10.5


SKY COVER
  POSSIBLE SUNSHINE  MM
  AVERAGE SKY COVER 0.6


WEATHER CONDITIONS
 THE FOLLOWING WEATHER WAS RECORDED TODAY.
  LIGHT RAIN
  FOG
  HAZE


RELATIVE HUMIDITY (PERCENT)
 HIGHEST    93           400 AM
 LOWEST     53           200 PM
 AVERAGE    73

..........................................................


THE MILWAUKEE WI CLIMATE NORMALS FOR TOMORROW
                         NORMAL    RECORD    YEAR
 MAXIMUM TEMPERATURE (F)   69        93      1991
 MINIMUM TEMPERATURE (F)   50        36      1894
                                             1889


SUNRISE AND SUNSET
MAY 27 2015...........SUNRISE   518 AM CDT   SUNSET   819 PM CDT
MAY 28 2015...........SUNRISE   518 AM CDT   SUNSET   820 PM CDT


-  INDICATES NEGATIVE NUMBERS.
R  INDICATES RECORD WAS SET OR TIED.
MM INDICATES DATA IS MISSING.
T  INDICATES TRACE AMOUNT.




$$
