509
CDUS43 KMKX 202147
CLIMKE


CLIMATE REPORT
NATIONAL WEATHER SERVICE IN MILWAUKEE
446 PM CDT WED MAY 20 2015


...................................

...THE MILWAUKEE WI CLIMATE SUMMARY FOR MAY 20 2015...
VALID TODAY AS OF 0400 PM LOCAL TIME.

CLIMATE NORMAL PERIOD 1981 TO 2010
CLIMATE RECORD PERIOD 1871 TO 2015


WEATHER ITEM   OBSERVED TIME   RECORD YEAR NORMAL DEPARTURE LAST
                VALUE   (LST)  VALUE       VALUE  FROM      YEAR
                                                  NORMAL
..................................................................
TEMPERATURE (F)
 TODAY
  MAXIMUM         50    259 PM  92    1934  66    -16       84
  MINIMUM         37   1232 AM  34    1895  48    -11       49
                                      1883
  AVERAGE         44                        57    -13       67

PRECIPITATION (IN)
  TODAY            0.00          1.60 1876   0.12  -0.12      T
  MONTH TO DATE    1.13                      2.12  -0.99     2.03
  SINCE MAR 1      7.18                      7.95  -0.77     7.41
  SINCE JAN 1      8.90                     11.36  -2.46    10.15

SNOWFALL (IN)
  TODAY            0.0           0.0    MM   0.0    0.0      0.0
  MONTH TO DATE    0.0                       0.1   -0.1      0.0
  SINCE MAR 1      4.9                       9.1   -4.2      6.6
  SINCE JUL 1     43.0                      46.9   -3.9     63.4
  SNOW DEPTH       0

DEGREE DAYS
 HEATING
  TODAY           21                         9     12        0
  MONTH TO DATE  204                       232    -28      225
  SINCE MAR 1   1703                      1749    -46     1959
  SINCE JUL 1   7035                      6729    306     7615

 COOLING
  TODAY            0                         1     -1        2
  MONTH TO DATE   11                        10      1        4
  SINCE MAR 1     11                        15     -4        4
  SINCE JAN 1     11                        15     -4        4
..................................................................


WIND (MPH)
  HIGHEST WIND SPEED     9   HIGHEST WIND DIRECTION     E (100)
  HIGHEST GUST SPEED    13   HIGHEST GUST DIRECTION     E (90)
  AVERAGE WIND SPEED     3.5


SKY COVER
  POSSIBLE SUNSHINE  MM
  AVERAGE SKY COVER 0.9


WEATHER CONDITIONS
 THE FOLLOWING WEATHER WAS RECORDED TODAY.
  NO SIGNIFICANT WEATHER WAS OBSERVED.


RELATIVE HUMIDITY (PERCENT)
 HIGHEST    70          1200 AM
 LOWEST     42           200 PM
 AVERAGE    56

..........................................................


THE MILWAUKEE WI CLIMATE NORMALS FOR TOMORROW
                         NORMAL    RECORD    YEAR
 MAXIMUM TEMPERATURE (F)   67        89      1934
                                             1921
 MINIMUM TEMPERATURE (F)   48        32      1883


SUNRISE AND SUNSET
MAY 20 2015...........SUNRISE   524 AM CDT   SUNSET   813 PM CDT
MAY 21 2015...........SUNRISE   523 AM CDT   SUNSET   814 PM CDT


-  INDICATES NEGATIVE NUMBERS.
R  INDICATES RECORD WAS SET OR TIED.
MM INDICATES DATA IS MISSING.
T  INDICATES TRACE AMOUNT.




$$
