280
CDUS43 KMKX 180658
CLIMKE


CLIMATE REPORT
NATIONAL WEATHER SERVICE IN MILWAUKEE
157 AM CDT WED OCT 18 2017


...................................

...THE MILWAUKEE WI CLIMATE SUMMARY FOR OCTOBER 17 2017...

CLIMATE NORMAL PERIOD 1981 TO 2010
CLIMATE RECORD PERIOD 1871 TO 2017


WEATHER ITEM   OBSERVED TIME   RECORD YEAR NORMAL DEPARTURE LAST
                VALUE   (LST)  VALUE       VALUE  FROM      YEAR
                                                  NORMAL
..................................................................
TEMPERATURE (F)
 YESTERDAY
  MAXIMUM         73    324 PM  81    1964  59     14       80
                                      1956
  MINIMUM         49    314 AM  25    1948  43      6       63
  AVERAGE         61                        51     10       72

PRECIPITATION (IN)
  YESTERDAY        0.00          2.24 1905   0.08  -0.08     0.00
  MONTH TO DATE    3.06                      1.46   1.60     1.75
  SINCE SEP 1      3.91                      4.64  -0.73     6.05
  SINCE JAN 1     31.23                     28.82   2.41    23.71

SNOWFALL (IN)
  YESTERDAY        0.0           1.0  1896   0.0    0.0      0.0
  MONTH TO DATE    0.0                       0.1   -0.1      0.0
  SINCE SEP 1      0.0                       0.1   -0.1      0.0
  SINCE JUL 1      0.0                       0.1   -0.1      0.0
  SNOW DEPTH       0

DEGREE DAYS
 HEATING
  YESTERDAY        4                        14    -10        0
  MONTH TO DATE   68                       198   -130       95
  SINCE SEP 1    131                       324   -193      120
  SINCE JUL 1    140                       350   -210      122

 COOLING
  YESTERDAY        0                         0      0        7
  MONTH TO DATE   22                         3     19       10
  SINCE SEP 1    157                        72     85      151
  SINCE JAN 1    767                       637    130      987
..................................................................


WIND (MPH)
  HIGHEST WIND SPEED    23   HIGHEST WIND DIRECTION    SW (230)
  HIGHEST GUST SPEED    29   HIGHEST GUST DIRECTION    SW (230)
  AVERAGE WIND SPEED    14.0


SKY COVER
  POSSIBLE SUNSHINE  MM
  AVERAGE SKY COVER 0.2


WEATHER CONDITIONS
 THE FOLLOWING WEATHER WAS RECORDED YESTERDAY.
  HAZE


RELATIVE HUMIDITY (PERCENT)
 HIGHEST    71          1200 AM
 LOWEST     33           300 PM
 AVERAGE    52

..........................................................


THE MILWAUKEE WI CLIMATE NORMALS FOR TODAY
                         NORMAL    RECORD    YEAR
 MAXIMUM TEMPERATURE (F)   59        84      1950
 MINIMUM TEMPERATURE (F)   43        21      1948


SUNRISE AND SUNSET
OCTOBER 18 2017.......SUNRISE   709 AM CDT   SUNSET   604 PM CDT
OCTOBER 19 2017.......SUNRISE   710 AM CDT   SUNSET   602 PM CDT


-  INDICATES NEGATIVE NUMBERS.
R  INDICATES RECORD WAS SET OR TIED.
MM INDICATES DATA IS MISSING.
T  INDICATES TRACE AMOUNT.




$$
