000
CDUS43 KMKX 290654
CLIMKE


CLIMATE REPORT
NATIONAL WEATHER SERVICE IN MILWAUKEE
152 AM CDT WED MAR 29 2017


...................................

...THE MILWAUKEE WI CLIMATE SUMMARY FOR MARCH 28 2017...

CLIMATE NORMAL PERIOD 1981 TO 2010
CLIMATE RECORD PERIOD 1871 TO 2017


WEATHER ITEM   OBSERVED TIME   RECORD YEAR NORMAL DEPARTURE LAST
                VALUE   (LST)  VALUE       VALUE  FROM      YEAR
                                                  NORMAL
..................................................................
TEMPERATURE (F)
 YESTERDAY
  MAXIMUM         43    202 PM  76    1905  47     -4       51
  MINIMUM         34   1159 PM   4    1923  31      3       35
  AVERAGE         39                        39      0       43

PRECIPITATION (IN)
  YESTERDAY        T             1.39 1896   0.09  -0.09      T
  MONTH TO DATE    2.50                      1.99   0.51     2.76
  SINCE MAR 1      2.50                      1.99   0.51     2.76
  SINCE JAN 1      6.51                      5.40   1.11     4.07

SNOWFALL (IN)
  YESTERDAY        0.0           9.3  1931   0.2   -0.2      0.0
  MONTH TO DATE   13.6                       6.6    7.0      6.6
  SINCE MAR 1     13.6                       6.6    7.0      6.6
  SINCE JUL 1     37.6                      44.4   -6.8     35.7
  SNOW DEPTH       0

DEGREE DAYS
 HEATING
  YESTERDAY       26                        26      0       22
  MONTH TO DATE  809                       854    -45      710
  SINCE MAR 1    809                       854    -45      710
  SINCE JUL 1   4808                      5834  -1026     4929

 COOLING
  YESTERDAY        0                         0      0        0
  MONTH TO DATE    0                         0      0        0
  SINCE MAR 1      0                         0      0        0
  SINCE JAN 1      0                         0      0        0
..................................................................


WIND (MPH)
  HIGHEST WIND SPEED    18   HIGHEST WIND DIRECTION    NE (30)
  HIGHEST GUST SPEED    22   HIGHEST GUST DIRECTION     N (20)
  AVERAGE WIND SPEED     9.0


SKY COVER
  POSSIBLE SUNSHINE  MM
  AVERAGE SKY COVER 0.9


WEATHER CONDITIONS
 THE FOLLOWING WEATHER WAS RECORDED YESTERDAY.
  LIGHT RAIN
  FOG
  FOG W/VISIBILITY <= 1/4 MILE
  HAZE


RELATIVE HUMIDITY (PERCENT)
 HIGHEST   100           900 PM
 LOWEST     76           800 AM
 AVERAGE    88

..........................................................


THE MILWAUKEE WI CLIMATE NORMALS FOR TODAY
                         NORMAL    RECORD    YEAR
 MAXIMUM TEMPERATURE (F)   47        82      1986
 MINIMUM TEMPERATURE (F)   32         4      1887


SUNRISE AND SUNSET
MARCH 29 2017.........SUNRISE   639 AM CDT   SUNSET   715 PM CDT
MARCH 30 2017.........SUNRISE   637 AM CDT   SUNSET   716 PM CDT


-  INDICATES NEGATIVE NUMBERS.
R  INDICATES RECORD WAS SET OR TIED.
MM INDICATES DATA IS MISSING.
T  INDICATES TRACE AMOUNT.




$$
