000
CDUS43 KMKX 232142
CLIMKE


CLIMATE REPORT
NATIONAL WEATHER SERVICE IN MILWAUKEE
442 PM CDT TUE SEP 23 2014


...................................

...THE MILWAUKEE WI CLIMATE SUMMARY FOR SEPTEMBER 23 2014...
VALID TODAY AS OF 0400 PM LOCAL TIME.

CLIMATE NORMAL PERIOD 1981 TO 2010
CLIMATE RECORD PERIOD 1871 TO 2014


WEATHER ITEM   OBSERVED TIME   RECORD YEAR NORMAL DEPARTURE LAST
                VALUE   (LST)  VALUE       VALUE  FROM      YEAR
                                                  NORMAL
..................................................................
TEMPERATURE (F)
 TODAY
  MAXIMUM         73    200 PM  93    1937  68      5       61
  MINIMUM         53    547 AM  28    1974  52      1       48
  AVERAGE         63                        60      3       55

PRECIPITATION (IN)
  TODAY            0.00          3.74 1872   0.12  -0.12     0.00
  MONTH TO DATE    1.07                      2.46  -1.39     1.45
  SINCE SEP 1      1.07                      2.46  -1.39     1.45
  SINCE JAN 1     26.36                     26.64  -0.28    31.58

SNOWFALL (IN)
  TODAY            0.0           T    1942   0.0    0.0      0.0
  MONTH TO DATE    0.0                       0.0    0.0      0.0
  SINCE SEP 1      0.0                       0.0    0.0      0.0
  SINCE JUL 1      0.0                       0.0    0.0      0.0
  SNOW DEPTH       0

DEGREE DAYS
 HEATING
  TODAY            2                         6     -4       10
  MONTH TO DATE  124                        73     51       75
  SINCE SEP 1    124                        73     51       75
  SINCE JUL 1    150                        99     51       97

 COOLING
  TODAY            0                         1     -1        0
  MONTH TO DATE   58                        63     -5       99
  SINCE SEP 1     58                        63     -5       99
  SINCE JAN 1    459                       628   -169      676
..................................................................


WIND (MPH)
  HIGHEST WIND SPEED    15   HIGHEST WIND DIRECTION    SE (140)
  HIGHEST GUST SPEED    18   HIGHEST GUST DIRECTION    SE (140)
  AVERAGE WIND SPEED     5.0


SKY COVER
  POSSIBLE SUNSHINE  MM
  AVERAGE SKY COVER 0.1


WEATHER CONDITIONS
 THE FOLLOWING WEATHER WAS RECORDED TODAY.
  NO SIGNIFICANT WEATHER WAS OBSERVED.


RELATIVE HUMIDITY (PERCENT)
 HIGHEST    77          1200 AM
 LOWEST     41           200 PM
 AVERAGE    59

..........................................................


THE MILWAUKEE WI CLIMATE NORMALS FOR TOMORROW
                         NORMAL    RECORD    YEAR
 MAXIMUM TEMPERATURE (F)   68        92      1891
 MINIMUM TEMPERATURE (F)   51        32      1942


SUNRISE AND SUNSET
SEPTEMBER 23 2014.....SUNRISE   640 AM CDT   SUNSET   647 PM CDT
SEPTEMBER 24 2014.....SUNRISE   641 AM CDT   SUNSET   645 PM CDT


-  INDICATES NEGATIVE NUMBERS.
R  INDICATES RECORD WAS SET OR TIED.
MM INDICATES DATA IS MISSING.
T  INDICATES TRACE AMOUNT.




$$
