000
CDUS43 KMKX 310656
CLIMKE


CLIMATE REPORT
NATIONAL WEATHER SERVICE IN MILWAUKEE
154 AM CDT FRI JUL 31 2015


...................................

...THE MILWAUKEE WI CLIMATE SUMMARY FOR JULY 30 2015...

CLIMATE NORMAL PERIOD 1981 TO 2010
CLIMATE RECORD PERIOD 1871 TO 2015


WEATHER ITEM   OBSERVED TIME   RECORD YEAR NORMAL DEPARTURE LAST
                VALUE   (LST)  VALUE       VALUE  FROM      YEAR
                                                  NORMAL
..................................................................
TEMPERATURE (F)
 YESTERDAY
  MAXIMUM         88    443 PM 102    1916  80      8       69
  MINIMUM         67    453 AM  49    1956  64      3       59
  AVERAGE         78                        72      6       64

PRECIPITATION (IN)
  YESTERDAY        0.00          1.03 1976   0.11  -0.11     0.00
  MONTH TO DATE    1.60                      3.56  -1.96     2.31
  SINCE JUN 1      4.09                      7.46  -3.37     8.65
  SINCE JAN 1     14.29                     20.10  -5.81    19.60

SNOWFALL (IN)
  YESTERDAY        0.0           0.0    MM   0.0    0.0      0.0
  MONTH TO DATE    0.0                       0.0    0.0      0.0
  SINCE JUN 1      0.0                       0.0    0.0      0.0
  SINCE JUL 1      0.0                       0.0    0.0      0.0
  SNOW DEPTH       0

DEGREE DAYS
 HEATING
  YESTERDAY        0                         0      0        1
  MONTH TO DATE   28                         4     24       21
  SINCE JUN 1    130                        88     42       95
  SINCE JUL 1     28                         4     24       21

 COOLING
  YESTERDAY       13                         7      6        0
  MONTH TO DATE  196                       209    -13      120
  SINCE JUN 1    269                       329    -60      210
  SINCE JAN 1    295                       359    -64      228
..................................................................


WIND (MPH)
  HIGHEST WIND SPEED    24   HIGHEST WIND DIRECTION     W (270)
  HIGHEST GUST SPEED    33   HIGHEST GUST DIRECTION    NW (300)
  AVERAGE WIND SPEED    11.8


SKY COVER
  POSSIBLE SUNSHINE  MM
  AVERAGE SKY COVER 0.1


WEATHER CONDITIONS
 THE FOLLOWING WEATHER WAS RECORDED YESTERDAY.
  NO SIGNIFICANT WEATHER WAS OBSERVED.


RELATIVE HUMIDITY (PERCENT)
 HIGHEST    63           500 AM
 LOWEST     26           400 PM
 AVERAGE    45

..........................................................


THE MILWAUKEE WI CLIMATE NORMALS FOR TODAY
                         NORMAL    RECORD    YEAR
 MAXIMUM TEMPERATURE (F)   80        98      2006
                                             1917
 MINIMUM TEMPERATURE (F)   64        49      1891


SUNRISE AND SUNSET
JULY 31 2015..........SUNRISE   541 AM CDT   SUNSET   814 PM CDT
AUGUST  1 2015........SUNRISE   542 AM CDT   SUNSET   813 PM CDT


-  INDICATES NEGATIVE NUMBERS.
R  INDICATES RECORD WAS SET OR TIED.
MM INDICATES DATA IS MISSING.
T  INDICATES TRACE AMOUNT.




$$
