000
CDUS43 KMKX 300709
CLIMKE


CLIMATE REPORT
NATIONAL WEATHER SERVICE IN MILWAUKEE
209 AM CDT MON MAY 30 2016


...................................

...THE MILWAUKEE WI CLIMATE SUMMARY FOR MAY 29 2016...

CLIMATE NORMAL PERIOD 1981 TO 2010
CLIMATE RECORD PERIOD 1871 TO 2016


WEATHER ITEM   OBSERVED TIME   RECORD YEAR NORMAL DEPARTURE LAST
                VALUE   (LST)  VALUE       VALUE  FROM      YEAR
                                                  NORMAL
..................................................................
TEMPERATURE (F)
 YESTERDAY
  MAXIMUM         80    528 PM  92    1895  69     11       80
  MINIMUM         63    442 AM  33    1966  51     12       59
  AVERAGE         72                        60     12       70

PRECIPITATION (IN)
  YESTERDAY        0.00          1.19 1880   0.12  -0.12     0.11
  MONTH TO DATE    2.34                      3.17  -0.83     1.93
  SINCE MAR 1      7.48                      9.00  -1.52     7.98
  SINCE JAN 1      8.79                     12.41  -3.62     9.70

SNOWFALL (IN)
  YESTERDAY        0.0           T    1947   0.0    0.0      0.0
  MONTH TO DATE    T                         0.1   -0.1      0.0
  SINCE MAR 1     10.0                       9.1    0.9      4.9
  SINCE JUL 1     39.1                      46.9   -7.8     43.0
  SNOW DEPTH       0

DEGREE DAYS
 HEATING
  YESTERDAY        0                         7     -7        0
  MONTH TO DATE  264                       302    -38      237
  SINCE MAR 1   1661                      1819   -158     1736
  SINCE JUL 1   5880                      6799   -919     7068

 COOLING
  YESTERDAY        7                         1      6        5
  MONTH TO DATE   37                        19     18       26
  SINCE MAR 1     37                        24     13       26
  SINCE JAN 1     37                        24     13       26
..................................................................


WIND (MPH)
  HIGHEST WIND SPEED    22   HIGHEST WIND DIRECTION    SW (230)
  HIGHEST GUST SPEED    28   HIGHEST GUST DIRECTION    NW (300)
  AVERAGE WIND SPEED    11.2


SKY COVER
  POSSIBLE SUNSHINE  MM
  AVERAGE SKY COVER 0.4


WEATHER CONDITIONS
 THE FOLLOWING WEATHER WAS RECORDED YESTERDAY.
  NO SIGNIFICANT WEATHER WAS OBSERVED.


RELATIVE HUMIDITY (PERCENT)
 HIGHEST    93           100 AM
 LOWEST     42           500 PM
 AVERAGE    68

..........................................................


THE MILWAUKEE WI CLIMATE NORMALS FOR TODAY
                         NORMAL    RECORD    YEAR
 MAXIMUM TEMPERATURE (F)   70        91      1994
 MINIMUM TEMPERATURE (F)   51        33      1961


SUNRISE AND SUNSET
MAY 30 2016...........SUNRISE   516 AM CDT   SUNSET   823 PM CDT
MAY 31 2016...........SUNRISE   516 AM CDT   SUNSET   824 PM CDT


-  INDICATES NEGATIVE NUMBERS.
R  INDICATES RECORD WAS SET OR TIED.
MM INDICATES DATA IS MISSING.
T  INDICATES TRACE AMOUNT.




$$
