000
CDUS43 KMKX 120647
CLIMKE


CLIMATE REPORT
NATIONAL WEATHER SERVICE IN MILWAUKEE
1246 AM CST FRI FEB 12 2016


...................................

...THE MILWAUKEE WI CLIMATE SUMMARY FOR FEBRUARY 11 2016...

CLIMATE NORMAL PERIOD 1981 TO 2010
CLIMATE RECORD PERIOD 1871 TO 2016


WEATHER ITEM   OBSERVED TIME   RECORD YEAR NORMAL DEPARTURE LAST
                VALUE   (LST)  VALUE       VALUE  FROM      YEAR
                                                  NORMAL
..................................................................
TEMPERATURE (F)
 YESTERDAY
  MAXIMUM         19    510 PM  68    1999  31    -12       34
  MINIMUM          5    709 AM -24    1885  18    -13       17
  AVERAGE         12                        25    -13       26

PRECIPITATION (IN)
  YESTERDAY        0.00          0.99 1880   0.06  -0.06      T
  MONTH TO DATE    0.51                      0.60  -0.09     0.57
  SINCE DEC 1      5.02                      4.40   0.62     2.51
  SINCE JAN 1      1.20                      2.36  -1.16     1.48

SNOWFALL (IN)
  YESTERDAY        0.0           7.0  1887   0.4   -0.4       T
  MONTH TO DATE    4.8                       4.0    0.8     12.4
  SINCE DEC 1     19.3                      29.3  -10.0     26.1
  SINCE JUL 1     26.2                      32.0   -5.8     30.9
  SNOW DEPTH       0

DEGREE DAYS
 HEATING
  YESTERDAY       53                        40     13       39
  MONTH TO DATE  421                       453    -32      490
  SINCE DEC 1   2558                      2973   -415     2837
  SINCE JUL 1   3597                      4338   -741     4408

 COOLING
  YESTERDAY        0                         0      0        0
  MONTH TO DATE    0                         0      0        0
  SINCE DEC 1      0                         0      0        0
  SINCE JAN 1      0                         0      0        0
..................................................................


WIND (MPH)
  HIGHEST WIND SPEED    13   HIGHEST WIND DIRECTION    NW (300)
  HIGHEST GUST SPEED    16   HIGHEST GUST DIRECTION     N (340)
  AVERAGE WIND SPEED     7.9


SKY COVER
  POSSIBLE SUNSHINE  MM
  AVERAGE SKY COVER 0.2


WEATHER CONDITIONS
 THE FOLLOWING WEATHER WAS RECORDED YESTERDAY.
  NO SIGNIFICANT WEATHER WAS OBSERVED.


RELATIVE HUMIDITY (PERCENT)
 HIGHEST    69           700 AM
 LOWEST     39           400 PM
 AVERAGE    54

..........................................................


THE MILWAUKEE WI CLIMATE NORMALS FOR TODAY
                         NORMAL    RECORD    YEAR
 MAXIMUM TEMPERATURE (F)   32        60      1882
 MINIMUM TEMPERATURE (F)   19       -22      1875


SUNRISE AND SUNSET
FEBRUARY 12 2016......SUNRISE   654 AM CST   SUNSET   518 PM CST
FEBRUARY 13 2016......SUNRISE   652 AM CST   SUNSET   520 PM CST


-  INDICATES NEGATIVE NUMBERS.
R  INDICATES RECORD WAS SET OR TIED.
MM INDICATES DATA IS MISSING.
T  INDICATES TRACE AMOUNT.




$$
