000
CDUS43 KMKX 310047
CLIMKE


CLIMATE REPORT
NATIONAL WEATHER SERVICE IN MILWAUKEE
746 PM CDT SUN AUG 30 2015


...................................

...THE MILWAUKEE WI CLIMATE SUMMARY FOR AUGUST 30 2015...
VALID TODAY AS OF 0700 PM LOCAL TIME.

CLIMATE NORMAL PERIOD 1981 TO 2010
CLIMATE RECORD PERIOD 1871 TO 2015


WEATHER ITEM   OBSERVED TIME   RECORD YEAR NORMAL DEPARTURE LAST
                VALUE   (LST)  VALUE       VALUE  FROM      YEAR
                                                  NORMAL
..................................................................
TEMPERATURE (F)
 TODAY
  MAXIMUM         72    231 PM  96    1958  77     -5       79
  MINIMUM         62    319 AM  42    1915  61      1       69
  AVERAGE         67                        69     -2       74

PRECIPITATION (IN)
  TODAY            0.00          2.00 1956   0.12  -0.12     0.55
  MONTH TO DATE    3.46                      3.85  -0.39     5.69
  SINCE JUN 1      7.55                     11.42  -3.87    14.34
  SINCE JAN 1     17.75                     24.06  -6.31    25.29

SNOWFALL (IN)
  TODAY            0.0           0.0    MM   0.0    0.0      0.0
  MONTH TO DATE    0.0                       0.0    0.0      0.0
  SINCE JUN 1      0.0                       0.0    0.0      0.0
  SINCE JUL 1      0.0                       0.0    0.0      0.0
  SNOW DEPTH       0

DEGREE DAYS
 HEATING
  TODAY            0                         1     -1        0
  MONTH TO DATE   20                         9     11        5
  SINCE JUN 1    150                       104     46      100
  SINCE JUL 1     48                        20     28       26

 COOLING
  TODAY            2                         5     -3        9
  MONTH TO DATE  175                       189    -14      160
  SINCE JUN 1    456                       531    -75      377
  SINCE JAN 1    482                       561    -79      395
..................................................................


WIND (MPH)
  HIGHEST WIND SPEED    10   HIGHEST WIND DIRECTION    SE (140)
  HIGHEST GUST SPEED    13   HIGHEST GUST DIRECTION    SE (120)
  AVERAGE WIND SPEED     4.3


SKY COVER
  POSSIBLE SUNSHINE  MM
  AVERAGE SKY COVER 0.9


WEATHER CONDITIONS
 THE FOLLOWING WEATHER WAS RECORDED TODAY.
  FOG
  FOG W/VISIBILITY <= 1/4 MILE
  HAZE


RELATIVE HUMIDITY (PERCENT)
 HIGHEST   100           400 AM
 LOWEST     73           100 PM
 AVERAGE    87

..........................................................


THE MILWAUKEE WI CLIMATE NORMALS FOR TOMORROW
                         NORMAL    RECORD    YEAR
 MAXIMUM TEMPERATURE (F)   77        97      1953
 MINIMUM TEMPERATURE (F)   61        45      1892


SUNRISE AND SUNSET
AUGUST 30 2015........SUNRISE   614 AM CDT   SUNSET   730 PM CDT
AUGUST 31 2015........SUNRISE   615 AM CDT   SUNSET   728 PM CDT


-  INDICATES NEGATIVE NUMBERS.
R  INDICATES RECORD WAS SET OR TIED.
MM INDICATES DATA IS MISSING.
T  INDICATES TRACE AMOUNT.




$$
