000
CDUS43 KMKX 310651
CLIMKE


CLIMATE REPORT
NATIONAL WEATHER SERVICE IN MILWAUKEE
150 AM CDT SUN AUG 31 2014


...................................

...THE MILWAUKEE WI CLIMATE SUMMARY FOR AUGUST 30 2014...

CLIMATE NORMAL PERIOD 1981 TO 2010
CLIMATE RECORD PERIOD 1871 TO 2014


WEATHER ITEM   OBSERVED TIME   RECORD YEAR NORMAL DEPARTURE LAST
                VALUE   (LST)  VALUE       VALUE  FROM      YEAR
                                                  NORMAL
..................................................................
TEMPERATURE (F)
 YESTERDAY
  MAXIMUM         79    121 PM  96    1958  77      2       95
  MINIMUM         69   1159 PM  42    1915  61      8       68
  AVERAGE         74                        69      5       82

PRECIPITATION (IN)
  YESTERDAY        0.55          2.00 1956   0.12   0.43      T
  MONTH TO DATE    5.69                      3.85   1.84     3.27
  SINCE JUN 1     14.34                     11.42   2.92    10.62
  SINCE JAN 1     25.29                     24.06   1.23    30.13

SNOWFALL (IN)
  YESTERDAY        0.0           0.0    MM   0.0    0.0      0.0
  MONTH TO DATE    0.0                       0.0    0.0      0.0
  SINCE JUN 1      0.0                       0.0    0.0      0.0
  SINCE JUL 1      0.0                       0.0    0.0      0.0
  SNOW DEPTH       0

DEGREE DAYS
 HEATING
  YESTERDAY        0                         1     -1        0
  MONTH TO DATE    5                         9     -4        8
  SINCE JUN 1    100                       104     -4      109
  SINCE JUL 1     26                        20      6       22

 COOLING
  YESTERDAY        9                         5      4       17
  MONTH TO DATE  160                       189    -29      193
  SINCE JUN 1    377                       531   -154      533
  SINCE JAN 1    395                       561   -166      572
..................................................................


WIND (MPH)
  HIGHEST WIND SPEED    22   HIGHEST WIND DIRECTION    SW (240)
  HIGHEST GUST SPEED    29   HIGHEST GUST DIRECTION    SW (240)
  AVERAGE WIND SPEED    10.7


SKY COVER
  POSSIBLE SUNSHINE  MM
  AVERAGE SKY COVER 0.6


WEATHER CONDITIONS
 THE FOLLOWING WEATHER WAS RECORDED YESTERDAY.
  HEAVY RAIN
  LIGHT RAIN
  FOG


RELATIVE HUMIDITY (PERCENT)
 HIGHEST    87          1200 AM
 LOWEST     64           900 AM
 AVERAGE    76

..........................................................


THE MILWAUKEE WI CLIMATE NORMALS FOR TODAY
                         NORMAL    RECORD    YEAR
 MAXIMUM TEMPERATURE (F)   77        97      1953
 MINIMUM TEMPERATURE (F)   61        45      1892


SUNRISE AND SUNSET
AUGUST 31 2014........SUNRISE   615 AM CDT   SUNSET   728 PM CDT
SEPTEMBER  1 2014.....SUNRISE   616 AM CDT   SUNSET   726 PM CDT


-  INDICATES NEGATIVE NUMBERS.
R  INDICATES RECORD WAS SET OR TIED.
MM INDICATES DATA IS MISSING.
T  INDICATES TRACE AMOUNT.




$$
