000
CDUS43 KMKX 030042
CLIMKE


CLIMATE REPORT
NATIONAL WEATHER SERVICE IN MILWAUKEE
742 PM CDT TUE JUN 2 2015


...................................

...THE MILWAUKEE WI CLIMATE SUMMARY FOR JUNE 2 2015...
VALID TODAY AS OF 0700 PM LOCAL TIME.

CLIMATE NORMAL PERIOD 1981 TO 2010
CLIMATE RECORD PERIOD 1871 TO 2015


WEATHER ITEM   OBSERVED TIME   RECORD YEAR NORMAL DEPARTURE LAST
                VALUE   (LST)  VALUE       VALUE  FROM      YEAR
                                                  NORMAL
..................................................................
TEMPERATURE (F)
 TODAY
  MAXIMUM         64    458 PM  90    1944  71     -7       82
                                      1895
  MINIMUM         41    354 AM  38    1956  52    -11       68
  AVERAGE         53                        61     -8       75

PRECIPITATION (IN)
  TODAY            0.00          1.23 1878   0.12  -0.12     0.21
  MONTH TO DATE    0.00                      0.24  -0.24     0.45
  SINCE JUN 1      0.00                      0.24  -0.24     0.45
  SINCE JAN 1     10.20                     12.88  -2.68    11.40

SNOWFALL (IN)
  TODAY            0.0           0.0    MM   0.0    0.0      0.0
  MONTH TO DATE    0.0                       0.0    0.0      0.0
  SINCE JUN 1      0.0                       0.0    0.0      0.0
  SINCE JUL 1     43.0                      46.9   -3.9     63.4
  SNOW DEPTH       0

DEGREE DAYS
 HEATING
  TODAY           12                         6      6        0
  MONTH TO DATE   28                        12     16        0
  SINCE JUN 1     28                        12     16        0
  SINCE JUL 1   7123                      6822    301     7668

 COOLING
  TODAY            0                         2     -2       10
  MONTH TO DATE    0                         4     -4       19
  SINCE JUN 1      0                         4     -4       19
  SINCE JAN 1     26                        34     -8       37
..................................................................


WIND (MPH)
  HIGHEST WIND SPEED    13   HIGHEST WIND DIRECTION    SE (130)
  HIGHEST GUST SPEED    17   HIGHEST GUST DIRECTION    SE (140)
  AVERAGE WIND SPEED     5.1


SKY COVER
  POSSIBLE SUNSHINE  MM
  AVERAGE SKY COVER 0.3


WEATHER CONDITIONS
 THE FOLLOWING WEATHER WAS RECORDED TODAY.
  NO SIGNIFICANT WEATHER WAS OBSERVED.


RELATIVE HUMIDITY (PERCENT)
 HIGHEST    73           400 AM
 LOWEST     39           500 PM
 AVERAGE    56

..........................................................


THE MILWAUKEE WI CLIMATE NORMALS FOR TOMORROW
                         NORMAL    RECORD    YEAR
 MAXIMUM TEMPERATURE (F)   71        90      1972
 MINIMUM TEMPERATURE (F)   52        36      1945


SUNRISE AND SUNSET
JUNE  2 2015..........SUNRISE   515 AM CDT   SUNSET   824 PM CDT
JUNE  3 2015..........SUNRISE   515 AM CDT   SUNSET   825 PM CDT


-  INDICATES NEGATIVE NUMBERS.
R  INDICATES RECORD WAS SET OR TIED.
MM INDICATES DATA IS MISSING.
T  INDICATES TRACE AMOUNT.




$$
