000
CDUS43 KMKX 050643
CLIMKE


CLIMATE REPORT
NATIONAL WEATHER SERVICE IN MILWAUKEE
142 AM CDT WED AUG 5 2015


...................................

...THE MILWAUKEE WI CLIMATE SUMMARY FOR AUGUST 4 2015...

CLIMATE NORMAL PERIOD 1981 TO 2010
CLIMATE RECORD PERIOD 1871 TO 2015


WEATHER ITEM   OBSERVED TIME   RECORD YEAR NORMAL DEPARTURE LAST
                VALUE   (LST)  VALUE       VALUE  FROM      YEAR
                                                  NORMAL
..................................................................
TEMPERATURE (F)
 YESTERDAY
  MAXIMUM         80    450 PM  99    1947  80      0       72
  MINIMUM         61    506 AM  49    1972  64     -3       64
  AVERAGE         71                        72     -1       68

PRECIPITATION (IN)
  YESTERDAY        0.00          2.04 1924   0.13  -0.13     0.05
  MONTH TO DATE    0.46                      0.52  -0.06     0.88
  SINCE JUN 1      4.55                      8.09  -3.54     9.53
  SINCE JAN 1     14.75                     20.73  -5.98    20.48

SNOWFALL (IN)
  YESTERDAY        0.0           0.0    MM   0.0    0.0      0.0
  MONTH TO DATE    0.0                       0.0    0.0      0.0
  SINCE JUN 1      0.0                       0.0    0.0      0.0
  SINCE JUL 1      0.0                       0.0    0.0      0.0
  SNOW DEPTH       0

DEGREE DAYS
 HEATING
  YESTERDAY        0                         0      0        0
  MONTH TO DATE    0                         0      0        0
  SINCE JUN 1    130                        95     35       95
  SINCE JUL 1     28                        11     17       21

 COOLING
  YESTERDAY        6                         7     -1        3
  MONTH TO DATE   39                        28     11       21
  SINCE JUN 1    320                       370    -50      238
  SINCE JAN 1    346                       400    -54      256
..................................................................


WIND (MPH)
  HIGHEST WIND SPEED    21   HIGHEST WIND DIRECTION    NW (310)
  HIGHEST GUST SPEED    28   HIGHEST GUST DIRECTION    NW (300)
  AVERAGE WIND SPEED     8.4


SKY COVER
  POSSIBLE SUNSHINE  MM
  AVERAGE SKY COVER 0.4


WEATHER CONDITIONS
 THE FOLLOWING WEATHER WAS RECORDED YESTERDAY.
  NO SIGNIFICANT WEATHER WAS OBSERVED.


RELATIVE HUMIDITY (PERCENT)
 HIGHEST    68          1000 PM
 LOWEST     32           100 PM
 AVERAGE    50

..........................................................


THE MILWAUKEE WI CLIMATE NORMALS FOR TODAY
                         NORMAL    RECORD    YEAR
 MAXIMUM TEMPERATURE (F)   79        98      1947
                                             1896
 MINIMUM TEMPERATURE (F)   64        48      1972


SUNRISE AND SUNSET
AUGUST  5 2015........SUNRISE   547 AM CDT   SUNSET   808 PM CDT
AUGUST  6 2015........SUNRISE   548 AM CDT   SUNSET   807 PM CDT


-  INDICATES NEGATIVE NUMBERS.
R  INDICATES RECORD WAS SET OR TIED.
MM INDICATES DATA IS MISSING.
T  INDICATES TRACE AMOUNT.




$$
