000
CDUS43 KMKX 280312
CLIMKE


CLIMATE REPORT
NATIONAL WEATHER SERVICE IN MILWAUKEE
1011 PM CDT TUE JUN 27 2017


...................................

...THE MILWAUKEE WI CLIMATE SUMMARY FOR JUNE 27 2017...
VALID TODAY AS OF 1000 PM LOCAL TIME.

CLIMATE NORMAL PERIOD 1981 TO 2010
CLIMATE RECORD PERIOD 1871 TO 2017


WEATHER ITEM   OBSERVED TIME   RECORD YEAR NORMAL DEPARTURE LAST
                VALUE   (LST)  VALUE       VALUE  FROM      YEAR
                                                  NORMAL
..................................................................
TEMPERATURE (F)
 TODAY
  MAXIMUM         77        MM 101    1933  79     -2       84
  MINIMUM         54        MM  47    1981  61     -7       62
  AVERAGE         66                        70     -4       73

PRECIPITATION (IN)
  TODAY            0.00          2.30 1986   0.13  -0.13     0.00
  MONTH TO DATE    3.35                      3.50  -0.15     2.63
  SINCE JUN 1      3.35                      3.50  -0.15     2.63
  SINCE JAN 1     20.14                     16.14   4.00    11.45

SNOWFALL (IN)
  TODAY            0.0           0.0    MM   0.0    0.0      0.0
  MONTH TO DATE    0.0                       0.0    0.0      0.0
  SINCE JUN 1      0.0                       0.0    0.0      0.0
  SINCE JUL 1     37.6                      46.9   -9.3     39.1
  SNOW DEPTH       0

DEGREE DAYS
 HEATING
  TODAY            0                         1     -1        0
  MONTH TO DATE   14                        81    -67       25
  SINCE JUN 1     14                        81    -67       25
  SINCE JUL 1   5634                      6891  -1257     5905

 COOLING
  TODAY            1                         6     -5        8
  MONTH TO DATE  163                       101     62      145
  SINCE JUN 1    163                       101     62      145
  SINCE JAN 1    184                       131     53      190
..................................................................


WIND (MPH)
  HIGHEST WIND SPEED    14   HIGHEST WIND DIRECTION     W (290)
  HIGHEST GUST SPEED    22   HIGHEST GUST DIRECTION    NW (310)
  AVERAGE WIND SPEED     8.7


SKY COVER
  POSSIBLE SUNSHINE  MM
  AVERAGE SKY COVER 0.5


WEATHER CONDITIONS
 THE FOLLOWING WEATHER WAS RECORDED TODAY.
  NO SIGNIFICANT WEATHER WAS OBSERVED.


RELATIVE HUMIDITY (PERCENT)
 HIGHEST    77           100 AM
 LOWEST     36           500 PM
 AVERAGE    57

..........................................................


THE MILWAUKEE WI CLIMATE NORMALS FOR TOMORROW
                         NORMAL    RECORD    YEAR
 MAXIMUM TEMPERATURE (F)   79        99      1931
 MINIMUM TEMPERATURE (F)   61        49      1925
                                             1875


SUNRISE AND SUNSET
JUNE 27 2017..........SUNRISE   515 AM CDT   SUNSET   835 PM CDT
JUNE 28 2017..........SUNRISE   515 AM CDT   SUNSET   835 PM CDT


-  INDICATES NEGATIVE NUMBERS.
R  INDICATES RECORD WAS SET OR TIED.
MM INDICATES DATA IS MISSING.
T  INDICATES TRACE AMOUNT.




$$
