000
CDUS43 KMKX 200046
CLIMKE


CLIMATE REPORT
NATIONAL WEATHER SERVICE IN MILWAUKEE
743 PM CDT SAT APR 19 2014


...................................

...THE MILWAUKEE WI CLIMATE SUMMARY FOR APRIL 19 2014...
VALID TODAY AS OF 0700 PM LOCAL TIME.

CLIMATE NORMAL PERIOD 1981 TO 2010
CLIMATE RECORD PERIOD 1871 TO 2014


WEATHER ITEM   OBSERVED TIME   RECORD YEAR NORMAL DEPARTURE LAST
                VALUE   (LST)  VALUE       VALUE  FROM      YEAR
                                                  NORMAL
..................................................................
TEMPERATURE (F)
 TODAY
  MAXIMUM         53    421 PM  86    1985  55     -2       41
  MINIMUM         34    552 AM  23    1897  39     -5       31
  AVERAGE         44                        47     -3       36

PRECIPITATION (IN)
  TODAY            0.00          2.92 1877   0.12  -0.12      T
  MONTH TO DATE    2.54                      2.30   0.24     6.89
  SINCE MAR 1      3.66                      4.57  -0.91     8.52
  SINCE JAN 1      6.40                      7.98  -1.58    14.72

SNOWFALL (IN)
  TODAY            0.0           0.2  2013   0.1   -0.1      0.2
  MONTH TO DATE    0.3                       1.7   -1.4      0.4
  SINCE MAR 1      6.6                       8.7   -2.1      7.8
  SINCE JUL 1     63.4                      46.5   16.9     45.0
  SNOW DEPTH       0

DEGREE DAYS
 HEATING
  TODAY           21                        18      3       29
  MONTH TO DATE  440                       409     31      475
  SINCE MAR 1   1550                      1338    212     1550
  SINCE JUL 1   7206                      6318    888     6275

 COOLING
  TODAY            0                         0      0        0
  MONTH TO DATE    0                         0      0        0
  SINCE MAR 1      0                         0      0        0
  SINCE JAN 1      0                         0      0        0
..................................................................


WIND (MPH)
  HIGHEST WIND SPEED    17   HIGHEST WIND DIRECTION    SE (140)
  HIGHEST GUST SPEED    21   HIGHEST GUST DIRECTION    SE (140)
  AVERAGE WIND SPEED    10.5


SKY COVER
  POSSIBLE SUNSHINE  MM
  AVERAGE SKY COVER 0.5


WEATHER CONDITIONS
 THE FOLLOWING WEATHER WAS RECORDED TODAY.
  NO SIGNIFICANT WEATHER WAS OBSERVED.


RELATIVE HUMIDITY (PERCENT)
 HIGHEST    82           300 AM
 LOWEST     54           300 PM
 AVERAGE    68

..........................................................


THE MILWAUKEE WI CLIMATE NORMALS FOR TOMORROW
                         NORMAL    RECORD    YEAR
 MAXIMUM TEMPERATURE (F)   56        83      1985
 MINIMUM TEMPERATURE (F)   39        25      1904


SUNRISE AND SUNSET
APRIL 19 2014.........SUNRISE   603 AM CDT   SUNSET   739 PM CDT
APRIL 20 2014.........SUNRISE   602 AM CDT   SUNSET   740 PM CDT


-  INDICATES NEGATIVE NUMBERS.
R  INDICATES RECORD WAS SET OR TIED.
MM INDICATES DATA IS MISSING.
T  INDICATES TRACE AMOUNT.




$$

HAHN
