000
CDUS43 KMKX 260650
CLIMKE


CLIMATE REPORT
NATIONAL WEATHER SERVICE IN MILWAUKEE
147 AM CDT WED APR 26 2017


...................................

...THE MILWAUKEE WI CLIMATE SUMMARY FOR APRIL 25 2017...

CLIMATE NORMAL PERIOD 1981 TO 2010
CLIMATE RECORD PERIOD 1871 TO 2017


WEATHER ITEM   OBSERVED TIME   RECORD YEAR NORMAL DEPARTURE LAST
                VALUE   (LST)  VALUE       VALUE  FROM      YEAR
                                                  NORMAL
..................................................................
TEMPERATURE (F)
 YESTERDAY
  MAXIMUM         70    134 PM  87    1990  57     13       78
  MINIMUM         48   1222 AM  27    1887  40      8       47
  AVERAGE         59                        49     10       63

PRECIPITATION (IN)
  YESTERDAY        0.00          1.54 1979   0.11  -0.11     0.07
  MONTH TO DATE    3.87                      2.98   0.89     1.27
  SINCE MAR 1      7.59                      5.25   2.34     4.61
  SINCE JAN 1     11.60                      8.66   2.94     5.92

SNOWFALL (IN)
  YESTERDAY        0.0           0.1  1976   0.0    0.0      0.0
  MONTH TO DATE    0.0                       1.9   -1.9      3.4
  SINCE MAR 1     13.6                       8.9    4.7     10.0
  SINCE JUL 1     37.6                      46.7   -9.1     39.1
  SNOW DEPTH       0

DEGREE DAYS
 HEATING
  YESTERDAY        6                        16    -10        2
  MONTH TO DATE  340                       512   -172      525
  SINCE MAR 1   1227                      1441   -214     1289
  SINCE JUL 1   5226                      6421  -1195     5508

 COOLING
  YESTERDAY        0                         0      0        0
  MONTH TO DATE    2                         0      2        0
  SINCE MAR 1      2                         0      2        0
  SINCE JAN 1      2                         0      2        0
..................................................................


WIND (MPH)
  HIGHEST WIND SPEED    18   HIGHEST WIND DIRECTION    SE (140)
  HIGHEST GUST SPEED    22   HIGHEST GUST DIRECTION    SE (140)
  AVERAGE WIND SPEED    12.1


SKY COVER
  POSSIBLE SUNSHINE  MM
  AVERAGE SKY COVER 0.7


WEATHER CONDITIONS
 THE FOLLOWING WEATHER WAS RECORDED YESTERDAY.
  NO SIGNIFICANT WEATHER WAS OBSERVED.


RELATIVE HUMIDITY (PERCENT)
 HIGHEST    77           900 PM
 LOWEST     54           200 AM
 AVERAGE    66

..........................................................


THE MILWAUKEE WI CLIMATE NORMALS FOR TODAY
                         NORMAL    RECORD    YEAR
 MAXIMUM TEMPERATURE (F)   58        85      1994
                                             1990
                                             1962
 MINIMUM TEMPERATURE (F)   41        27      1972


SUNRISE AND SUNSET
APRIL 26 2017.........SUNRISE   552 AM CDT   SUNSET   747 PM CDT
APRIL 27 2017.........SUNRISE   551 AM CDT   SUNSET   748 PM CDT


-  INDICATES NEGATIVE NUMBERS.
R  INDICATES RECORD WAS SET OR TIED.
MM INDICATES DATA IS MISSING.
T  INDICATES TRACE AMOUNT.




$$
