000
CDUS43 KMKX 150054
CLIMKE


CLIMATE REPORT
NATIONAL WEATHER SERVICE IN MILWAUKEE
751 PM CDT MON APR 14 2014


...................................

...THE MILWAUKEE WI CLIMATE SUMMARY FOR APRIL 14 2014...
VALID TODAY AS OF 0700 PM LOCAL TIME.

CLIMATE NORMAL PERIOD 1981 TO 2010
CLIMATE RECORD PERIOD 1871 TO 2014


WEATHER ITEM   OBSERVED TIME   RECORD YEAR NORMAL DEPARTURE LAST
                VALUE   (LST)  VALUE       VALUE  FROM      YEAR
                                                  NORMAL
..................................................................
TEMPERATURE (F)
 TODAY
  MAXIMUM         39    956 AM  85    2003  53    -14       49
  MINIMUM         31    551 PM  22    1928  37     -6       30
                                      1907
  AVERAGE         35                        45    -10       40

PRECIPITATION (IN)
  TODAY            0.18          1.68 1987   0.12   0.06     0.05
  MONTH TO DATE    2.53                      1.68   0.85     4.00
  SINCE MAR 1      3.65                      3.95  -0.30     5.63
  SINCE JAN 1      6.39                      7.36  -0.97    11.83

SNOWFALL (IN)
  TODAY            0.2           4.3  1928   0.1    0.1      0.2
  MONTH TO DATE    0.2                       1.4   -1.2      0.2
  SINCE MAR 1      6.5                       8.4   -1.9      7.6
  SINCE JUL 1     63.3                      46.2   17.1     44.8
  SNOW DEPTH       T

DEGREE DAYS
 HEATING
  TODAY           30                        20     10       25
  MONTH TO DATE  309                       314     -5      371
  SINCE MAR 1   1419                      1243    176     1446
  SINCE JUL 1   7075                      6223    852     6171

 COOLING
  TODAY            0                         0      0        0
  MONTH TO DATE    0                         0      0        0
  SINCE MAR 1      0                         0      0        0
  SINCE JAN 1      0                         0      0        0
..................................................................


WIND (MPH)
  HIGHEST WIND SPEED    32   HIGHEST WIND DIRECTION     N (20)
  HIGHEST GUST SPEED    42   HIGHEST GUST DIRECTION     N (20)
  AVERAGE WIND SPEED    16.9


SKY COVER
  POSSIBLE SUNSHINE  MM
  AVERAGE SKY COVER 0.9


WEATHER CONDITIONS
 THE FOLLOWING WEATHER WAS RECORDED TODAY.
  LIGHT RAIN
  LIGHT SNOW
  FOG
  HAZE


RELATIVE HUMIDITY (PERCENT)
 HIGHEST    92           200 AM
 LOWEST     64          1000 AM
 AVERAGE    78

..........................................................


THE MILWAUKEE WI CLIMATE NORMALS FOR TOMORROW
                         NORMAL    RECORD    YEAR
 MAXIMUM TEMPERATURE (F)   54        88      2002
 MINIMUM TEMPERATURE (F)   37        20      1935
                                             1928


SUNRISE AND SUNSET
APRIL 14 2014.........SUNRISE   612 AM CDT   SUNSET   733 PM CDT
APRIL 15 2014.........SUNRISE   610 AM CDT   SUNSET   734 PM CDT


-  INDICATES NEGATIVE NUMBERS.
R  INDICATES RECORD WAS SET OR TIED.
MM INDICATES DATA IS MISSING.
T  INDICATES TRACE AMOUNT.




$$

HAHN
