000
CDUS43 KMKX 210047
CLIMKE


CLIMATE REPORT
NATIONAL WEATHER SERVICE IN MILWAUKEE
744 PM CDT SUN APR 20 2014


...................................

...THE MILWAUKEE WI CLIMATE SUMMARY FOR APRIL 20 2014...
VALID TODAY AS OF 0700 PM LOCAL TIME.

CLIMATE NORMAL PERIOD 1981 TO 2010
CLIMATE RECORD PERIOD 1871 TO 2014


WEATHER ITEM   OBSERVED TIME   RECORD YEAR NORMAL DEPARTURE LAST
                VALUE   (LST)  VALUE       VALUE  FROM      YEAR
                                                  NORMAL
..................................................................
TEMPERATURE (F)
 TODAY
  MAXIMUM         75   1159 AM  83    1985  56     19       43
  MINIMUM         46    454 AM  25    1904  39      7       28
  AVERAGE         61                        47     14       36

PRECIPITATION (IN)
  TODAY            0.00          1.63 1874   0.12  -0.12     0.00
  MONTH TO DATE    2.54                      2.42   0.12     6.89
  SINCE MAR 1      3.66                      4.69  -1.03     8.52
  SINCE JAN 1      6.40                      8.10  -1.70    14.72

SNOWFALL (IN)
  TODAY            0.0           3.5  1884   0.0    0.0      0.0
  MONTH TO DATE    0.3                       1.7   -1.4      0.4
  SINCE MAR 1      6.6                       8.7   -2.1      7.8
  SINCE JUL 1     63.4                      46.5   16.9     45.0
  SNOW DEPTH       0

DEGREE DAYS
 HEATING
  TODAY            4                        18    -14       29
  MONTH TO DATE  444                       427     17      504
  SINCE MAR 1   1554                      1356    198     1579
  SINCE JUL 1   7210                      6336    874     6304

 COOLING
  TODAY            0                         0      0        0
  MONTH TO DATE    0                         0      0        0
  SINCE MAR 1      0                         0      0        0
  SINCE JAN 1      0                         0      0        0
..................................................................


WIND (MPH)
  HIGHEST WIND SPEED    18   HIGHEST WIND DIRECTION    SE (140)
  HIGHEST GUST SPEED    23   HIGHEST GUST DIRECTION    SW (220)
  AVERAGE WIND SPEED    11.2


SKY COVER
  POSSIBLE SUNSHINE  MM
  AVERAGE SKY COVER 0.6


WEATHER CONDITIONS
 THE FOLLOWING WEATHER WAS RECORDED TODAY.
  NO SIGNIFICANT WEATHER WAS OBSERVED.


RELATIVE HUMIDITY (PERCENT)
 HIGHEST    61          1200 AM
 LOWEST     29          1200 PM
 AVERAGE    45

..........................................................


THE MILWAUKEE WI CLIMATE NORMALS FOR TOMORROW
                         NORMAL    RECORD    YEAR
 MAXIMUM TEMPERATURE (F)   56        84      1985
                                             1902
 MINIMUM TEMPERATURE (F)   39        25      1975


SUNRISE AND SUNSET
APRIL 20 2014.........SUNRISE   602 AM CDT   SUNSET   740 PM CDT
APRIL 21 2014.........SUNRISE   600 AM CDT   SUNSET   741 PM CDT


-  INDICATES NEGATIVE NUMBERS.
R  INDICATES RECORD WAS SET OR TIED.
MM INDICATES DATA IS MISSING.
T  INDICATES TRACE AMOUNT.




$$

HAHN
