000
CDUS43 KMKX 100051
CLIMKE


CLIMATE REPORT
NATIONAL WEATHER SERVICE IN MILWAUKEE
745 PM CDT WED JUL 9 2014


...................................

...THE MILWAUKEE WI CLIMATE SUMMARY FOR JULY 9 2014...
VALID TODAY AS OF 0700 PM LOCAL TIME.

CLIMATE NORMAL PERIOD 1981 TO 2010
CLIMATE RECORD PERIOD 1871 TO 2014


WEATHER ITEM   OBSERVED TIME   RECORD YEAR NORMAL DEPARTURE LAST
                VALUE   (LST)  VALUE       VALUE  FROM      YEAR
                                                  NORMAL
..................................................................
TEMPERATURE (F)
 TODAY
  MAXIMUM         75    108 PM 101    1936  80     -5       84
  MINIMUM         56    427 AM  45    1961  63     -7       68
  AVERAGE         66                        72     -6       76

PRECIPITATION (IN)
  TODAY            0.00          2.76 2006   0.13  -0.13     0.10
  MONTH TO DATE    0.74                      1.12  -0.38     0.60
  SINCE JUN 1      7.08                      5.02   2.06     6.40
  SINCE JAN 1     18.03                     17.66   0.37    25.91

SNOWFALL (IN)
  TODAY            0.0           0.0    MM   0.0    0.0      0.0
  MONTH TO DATE    0.0                       0.0    0.0      0.0
  SINCE JUN 1      0.0                       0.0    0.0      0.0
  SINCE JUL 1      0.0                       0.0    0.0      0.0
  SNOW DEPTH       0

DEGREE DAYS
 HEATING
  TODAY            0                         0      0        0
  MONTH TO DATE    6                         4      2        3
  SINCE JUN 1     80                        88     -8       90
  SINCE JUL 1      6                         4      2        3

 COOLING
  TODAY            1                         7     -6       11
  MONTH TO DATE   42                        62    -20       70
  SINCE JUN 1    132                       182    -50      169
  SINCE JAN 1    150                       212    -62      208
..................................................................


WIND (MPH)
  HIGHEST WIND SPEED    17   HIGHEST WIND DIRECTION     W (270)
  HIGHEST GUST SPEED    23   HIGHEST GUST DIRECTION     W (290)
  AVERAGE WIND SPEED     6.9


SKY COVER
  POSSIBLE SUNSHINE  MM
  AVERAGE SKY COVER 0.5


WEATHER CONDITIONS
 THE FOLLOWING WEATHER WAS RECORDED TODAY.
  FOG


RELATIVE HUMIDITY (PERCENT)
 HIGHEST   100           300 AM
 LOWEST     43           100 PM
 AVERAGE    72

..........................................................


THE MILWAUKEE WI CLIMATE NORMALS FOR TOMORROW
                         NORMAL    RECORD    YEAR
 MAXIMUM TEMPERATURE (F)   80       100      1936
 MINIMUM TEMPERATURE (F)   63        44      1963


SUNRISE AND SUNSET
JULY  9 2014..........SUNRISE   521 AM CDT   SUNSET   832 PM CDT
JULY 10 2014..........SUNRISE   522 AM CDT   SUNSET   831 PM CDT


-  INDICATES NEGATIVE NUMBERS.
R  INDICATES RECORD WAS SET OR TIED.
MM INDICATES DATA IS MISSING.
T  INDICATES TRACE AMOUNT.




$$
