000
CDUS43 KMKX 280704
CLIMKE


CLIMATE REPORT
NATIONAL WEATHER SERVICE IN MILWAUKEE
202 AM CDT FRI AUG 28 2015


...................................

...THE MILWAUKEE WI CLIMATE SUMMARY FOR AUGUST 27 2015...

CLIMATE NORMAL PERIOD 1981 TO 2010
CLIMATE RECORD PERIOD 1871 TO 2015


WEATHER ITEM   OBSERVED TIME   RECORD YEAR NORMAL DEPARTURE LAST
                VALUE   (LST)  VALUE       VALUE  FROM      YEAR
                                                  NORMAL
..................................................................
TEMPERATURE (F)
 YESTERDAY
  MAXIMUM         73   1139 AM  99    1973  77     -4       73
  MINIMUM         53    445 AM  48    1876  62     -9       62
  AVERAGE         63                        70     -7       68

PRECIPITATION (IN)
  YESTERDAY        0.00          1.63 1877   0.12  -0.12     0.00
  MONTH TO DATE    2.56                      3.49  -0.93     5.01
  SINCE JUN 1      6.65                     11.06  -4.41    13.66
  SINCE JAN 1     16.85                     23.70  -6.85    24.61

SNOWFALL (IN)
  YESTERDAY        0.0           0.0    MM   0.0    0.0      0.0
  MONTH TO DATE    0.0                       0.0    0.0      0.0
  SINCE JUN 1      0.0                       0.0    0.0      0.0
  SINCE JUL 1      0.0                       0.0    0.0      0.0
  SNOW DEPTH       0

DEGREE DAYS
 HEATING
  YESTERDAY        2                         1      1        0
  MONTH TO DATE   16                         6     10        5
  SINCE JUN 1    146                       101     45      100
  SINCE JUL 1     44                        17     27       26

 COOLING
  YESTERDAY        0                         5     -5        3
  MONTH TO DATE  173                       174     -1      140
  SINCE JUN 1    454                       516    -62      357
  SINCE JAN 1    480                       546    -66      375
..................................................................


WIND (MPH)
  HIGHEST WIND SPEED    18   HIGHEST WIND DIRECTION    SE (140)
  HIGHEST GUST SPEED    22   HIGHEST GUST DIRECTION    SE (140)
  AVERAGE WIND SPEED     6.7


SKY COVER
  POSSIBLE SUNSHINE  MM
  AVERAGE SKY COVER 0.4


WEATHER CONDITIONS
 THE FOLLOWING WEATHER WAS RECORDED YESTERDAY.
  HAZE


RELATIVE HUMIDITY (PERCENT)
 HIGHEST    86           300 AM
 LOWEST     53           300 PM
 AVERAGE    70

..........................................................


THE MILWAUKEE WI CLIMATE NORMALS FOR TODAY
                         NORMAL    RECORD    YEAR
 MAXIMUM TEMPERATURE (F)   77        97      1926
 MINIMUM TEMPERATURE (F)   62        45      1965


SUNRISE AND SUNSET
AUGUST 28 2015........SUNRISE   611 AM CDT   SUNSET   733 PM CDT
AUGUST 29 2015........SUNRISE   613 AM CDT   SUNSET   732 PM CDT


-  INDICATES NEGATIVE NUMBERS.
R  INDICATES RECORD WAS SET OR TIED.
MM INDICATES DATA IS MISSING.
T  INDICATES TRACE AMOUNT.




$$
