000
CDUS43 KMKX 032145
CLIMKE


CLIMATE REPORT
NATIONAL WEATHER SERVICE IN MILWAUKEE
442 PM CDT MON AUG 3 2015


...................................

...THE MILWAUKEE WI CLIMATE SUMMARY FOR AUGUST 3 2015...
VALID TODAY AS OF 0400 PM LOCAL TIME.

CLIMATE NORMAL PERIOD 1981 TO 2010
CLIMATE RECORD PERIOD 1871 TO 2015


WEATHER ITEM   OBSERVED TIME   RECORD YEAR NORMAL DEPARTURE LAST
                VALUE   (LST)  VALUE       VALUE  FROM      YEAR
                                                  NORMAL
..................................................................
TEMPERATURE (F)
 TODAY
  MAXIMUM         81    259 PM 100    1988  80      1       85
  MINIMUM         65    228 AM  47    1894  64      1       62
  AVERAGE         73                        72      1       74

PRECIPITATION (IN)
  TODAY            0.00          2.23 1952   0.14  -0.14      T
  MONTH TO DATE    0.46                      0.39   0.07     0.83
  SINCE JUN 1      4.55                      7.96  -3.41     9.48
  SINCE JAN 1     14.75                     20.60  -5.85    20.43

SNOWFALL (IN)
  TODAY            0.0           0.0    MM   0.0    0.0      0.0
  MONTH TO DATE    0.0                       0.0    0.0      0.0
  SINCE JUN 1      0.0                       0.0    0.0      0.0
  SINCE JUL 1      0.0                       0.0    0.0      0.0
  SNOW DEPTH       0

DEGREE DAYS
 HEATING
  TODAY            0                         0      0        0
  MONTH TO DATE    0                         0      0        0
  SINCE JUN 1    130                        95     35       95
  SINCE JUL 1     28                        11     17       21

 COOLING
  TODAY            8                         7      1        9
  MONTH TO DATE   33                        21     12       18
  SINCE JUN 1    314                       363    -49      235
  SINCE JAN 1    340                       393    -53      253
..................................................................


WIND (MPH)
  HIGHEST WIND SPEED    23   HIGHEST WIND DIRECTION    NW (310)
  HIGHEST GUST SPEED    30   HIGHEST GUST DIRECTION     W (280)
  AVERAGE WIND SPEED    10.4


SKY COVER
  POSSIBLE SUNSHINE  MM
  AVERAGE SKY COVER 0.2


WEATHER CONDITIONS
 THE FOLLOWING WEATHER WAS RECORDED TODAY.
  HAZE


RELATIVE HUMIDITY (PERCENT)
 HIGHEST    78           300 AM
 LOWEST     28          1200 PM
 AVERAGE    53

..........................................................


THE MILWAUKEE WI CLIMATE NORMALS FOR TOMORROW
                         NORMAL    RECORD    YEAR
 MAXIMUM TEMPERATURE (F)   80        99      1947
 MINIMUM TEMPERATURE (F)   64        49      1972


SUNRISE AND SUNSET
AUGUST  3 2015........SUNRISE   544 AM CDT   SUNSET   810 PM CDT
AUGUST  4 2015........SUNRISE   545 AM CDT   SUNSET   809 PM CDT


-  INDICATES NEGATIVE NUMBERS.
R  INDICATES RECORD WAS SET OR TIED.
MM INDICATES DATA IS MISSING.
T  INDICATES TRACE AMOUNT.




$$

HAHN
