000
CDUS43 KMKX 140650
CLIMKE


CLIMATE REPORT
NATIONAL WEATHER SERVICE IN MILWAUKEE
149 AM CDT MON AUG 14 2017


...................................

...THE MILWAUKEE WI CLIMATE SUMMARY FOR AUGUST 13 2017...

CLIMATE NORMAL PERIOD 1981 TO 2010
CLIMATE RECORD PERIOD 1871 TO 2017


WEATHER ITEM   OBSERVED TIME   RECORD YEAR NORMAL DEPARTURE LAST
                VALUE   (LST)  VALUE       VALUE  FROM      YEAR
                                                  NORMAL
..................................................................
TEMPERATURE (F)
 YESTERDAY
  MAXIMUM         77   1141 AM  97    1918  79     -2       86
  MINIMUM         57    550 AM  48    1961  64     -7       72
  AVERAGE         67                        71     -4       79

PRECIPITATION (IN)
  YESTERDAY        0.00          0.76 1977   0.14  -0.14      T
  MONTH TO DATE    0.45                      1.71  -1.26     0.34
  SINCE JUN 1      9.35                      9.28   0.07     5.59
  SINCE JAN 1     26.14                     21.92   4.22    14.41

SNOWFALL (IN)
  YESTERDAY        0.0           0.0    MM   0.0    0.0      0.0
  MONTH TO DATE    0.0                       0.0    0.0      0.0
  SINCE JUN 1      0.0                       0.0    0.0      0.0
  SINCE JUL 1      0.0                       0.0    0.0      0.0
  SNOW DEPTH       0

DEGREE DAYS
 HEATING
  YESTERDAY        0                         0      0        0
  MONTH TO DATE    3                         0      3        0
  SINCE JUN 1     18                        95    -77       31
  SINCE JUL 1      4                        11     -7        2

 COOLING
  YESTERDAY        2                         7     -5       14
  MONTH TO DATE   80                        91    -11      164
  SINCE JUN 1    492                       433     59      621
  SINCE JAN 1    513                       463     50      666
..................................................................


WIND (MPH)
  HIGHEST WIND SPEED    13   HIGHEST WIND DIRECTION    SE (140)
  HIGHEST GUST SPEED    15   HIGHEST GUST DIRECTION    SE (140)
  AVERAGE WIND SPEED     5.3


SKY COVER
  POSSIBLE SUNSHINE  MM
  AVERAGE SKY COVER 0.6


WEATHER CONDITIONS
 THE FOLLOWING WEATHER WAS RECORDED YESTERDAY.
  NO SIGNIFICANT WEATHER WAS OBSERVED.


RELATIVE HUMIDITY (PERCENT)
 HIGHEST    86           500 AM
 LOWEST     43          1000 AM
 AVERAGE    65

..........................................................


THE MILWAUKEE WI CLIMATE NORMALS FOR TODAY
                         NORMAL    RECORD    YEAR
 MAXIMUM TEMPERATURE (F)   79        96      1944
 MINIMUM TEMPERATURE (F)   64        47      1964
                                             1962


SUNRISE AND SUNSET
AUGUST 14 2017........SUNRISE   557 AM CDT   SUNSET   755 PM CDT
AUGUST 15 2017........SUNRISE   558 AM CDT   SUNSET   753 PM CDT


-  INDICATES NEGATIVE NUMBERS.
R  INDICATES RECORD WAS SET OR TIED.
MM INDICATES DATA IS MISSING.
T  INDICATES TRACE AMOUNT.




$$
