999
CDUS43 KMKX 010704
CLIMKE


CLIMATE REPORT
NATIONAL WEATHER SERVICE IN MILWAUKEE
157 AM CDT SUN MAY 1 2016


...................................

...THE MILWAUKEE WI CLIMATE SUMMARY FOR APRIL 30 2016...

CLIMATE NORMAL PERIOD 1981 TO 2010
CLIMATE RECORD PERIOD 1871 TO 2016


WEATHER ITEM   OBSERVED TIME   RECORD YEAR NORMAL DEPARTURE LAST
                VALUE   (LST)  VALUE       VALUE  FROM      YEAR
                                                  NORMAL
..................................................................
TEMPERATURE (F)
 YESTERDAY
  MAXIMUM         46   1235 PM  85    2013  59    -13       46
  MINIMUM         40    313 AM  29    1969  42     -2       40
                                      1877
  AVERAGE         43                        51     -8       43

PRECIPITATION (IN)
  YESTERDAY        0.40          1.26 1917   0.12   0.28      T
  MONTH TO DATE    1.80                      3.56  -1.76     5.22
  SINCE MAR 1      5.14                      5.83  -0.69     6.05
  SINCE JAN 1      6.45                      9.24  -2.79     7.77

SNOWFALL (IN)
  YESTERDAY        0.0           5.0  1907   0.0    0.0      0.0
  MONTH TO DATE    3.4                       2.0    1.4       T
  SINCE MAR 1     10.0                       9.0    1.0      4.9
  SINCE JUL 1     39.1                      46.8   -7.7     43.0
  SNOW DEPTH       0

DEGREE DAYS
 HEATING
  YESTERDAY       22                        15      7       22
  MONTH TO DATE  633                       589     44      568
  SINCE MAR 1   1397                      1517   -120     1499
  SINCE JUL 1   5616                      6497   -881     6831

 COOLING
  YESTERDAY        0                         0      0        0
  MONTH TO DATE    0                         5     -5        0
  SINCE MAR 1      0                         5     -5        0
  SINCE JAN 1      0                         5     -5        0
..................................................................


WIND (MPH)
  HIGHEST WIND SPEED    22   HIGHEST WIND DIRECTION     E (70)
  HIGHEST GUST SPEED    26   HIGHEST GUST DIRECTION    NE (60)
  AVERAGE WIND SPEED    13.0


SKY COVER
  POSSIBLE SUNSHINE  MM
  AVERAGE SKY COVER 0.9


WEATHER CONDITIONS
 THE FOLLOWING WEATHER WAS RECORDED YESTERDAY.
  RAIN
  LIGHT RAIN
  FOG


RELATIVE HUMIDITY (PERCENT)
 HIGHEST    96           900 PM
 LOWEST     67          1200 AM
 AVERAGE    82

..........................................................


THE MILWAUKEE WI CLIMATE NORMALS FOR TODAY
                         NORMAL    RECORD    YEAR
 MAXIMUM TEMPERATURE (F)   60        88      1992
 MINIMUM TEMPERATURE (F)   42        24      1963


SUNRISE AND SUNSET
MAY  1 2016...........SUNRISE   545 AM CDT   SUNSET   753 PM CDT
MAY  2 2016...........SUNRISE   544 AM CDT   SUNSET   754 PM CDT


-  INDICATES NEGATIVE NUMBERS.
R  INDICATES RECORD WAS SET OR TIED.
MM INDICATES DATA IS MISSING.
T  INDICATES TRACE AMOUNT.




$$
