771
CDUS43 KMKX 170642
CLIMKE


CLIMATE REPORT
NATIONAL WEATHER SERVICE IN MILWAUKEE
1241 AM CST FRI NOV 17 2017


...................................

...THE MILWAUKEE WI CLIMATE SUMMARY FOR NOVEMBER 16 2017...

CLIMATE NORMAL PERIOD 1981 TO 2010
CLIMATE RECORD PERIOD 1871 TO 2017


WEATHER ITEM   OBSERVED TIME   RECORD YEAR NORMAL DEPARTURE LAST
                VALUE   (LST)  VALUE       VALUE  FROM      YEAR
                                                  NORMAL
..................................................................
TEMPERATURE (F)
 YESTERDAY
  MAXIMUM         39    107 PM  70    1931  46     -7       55
  MINIMUM         35    728 AM   4    1959  32      3       42
  AVERAGE         37                        39     -2       49

PRECIPITATION (IN)
  YESTERDAY        0.00          1.09 1961   0.09  -0.09     0.00
  MONTH TO DATE    0.94                      1.45  -0.51     0.52
  SINCE SEP 1      5.88                      7.28  -1.40     8.38
  SINCE JAN 1     33.20                     31.46   1.74    26.04

SNOWFALL (IN)
  YESTERDAY        0.0           0.8  2014   0.1   -0.1      0.0
                                      1895
  MONTH TO DATE    0.2                       0.5   -0.3      0.0
  SINCE SEP 1      0.2                       0.8   -0.6      0.0
  SINCE JUL 1      0.2                       0.8   -0.6      0.0
  SNOW DEPTH       0

DEGREE DAYS
 HEATING
  YESTERDAY       28                        26      2       16
  MONTH TO DATE  428                       362     66      196
  SINCE SEP 1    754                       921   -167      496
  SINCE JUL 1    763                       947   -184      498

 COOLING
  YESTERDAY        0                         0      0        0
  MONTH TO DATE    0                         0      0        3
  SINCE SEP 1    162                        76     86      155
  SINCE JAN 1    772                       641    131      991
..................................................................


WIND (MPH)
  HIGHEST WIND SPEED    26   HIGHEST WIND DIRECTION    NW (310)
  HIGHEST GUST SPEED    36   HIGHEST GUST DIRECTION    NW (320)
  AVERAGE WIND SPEED     9.7


SKY COVER
  POSSIBLE SUNSHINE  MM
  AVERAGE SKY COVER 0.9


WEATHER CONDITIONS
 THE FOLLOWING WEATHER WAS RECORDED YESTERDAY.
  NO SIGNIFICANT WEATHER WAS OBSERVED.


RELATIVE HUMIDITY (PERCENT)
 HIGHEST    76           900 PM
 LOWEST     64          1200 AM
 AVERAGE    70

..........................................................


THE MILWAUKEE WI CLIMATE NORMALS FOR TODAY
                         NORMAL    RECORD    YEAR
 MAXIMUM TEMPERATURE (F)   45        72      2016
 MINIMUM TEMPERATURE (F)   31         1      1959


SUNRISE AND SUNSET
NOVEMBER 17 2017......SUNRISE   647 AM CST   SUNSET   426 PM CST
NOVEMBER 18 2017......SUNRISE   648 AM CST   SUNSET   425 PM CST


-  INDICATES NEGATIVE NUMBERS.
R  INDICATES RECORD WAS SET OR TIED.
MM INDICATES DATA IS MISSING.
T  INDICATES TRACE AMOUNT.




$$
