000
CDUS43 KMKX 110642
CLIMKE


CLIMATE REPORT
NATIONAL WEATHER SERVICE IN MILWAUKEE
1241 AM CST THU FEB 11 2016


...................................

...THE MILWAUKEE WI CLIMATE SUMMARY FOR FEBRUARY 10 2016...

CLIMATE NORMAL PERIOD 1981 TO 2010
CLIMATE RECORD PERIOD 1871 TO 2016


WEATHER ITEM   OBSERVED TIME   RECORD YEAR NORMAL DEPARTURE LAST
                VALUE   (LST)  VALUE       VALUE  FROM      YEAR
                                                  NORMAL
..................................................................
TEMPERATURE (F)
 YESTERDAY
  MAXIMUM         16    159 PM  59    2009  31    -15       29
  MINIMUM          9   1159 PM -22    1899  18     -9       23
  AVERAGE         13                        24    -11       26

PRECIPITATION (IN)
  YESTERDAY        0.00          1.67 1960   0.06  -0.06      T
  MONTH TO DATE    0.51                      0.54  -0.03     0.57
  SINCE DEC 1      5.02                      4.34   0.68     2.51
  SINCE JAN 1      1.20                      2.30  -1.10     1.48

SNOWFALL (IN)
  YESTERDAY        0.0          16.7  1960   0.3   -0.3       T
  MONTH TO DATE    4.8                       3.6    1.2     12.4
  SINCE DEC 1     19.3                      28.9   -9.6     26.1
  SINCE JUL 1     26.2                      31.6   -5.4     30.9
  SNOW DEPTH       4

DEGREE DAYS
 HEATING
  YESTERDAY       52                        40     12       39
  MONTH TO DATE  368                       413    -45      451
  SINCE DEC 1   2505                      2933   -428     2798
  SINCE JUL 1   3544                      4298   -754     4369

 COOLING
  YESTERDAY        0                         0      0        0
  MONTH TO DATE    0                         0      0        0
  SINCE DEC 1      0                         0      0        0
  SINCE JAN 1      0                         0      0        0
..................................................................


WIND (MPH)
  HIGHEST WIND SPEED    20   HIGHEST WIND DIRECTION    NW (330)
  HIGHEST GUST SPEED    24   HIGHEST GUST DIRECTION    NW (330)
  AVERAGE WIND SPEED    10.0


SKY COVER
  POSSIBLE SUNSHINE  MM
  AVERAGE SKY COVER 0.5


WEATHER CONDITIONS
 THE FOLLOWING WEATHER WAS RECORDED YESTERDAY.
  NO SIGNIFICANT WEATHER WAS OBSERVED.


RELATIVE HUMIDITY (PERCENT)
 HIGHEST    69           500 AM
 LOWEST     46           100 PM
 AVERAGE    58

..........................................................


THE MILWAUKEE WI CLIMATE NORMALS FOR TODAY
                         NORMAL    RECORD    YEAR
 MAXIMUM TEMPERATURE (F)   31        68      1999
 MINIMUM TEMPERATURE (F)   18       -24      1885


SUNRISE AND SUNSET
FEBRUARY 11 2016......SUNRISE   655 AM CST   SUNSET   517 PM CST
FEBRUARY 12 2016......SUNRISE   654 AM CST   SUNSET   518 PM CST


-  INDICATES NEGATIVE NUMBERS.
R  INDICATES RECORD WAS SET OR TIED.
MM INDICATES DATA IS MISSING.
T  INDICATES TRACE AMOUNT.




$$
