524
CDUS43 KMKX 160654
CLIMKE


CLIMATE REPORT
NATIONAL WEATHER SERVICE IN MILWAUKEE
1253 AM CST TUE JAN 16 2018


...................................

...THE MILWAUKEE WI CLIMATE SUMMARY FOR JANUARY 15 2018...

CLIMATE NORMAL PERIOD 1981 TO 2010
CLIMATE RECORD PERIOD 1871 TO 2018


WEATHER ITEM   OBSERVED TIME   RECORD YEAR NORMAL DEPARTURE LAST
                VALUE   (LST)  VALUE       VALUE  FROM      YEAR
                                                  NORMAL
..................................................................
TEMPERATURE (F)
 YESTERDAY
  MAXIMUM         28    148 PM  54    1953  29     -1       38
                                      1949
  MINIMUM         19    528 AM -24    1963  15      4       15
  AVERAGE         24                        22      2       27

PRECIPITATION (IN)
  YESTERDAY        0.22          2.50 1871   0.06   0.16     0.00
  MONTH TO DATE    0.30                      0.90  -0.60     0.55
  SINCE DEC 1      0.76                      2.94  -2.18     2.48
  SINCE JAN 1      0.30                      0.90  -0.60     0.55

SNOWFALL (IN)
  YESTERDAY        5.3           6.0  1960   0.5    4.8      0.0
  MONTH TO DATE    5.7                       7.3   -1.6      1.0
  SINCE DEC 1     10.3                      17.9   -7.6     19.8
  SINCE JUL 1     10.5                      20.6  -10.1     19.8
  SNOW DEPTH       1

DEGREE DAYS
 HEATING
  YESTERDAY       41                        43     -2       38
  MONTH TO DATE  699                       640     59      654
  SINCE DEC 1   1905                      1835     70     1861
  SINCE JUL 1   3010                      3200   -190     2691

 COOLING
  YESTERDAY        0                         0      0        0
  MONTH TO DATE    0                         0      0        0
  SINCE DEC 1      0                         0      0        0
  SINCE JAN 1      0                         0      0        0
..................................................................


WIND (MPH)
  HIGHEST WIND SPEED    16   HIGHEST WIND DIRECTION    NE (30)
  HIGHEST GUST SPEED    21   HIGHEST GUST DIRECTION    NE (40)
  AVERAGE WIND SPEED     7.9


SKY COVER
  POSSIBLE SUNSHINE  MM
  AVERAGE SKY COVER 1.0


WEATHER CONDITIONS
 THE FOLLOWING WEATHER WAS RECORDED YESTERDAY.
  SNOW
  LIGHT SNOW
  FOG


RELATIVE HUMIDITY (PERCENT)
 HIGHEST    96           700 PM
 LOWEST     68           100 PM
 AVERAGE    82

..........................................................


THE MILWAUKEE WI CLIMATE NORMALS FOR TODAY
                         NORMAL    RECORD    YEAR
 MAXIMUM TEMPERATURE (F)   29        52      1949
                                             1933
 MINIMUM TEMPERATURE (F)   15       -23      1982


SUNRISE AND SUNSET
JANUARY 16 2018.......SUNRISE   719 AM CST   SUNSET   444 PM CST
JANUARY 17 2018.......SUNRISE   719 AM CST   SUNSET   445 PM CST


-  INDICATES NEGATIVE NUMBERS.
R  INDICATES RECORD WAS SET OR TIED.
MM INDICATES DATA IS MISSING.
T  INDICATES TRACE AMOUNT.




$$
