000
CDUS43 KMKX 030046
CLIMKE


CLIMATE REPORT
NATIONAL WEATHER SERVICE IN MILWAUKEE
746 PM CDT WED SEP 2 2015


...................................

...THE MILWAUKEE WI CLIMATE SUMMARY FOR SEPTEMBER 2 2015...
VALID TODAY AS OF 0700 PM LOCAL TIME.

CLIMATE NORMAL PERIOD 1981 TO 2010
CLIMATE RECORD PERIOD 1871 TO 2015


WEATHER ITEM   OBSERVED TIME   RECORD YEAR NORMAL DEPARTURE LAST
                VALUE   (LST)  VALUE       VALUE  FROM      YEAR
                                                  NORMAL
..................................................................
TEMPERATURE (F)
 TODAY
  MAXIMUM         89    228 PM  96    1953  76     13       80
                                      1913
  MINIMUM         73    548 AM  43    1967  60     13       62
                                      1946
  AVERAGE         81                        68     13       71

PRECIPITATION (IN)
  TODAY            0.00          1.45 1934   0.10  -0.10     0.00
  MONTH TO DATE    0.00                      0.21  -0.21     0.02
  SINCE SEP 1      0.00                      0.21  -0.21     0.02
  SINCE JAN 1     17.75                     24.39  -6.64    25.31

SNOWFALL (IN)
  TODAY            0.0           0.0    MM   0.0    0.0      0.0
  MONTH TO DATE    0.0                       0.0    0.0      0.0
  SINCE SEP 1      0.0                       0.0    0.0      0.0
  SINCE JUL 1      0.0                       0.0    0.0      0.0
  SNOW DEPTH       0

DEGREE DAYS
 HEATING
  TODAY            0                         1     -1        0
  MONTH TO DATE    0                         2     -2        0
  SINCE SEP 1      0                         2     -2        0
  SINCE JUL 1     48                        28     20       26

 COOLING
  TODAY           16                         4     12        6
  MONTH TO DATE   29                         9     20       17
  SINCE SEP 1     29                         9     20       17
  SINCE JAN 1    516                       574    -58      418
..................................................................


WIND (MPH)
  HIGHEST WIND SPEED    16   HIGHEST WIND DIRECTION    SW (220)
  HIGHEST GUST SPEED    20   HIGHEST GUST DIRECTION    SW (240)
  AVERAGE WIND SPEED     7.9


SKY COVER
  POSSIBLE SUNSHINE  MM
  AVERAGE SKY COVER 0.5


WEATHER CONDITIONS
 THE FOLLOWING WEATHER WAS RECORDED TODAY.
  HAZE


RELATIVE HUMIDITY (PERCENT)
 HIGHEST    84           500 AM
 LOWEST     50           100 PM
 AVERAGE    67

..........................................................


THE MILWAUKEE WI CLIMATE NORMALS FOR TOMORROW
                         NORMAL    RECORD    YEAR
 MAXIMUM TEMPERATURE (F)   76        95      1939
 MINIMUM TEMPERATURE (F)   60        44      1974


SUNRISE AND SUNSET
SEPTEMBER  2 2015.....SUNRISE   617 AM CDT   SUNSET   725 PM CDT
SEPTEMBER  3 2015.....SUNRISE   618 AM CDT   SUNSET   723 PM CDT


-  INDICATES NEGATIVE NUMBERS.
R  INDICATES RECORD WAS SET OR TIED.
MM INDICATES DATA IS MISSING.
T  INDICATES TRACE AMOUNT.




$$
