765
CDUS43 KMKX 270653
CLIMKE


CLIMATE REPORT
NATIONAL WEATHER SERVICE IN MILWAUKEE
152 AM CDT THU APR 27 2017


...................................

...THE MILWAUKEE WI CLIMATE SUMMARY FOR APRIL 26 2017...

CLIMATE NORMAL PERIOD 1981 TO 2010
CLIMATE RECORD PERIOD 1871 TO 2017


WEATHER ITEM   OBSERVED TIME   RECORD YEAR NORMAL DEPARTURE LAST
                VALUE   (LST)  VALUE       VALUE  FROM      YEAR
                                                  NORMAL
..................................................................
TEMPERATURE (F)
 YESTERDAY
  MAXIMUM         74    339 PM  85    1994  58     16       49
                                      1990
                                      1962
  MINIMUM         57   1159 PM  27    1972  41     16       40
  AVERAGE         66                        49     17       45

PRECIPITATION (IN)
  YESTERDAY        0.31          1.62 2009   0.11   0.20      T
  MONTH TO DATE    4.18                      3.09   1.09     1.27
  SINCE MAR 1      7.90                      5.36   2.54     4.61
  SINCE JAN 1     11.91                      8.77   3.14     5.92

SNOWFALL (IN)
  YESTERDAY        0.0           T    1950   0.0    0.0      0.0
  MONTH TO DATE    0.0                       1.9   -1.9      3.4
  SINCE MAR 1     13.6                       8.9    4.7     10.0
  SINCE JUL 1     37.6                      46.7   -9.1     39.1
  SNOW DEPTH       0

DEGREE DAYS
 HEATING
  YESTERDAY        0                        16    -16       20
  MONTH TO DATE  340                       528   -188      545
  SINCE MAR 1   1227                      1457   -230     1309
  SINCE JUL 1   5226                      6437  -1211     5528

 COOLING
  YESTERDAY        1                         0      1        0
  MONTH TO DATE    3                         0      3        0
  SINCE MAR 1      3                         0      3        0
  SINCE JAN 1      3                         0      3        0
..................................................................


WIND (MPH)
  HIGHEST WIND SPEED    23   HIGHEST WIND DIRECTION    SW (220)
  HIGHEST GUST SPEED    29   HIGHEST GUST DIRECTION     W (250)
  AVERAGE WIND SPEED    10.8


SKY COVER
  POSSIBLE SUNSHINE  MM
  AVERAGE SKY COVER 0.9


WEATHER CONDITIONS
 THE FOLLOWING WEATHER WAS RECORDED YESTERDAY.
  THUNDERSTORM
  HEAVY RAIN
  RAIN
  LIGHT RAIN
  FOG


RELATIVE HUMIDITY (PERCENT)
 HIGHEST    93          1100 PM
 LOWEST     53           400 PM
 AVERAGE    73

..........................................................


THE MILWAUKEE WI CLIMATE NORMALS FOR TODAY
                         NORMAL    RECORD    YEAR
 MAXIMUM TEMPERATURE (F)   58        83      1962
                                             1938
 MINIMUM TEMPERATURE (F)   41        28      1967


SUNRISE AND SUNSET
APRIL 27 2017.........SUNRISE   551 AM CDT   SUNSET   748 PM CDT
APRIL 28 2017.........SUNRISE   549 AM CDT   SUNSET   749 PM CDT


-  INDICATES NEGATIVE NUMBERS.
R  INDICATES RECORD WAS SET OR TIED.
MM INDICATES DATA IS MISSING.
T  INDICATES TRACE AMOUNT.




$$
