000
CDUS43 KMKX 250651
CLIMKE


CLIMATE REPORT
NATIONAL WEATHER SERVICE IN MILWAUKEE
144 AM CDT THU AUG 25 2016


...................................

...THE MILWAUKEE WI CLIMATE SUMMARY FOR AUGUST 24 2016...

CLIMATE NORMAL PERIOD 1981 TO 2010
CLIMATE RECORD PERIOD 1871 TO 2016


WEATHER ITEM   OBSERVED TIME   RECORD YEAR NORMAL DEPARTURE LAST
                VALUE   (LST)  VALUE       VALUE  FROM      YEAR
                                                  NORMAL
..................................................................
TEMPERATURE (F)
 YESTERDAY
  MAXIMUM         87    419 PM 100    1948  78      9       69
  MINIMUM         71    825 AM  47    1887  62      9       55
  AVERAGE         79                        70      9       62

PRECIPITATION (IN)
  YESTERDAY        0.21          2.48 1892   0.11   0.10     0.00
  MONTH TO DATE    1.09                      3.14  -2.05     2.56
  SINCE JUN 1      6.34                     10.71  -4.37     6.65
  SINCE JAN 1     15.16                     23.35  -8.19    16.85

SNOWFALL (IN)
  YESTERDAY        0.0           0.0    MM   0.0    0.0      0.0
  MONTH TO DATE    0.0                       0.0    0.0      0.0
  SINCE JUN 1      0.0                       0.0    0.0      0.0
  SINCE JUL 1      0.0                       0.0    0.0      0.0
  SNOW DEPTH       0

DEGREE DAYS
 HEATING
  YESTERDAY        0                         1     -1        3
  MONTH TO DATE    0                         3     -3        5
  SINCE JUN 1     31                        98    -67      135
  SINCE JUL 1      2                        14    -12       33

 COOLING
  YESTERDAY       14                         6      8        0
  MONTH TO DATE  277                       158    119      173
  SINCE JUN 1    734                       500    234      454
  SINCE JAN 1    779                       530    249      480
..................................................................


WIND (MPH)
  HIGHEST WIND SPEED    24   HIGHEST WIND DIRECTION    SW (230)
  HIGHEST GUST SPEED    33   HIGHEST GUST DIRECTION    SW (210)
  AVERAGE WIND SPEED    10.3


SKY COVER
  POSSIBLE SUNSHINE  MM
  AVERAGE SKY COVER 0.8


WEATHER CONDITIONS
 THE FOLLOWING WEATHER WAS RECORDED YESTERDAY.
  RAIN
  LIGHT RAIN
  FOG


RELATIVE HUMIDITY (PERCENT)
 HIGHEST    84           800 AM
 LOWEST     55           400 PM
 AVERAGE    70

..........................................................


THE MILWAUKEE WI CLIMATE NORMALS FOR TODAY
                         NORMAL    RECORD    YEAR
 MAXIMUM TEMPERATURE (F)   78        94      1948
 MINIMUM TEMPERATURE (F)   62        44      1917


SUNRISE AND SUNSET
AUGUST 25 2016........SUNRISE   609 AM CDT   SUNSET   737 PM CDT
AUGUST 26 2016........SUNRISE   610 AM CDT   SUNSET   736 PM CDT


-  INDICATES NEGATIVE NUMBERS.
R  INDICATES RECORD WAS SET OR TIED.
MM INDICATES DATA IS MISSING.
T  INDICATES TRACE AMOUNT.




$$
