000
CDUS43 KMKX 260658
CLIMKE


CLIMATE REPORT
NATIONAL WEATHER SERVICE IN MILWAUKEE
1258 AM CST THU FEB 26 2015


...................................

...THE MILWAUKEE WI CLIMATE SUMMARY FOR FEBRUARY 25 2015...

CLIMATE NORMAL PERIOD 1981 TO 2010
CLIMATE RECORD PERIOD 1871 TO 2015


WEATHER ITEM   OBSERVED TIME   RECORD YEAR NORMAL DEPARTURE LAST
                VALUE   (LST)  VALUE       VALUE  FROM      YEAR
                                                  NORMAL
..................................................................
TEMPERATURE (F)
 YESTERDAY
  MAXIMUM         20   1217 AM  62    1932  36    -16       19
  MINIMUM         10    709 AM  -8    1967  22    -12        5
  AVERAGE         15                        29    -14       12

PRECIPITATION (IN)
  YESTERDAY        0.06          1.06 1926   0.07  -0.01     0.00
  MONTH TO DATE    0.70                      1.46  -0.76     1.62
  SINCE DEC 1      2.64                      5.26  -2.62     4.52
  SINCE JAN 1      1.61                      3.22  -1.61     2.73

SNOWFALL (IN)
  YESTERDAY        1.5          11.6  1935   0.4    1.1      0.0
  MONTH TO DATE   15.8                       8.9    6.9     15.6
  SINCE DEC 1     29.5                      34.2   -4.7     54.5
  SINCE JUL 1     34.3                      36.9   -2.6     56.5
  SNOW DEPTH       6

DEGREE DAYS
 HEATING
  YESTERDAY       50                        36     14       53
  MONTH TO DATE 1246                       987    259     1186
  SINCE DEC 1   3593                      3507     86     4114
  SINCE JUL 1   5164                      4872    292     5489

 COOLING
  YESTERDAY        0                         0      0        0
  MONTH TO DATE    0                         0      0        0
  SINCE DEC 1      0                         0      0        0
  SINCE JAN 1      0                         0      0        0
..................................................................


WIND (MPH)
  HIGHEST WIND SPEED    16   HIGHEST WIND DIRECTION     N (360)
  HIGHEST GUST SPEED    20   HIGHEST GUST DIRECTION     N (10)
  AVERAGE WIND SPEED     8.6


SKY COVER
  POSSIBLE SUNSHINE  MM
  AVERAGE SKY COVER 0.6


WEATHER CONDITIONS
 THE FOLLOWING WEATHER WAS RECORDED YESTERDAY.
  SNOW
  LIGHT SNOW
  HAZE


RELATIVE HUMIDITY (PERCENT)
 HIGHEST    80           700 PM
 LOWEST     39          1200 AM
 AVERAGE    60

..........................................................


THE MILWAUKEE WI CLIMATE NORMALS FOR TODAY
                         NORMAL    RECORD    YEAR
 MAXIMUM TEMPERATURE (F)   36        64      2000
 MINIMUM TEMPERATURE (F)   22        -6      1879


SUNRISE AND SUNSET
FEBRUARY 26 2015......SUNRISE   633 AM CST   SUNSET   537 PM CST
FEBRUARY 27 2015......SUNRISE   631 AM CST   SUNSET   538 PM CST


-  INDICATES NEGATIVE NUMBERS.
R  INDICATES RECORD WAS SET OR TIED.
MM INDICATES DATA IS MISSING.
T  INDICATES TRACE AMOUNT.




$$
