000
CDUS43 KMKX 190658
CLIMKE


CLIMATE REPORT
NATIONAL WEATHER SERVICE IN MILWAUKEE
157 AM CDT SUN MAR 19 2017


...................................

...THE MILWAUKEE WI CLIMATE SUMMARY FOR MARCH 18 2017...

CLIMATE NORMAL PERIOD 1981 TO 2010
CLIMATE RECORD PERIOD 1871 TO 2017


WEATHER ITEM   OBSERVED TIME   RECORD YEAR NORMAL DEPARTURE LAST
                VALUE   (LST)  VALUE       VALUE  FROM      YEAR
                                                  NORMAL
..................................................................
TEMPERATURE (F)
 YESTERDAY
  MAXIMUM         43    334 PM  79    2012  43      0       41
  MINIMUM         36   1159 PM   1    1923  28      8       33
  AVERAGE         40                        36      4       37

PRECIPITATION (IN)
  YESTERDAY        0.01          1.15 1971   0.07  -0.06     0.08
  MONTH TO DATE    1.47                      1.18   0.29     1.36
  SINCE MAR 1      1.47                      1.18   0.29     1.36
  SINCE JAN 1      5.48                      4.59   0.89     2.67

SNOWFALL (IN)
  YESTERDAY        T            10.0  1923   0.2   -0.2      0.3
  MONTH TO DATE   13.6                       5.1    8.5      4.5
  SINCE MAR 1     13.6                       5.1    8.5      4.5
  SINCE JUL 1     37.6                      42.9   -5.3     33.6
  SNOW DEPTH       2

DEGREE DAYS
 HEATING
  YESTERDAY       25                        29     -4       28
  MONTH TO DATE  566                       579    -13      437
  SINCE MAR 1    566                       579    -13      437
  SINCE JUL 1   4565                      5559   -994     4656

 COOLING
  YESTERDAY        0                         0      0        0
  MONTH TO DATE    0                         0      0        0
  SINCE MAR 1      0                         0      0        0
  SINCE JAN 1      0                         0      0        0
..................................................................


WIND (MPH)
  HIGHEST WIND SPEED    21   HIGHEST WIND DIRECTION    NW (310)
  HIGHEST GUST SPEED    26   HIGHEST GUST DIRECTION    NW (320)
  AVERAGE WIND SPEED    11.8


SKY COVER
  POSSIBLE SUNSHINE  MM
  AVERAGE SKY COVER 0.9


WEATHER CONDITIONS
 THE FOLLOWING WEATHER WAS RECORDED YESTERDAY.
  LIGHT RAIN
  LIGHT SNOW


RELATIVE HUMIDITY (PERCENT)
 HIGHEST    79           100 AM
 LOWEST     60           700 PM
 AVERAGE    70

..........................................................


THE MILWAUKEE WI CLIMATE NORMALS FOR TODAY
                         NORMAL    RECORD    YEAR
 MAXIMUM TEMPERATURE (F)   44        76      1921
 MINIMUM TEMPERATURE (F)   29        -3      1923


SUNRISE AND SUNSET
MARCH 19 2017.........SUNRISE   656 AM CDT   SUNSET   703 PM CDT
MARCH 20 2017.........SUNRISE   654 AM CDT   SUNSET   704 PM CDT


-  INDICATES NEGATIVE NUMBERS.
R  INDICATES RECORD WAS SET OR TIED.
MM INDICATES DATA IS MISSING.
T  INDICATES TRACE AMOUNT.




$$
