864
CDUS43 KMKX 220643
CLIMKE


CLIMATE REPORT
NATIONAL WEATHER SERVICE IN MILWAUKEE
1242 AM CST WED FEB 22 2017


...................................

...THE MILWAUKEE WI CLIMATE SUMMARY FOR FEBRUARY 21 2017...

CLIMATE NORMAL PERIOD 1981 TO 2010
CLIMATE RECORD PERIOD 1871 TO 2017


WEATHER ITEM   OBSERVED TIME   RECORD YEAR NORMAL DEPARTURE LAST
                VALUE   (LST)  VALUE       VALUE  FROM      YEAR
                                                  NORMAL
..................................................................
TEMPERATURE (F)
 YESTERDAY
  MAXIMUM         66R   332 PM  58    1930  34     32       38
  MINIMUM         45   1056 PM -12    1963  21     24       27
  AVERAGE         56                        28     28       33

PRECIPITATION (IN)
  YESTERDAY        0.07          1.81 1913   0.06   0.01     0.00
  MONTH TO DATE    0.25                      1.19  -0.94     0.61
  SINCE DEC 1      4.34                      4.99  -0.65     5.12
  SINCE JAN 1      2.41                      2.95  -0.54     1.30

SNOWFALL (IN)
  YESTERDAY        0.0           7.3  1993   0.4   -0.4      0.0
  MONTH TO DATE    0.4                       7.5   -7.1      7.7
  SINCE DEC 1     23.3                      32.8   -9.5     22.2
  SINCE JUL 1     23.3                      35.5  -12.2     29.1
  SNOW DEPTH       0

DEGREE DAYS
 HEATING
  YESTERDAY        9                        37    -28       32
  MONTH TO DATE  642                       840   -198      816
  SINCE DEC 1   2992                      3360   -368     2953
  SINCE JUL 1   3822                      4725   -903     3992

 COOLING
  YESTERDAY        0                         0      0        0
  MONTH TO DATE    0                         0      0        0
  SINCE DEC 1      0                         0      0        0
  SINCE JAN 1      0                         0      0        0
..................................................................


WIND (MPH)
  HIGHEST WIND SPEED    14   HIGHEST WIND DIRECTION    SW (220)
  HIGHEST GUST SPEED    19   HIGHEST GUST DIRECTION    SW (230)
  AVERAGE WIND SPEED     6.7


SKY COVER
  POSSIBLE SUNSHINE  MM
  AVERAGE SKY COVER 0.6


WEATHER CONDITIONS
 THE FOLLOWING WEATHER WAS RECORDED YESTERDAY.
  LIGHT RAIN
  FOG
  HAZE


RELATIVE HUMIDITY (PERCENT)
 HIGHEST    93           600 PM
 LOWEST     37           300 PM
 AVERAGE    65

..........................................................


THE MILWAUKEE WI CLIMATE NORMALS FOR TODAY
                         NORMAL    RECORD    YEAR
 MAXIMUM TEMPERATURE (F)   35        62      1984
 MINIMUM TEMPERATURE (F)   21       -11      1873


SUNRISE AND SUNSET
FEBRUARY 22 2017......SUNRISE   638 AM CST   SUNSET   532 PM CST
FEBRUARY 23 2017......SUNRISE   637 AM CST   SUNSET   534 PM CST


-  INDICATES NEGATIVE NUMBERS.
R  INDICATES RECORD WAS SET OR TIED.
MM INDICATES DATA IS MISSING.
T  INDICATES TRACE AMOUNT.




$$
