905
CDUS43 KMKX 200756
CLIMKE

CLIMATE REPORT
NATIONAL WEATHER SERVICE IN MILWAUKEE
100 AM CST FRI JAN 20 2017


...................................

...THE MILWAUKEE WI CLIMATE SUMMARY FOR JANUARY 19 2017...

CLIMATE NORMAL PERIOD 1981 TO 2010
CLIMATE RECORD PERIOD 1871 TO 2017


WEATHER ITEM   OBSERVED TIME   RECORD YEAR NORMAL DEPARTURE LAST
                VALUE   (LST)  VALUE       VALUE  FROM      YEAR
                                                  NORMAL
..................................................................
TEMPERATURE (F)
 YESTERDAY
  MAXIMUM         38   1159 PM  51    1933  29      9       15
  MINIMUM         33    918 AM -22    1985  15     18       -1
  AVERAGE         36                        22     14        7

PRECIPITATION (IN)
  YESTERDAY        0.08          1.54 1988   0.05   0.03     0.00
  MONTH TO DATE    1.27                      1.12   0.15     0.36
  SINCE DEC 1      3.20                      3.16   0.04     4.18
  SINCE JAN 1      1.27                      1.12   0.15     0.36

SNOWFALL (IN)
  YESTERDAY        0.0           5.4  1920   0.5   MM        0.0
  MONTH TO DATE    1.0                       9.3   -8.3      4.1
  SINCE DEC 1     19.8                      19.9   -0.1     13.7
  SINCE JUL 1     19.8                      22.6   -2.8     20.6
  SNOW DEPTH       0

DEGREE DAYS
 HEATING
  YESTERDAY       29                        43    -14       58
  MONTH TO DATE  773                       812    -39      859
  SINCE DEC 1   1980                      2007    -27     1698
  SINCE JUL 1   2810                      3372   -562     2737

 COOLING
  YESTERDAY        0                         0      0        0
  MONTH TO DATE    0                         0      0        0
  SINCE DEC 1      0                         0      0        0
  SINCE JAN 1      0                         0      0        0
..................................................................


WIND (MPH)
  HIGHEST WIND SPEED    14   HIGHEST WIND DIRECTION    SW (240)
  HIGHEST GUST SPEED    19   HIGHEST GUST DIRECTION    SW (230)
  AVERAGE WIND SPEED     6.1


SKY COVER
  POSSIBLE SUNSHINE  MM
  AVERAGE SKY COVER 1.0


WEATHER CONDITIONS
 THE FOLLOWING WEATHER WAS RECORDED YESTERDAY.
  LIGHT RAIN
  FOG
  FOG W/VISIBILITY <= 1/4 MILE


RELATIVE HUMIDITY (PERCENT)
 HIGHEST   100           700 AM
 LOWEST     85           300 PM
 AVERAGE    93

..........................................................


THE MILWAUKEE WI CLIMATE NORMALS FOR TODAY
                         NORMAL    RECORD    YEAR
 MAXIMUM TEMPERATURE (F)   29        61      1906
 MINIMUM TEMPERATURE (F)   15       -25      1985


SUNRISE AND SUNSET
JANUARY 20 2017.......SUNRISE   717 AM CST   SUNSET   449 PM CST
JANUARY 21 2017.......SUNRISE   716 AM CST   SUNSET   450 PM CST


-  INDICATES NEGATIVE NUMBERS.
R  INDICATES RECORD WAS SET OR TIED.
MM INDICATES DATA IS MISSING.
T  INDICATES TRACE AMOUNT.




$$
