000
CDUS43 KMKX 090650
CLIMKE


CLIMATE REPORT
NATIONAL WEATHER SERVICE IN MILWAUKEE
1249 AM CST THU NOV 9 2017


...................................

...THE MILWAUKEE WI CLIMATE SUMMARY FOR NOVEMBER 8 2017...

CLIMATE NORMAL PERIOD 1981 TO 2010
CLIMATE RECORD PERIOD 1871 TO 2017


WEATHER ITEM   OBSERVED TIME   RECORD YEAR NORMAL DEPARTURE LAST
                VALUE   (LST)  VALUE       VALUE  FROM      YEAR
                                                  NORMAL
..................................................................
TEMPERATURE (F)
 YESTERDAY
  MAXIMUM         46    308 PM  73    1999  50     -4       59
  MINIMUM         26    525 AM  12    1991  35     -9       46
  AVERAGE         36                        43     -7       53

PRECIPITATION (IN)
  YESTERDAY        0.00          0.87 1916   0.09  -0.09      T
  MONTH TO DATE    0.49                      0.74  -0.25     0.52
  SINCE SEP 1      5.43                      6.57  -1.14     8.38
  SINCE JAN 1     32.75                     30.75   2.00    26.04

SNOWFALL (IN)
  YESTERDAY        0.0           1.3  1925   0.0    0.0      0.0
  MONTH TO DATE    0.0                       0.1   -0.1      0.0
  SINCE SEP 1      T                         0.4   -0.4      0.0
  SINCE JUL 1      T                         0.4   -0.4      0.0
  SNOW DEPTH       0

DEGREE DAYS
 HEATING
  YESTERDAY       29                        22      7       12
  MONTH TO DATE  188                       166     22       66
  SINCE SEP 1    514                       725   -211      366
  SINCE JUL 1    523                       751   -228      368

 COOLING
  YESTERDAY        0                         0      0        0
  MONTH TO DATE    0                         0      0        3
  SINCE SEP 1    162                        76     86      155
  SINCE JAN 1    772                       641    131      991
..................................................................


WIND (MPH)
  HIGHEST WIND SPEED    18   HIGHEST WIND DIRECTION    SW (240)
  HIGHEST GUST SPEED    22   HIGHEST GUST DIRECTION    SW (220)
  AVERAGE WIND SPEED     6.7


SKY COVER
  POSSIBLE SUNSHINE  MM
  AVERAGE SKY COVER 0.2


WEATHER CONDITIONS
 THE FOLLOWING WEATHER WAS RECORDED YESTERDAY.
  NO SIGNIFICANT WEATHER WAS OBSERVED.


RELATIVE HUMIDITY (PERCENT)
 HIGHEST    78           200 AM
 LOWEST     45           300 PM
 AVERAGE    62

..........................................................


THE MILWAUKEE WI CLIMATE NORMALS FOR TODAY
                         NORMAL    RECORD    YEAR
 MAXIMUM TEMPERATURE (F)   50        75      1999
 MINIMUM TEMPERATURE (F)   35        16      1925


SUNRISE AND SUNSET
NOVEMBER  9 2017......SUNRISE   637 AM CST   SUNSET   434 PM CST
NOVEMBER 10 2017......SUNRISE   638 AM CST   SUNSET   433 PM CST


-  INDICATES NEGATIVE NUMBERS.
R  INDICATES RECORD WAS SET OR TIED.
MM INDICATES DATA IS MISSING.
T  INDICATES TRACE AMOUNT.




$$
