000
CDUS43 KMKX 250649
CLIMKE


CLIMATE REPORT
NATIONAL WEATHER SERVICE IN MILWAUKEE
1249 AM CST SUN JAN 25 2015


...................................

...THE MILWAUKEE WI CLIMATE SUMMARY FOR JANUARY 24 2015...

CLIMATE NORMAL PERIOD 1981 TO 2010
CLIMATE RECORD PERIOD 1871 TO 2015


WEATHER ITEM   OBSERVED TIME   RECORD YEAR NORMAL DEPARTURE LAST
                VALUE   (LST)  VALUE       VALUE  FROM      YEAR
                                                  NORMAL
..................................................................
TEMPERATURE (F)
 YESTERDAY
  MAXIMUM         42   1245 PM  60    1950  29     13       28
  MINIMUM         31    126 AM -20    1904  15     16       -7
  AVERAGE         37                        22     15       11

PRECIPITATION (IN)
  YESTERDAY        0.00          2.81 1938   0.05  -0.05     0.04
  MONTH TO DATE    0.72                      1.38  -0.66     0.93
  SINCE DEC 1      1.75                      3.42  -1.67     2.72
  SINCE JAN 1      0.72                      1.38  -0.66     0.93

SNOWFALL (IN)
  YESTERDAY        0.0           5.6  1979   0.5   -0.5      1.0
  MONTH TO DATE   11.1                      11.6   -0.5     14.5
  SINCE DEC 1     11.6                      22.2  -10.6     33.8
  SINCE JUL 1     16.4                      24.9   -8.5     35.8
  SNOW DEPTH       0

DEGREE DAYS
 HEATING
  YESTERDAY       28                        43    -15       54
  MONTH TO DATE 1043                      1027     16     1195
  SINCE DEC 1   2079                      2222   -143     2553
  SINCE JUL 1   3650                      3587     63     3928

 COOLING
  YESTERDAY        0                         0      0        0
  MONTH TO DATE    0                         0      0        0
  SINCE DEC 1      0                         0      0        0
  SINCE JAN 1      0                         0      0        0
..................................................................


WIND (MPH)
  HIGHEST WIND SPEED    21   HIGHEST WIND DIRECTION    NE (50)
  HIGHEST GUST SPEED    25   HIGHEST GUST DIRECTION    NE (40)
  AVERAGE WIND SPEED     7.9


SKY COVER
  POSSIBLE SUNSHINE  MM
  AVERAGE SKY COVER 0.9


WEATHER CONDITIONS
 THE FOLLOWING WEATHER WAS RECORDED YESTERDAY.
  NO SIGNIFICANT WEATHER WAS OBSERVED.


RELATIVE HUMIDITY (PERCENT)
 HIGHEST    82          1100 PM
 LOWEST     62          1200 PM
 AVERAGE    72

..........................................................


THE MILWAUKEE WI CLIMATE NORMALS FOR TODAY
                         NORMAL    RECORD    YEAR
 MAXIMUM TEMPERATURE (F)   29        52      1973
                                             1944
 MINIMUM TEMPERATURE (F)   16       -23      1904


SUNRISE AND SUNSET
JANUARY 25 2015.......SUNRISE   713 AM CST   SUNSET   455 PM CST
JANUARY 26 2015.......SUNRISE   713 AM CST   SUNSET   456 PM CST


-  INDICATES NEGATIVE NUMBERS.
R  INDICATES RECORD WAS SET OR TIED.
MM INDICATES DATA IS MISSING.
T  INDICATES TRACE AMOUNT.




$$
