000
CDUS43 KMKX 100643
CLIMKE


CLIMATE REPORT
NATIONAL WEATHER SERVICE IN MILWAUKEE
142 AM CDT THU AUG 10 2017


...................................

...THE MILWAUKEE WI CLIMATE SUMMARY FOR AUGUST 9 2017...

CLIMATE NORMAL PERIOD 1981 TO 2010
CLIMATE RECORD PERIOD 1871 TO 2017


WEATHER ITEM   OBSERVED TIME   RECORD YEAR NORMAL DEPARTURE LAST
                VALUE   (LST)  VALUE       VALUE  FROM      YEAR
                                                  NORMAL
..................................................................
TEMPERATURE (F)
 YESTERDAY
  MAXIMUM         82    337 PM  97    1934  79      3       87
  MINIMUM         66    503 AM  49    1964  64      2       71
                                      1884
  AVERAGE         74                        72      2       79

PRECIPITATION (IN)
  YESTERDAY        0.00          1.64 1960   0.13  -0.13     0.00
  MONTH TO DATE    0.32                      1.17  -0.85     0.14
  SINCE JUN 1      9.22                      8.74   0.48     5.39
  SINCE JAN 1     26.01                     21.38   4.63    14.21

SNOWFALL (IN)
  YESTERDAY        0.0           0.0    MM   0.0    0.0      0.0
  MONTH TO DATE    0.0                       0.0    0.0      0.0
  SINCE JUN 1      0.0                       0.0    0.0      0.0
  SINCE JUL 1      0.0                       0.0    0.0      0.0
  SNOW DEPTH       0

DEGREE DAYS
 HEATING
  YESTERDAY        0                         0      0        0
  MONTH TO DATE    3                         0      3        0
  SINCE JUN 1     18                        95    -77       31
  SINCE JUL 1      4                        11     -7        2

 COOLING
  YESTERDAY        9                         7      2       14
  MONTH TO DATE   60                        63     -3      103
  SINCE JUN 1    472                       405     67      560
  SINCE JAN 1    493                       435     58      605
..................................................................


WIND (MPH)
  HIGHEST WIND SPEED    15   HIGHEST WIND DIRECTION     S (160)
  HIGHEST GUST SPEED    21   HIGHEST GUST DIRECTION    SW (210)
  AVERAGE WIND SPEED     8.3


SKY COVER
  POSSIBLE SUNSHINE  MM
  AVERAGE SKY COVER 0.7


WEATHER CONDITIONS
 THE FOLLOWING WEATHER WAS RECORDED YESTERDAY.
  NO SIGNIFICANT WEATHER WAS OBSERVED.


RELATIVE HUMIDITY (PERCENT)
 HIGHEST    73           400 AM
 LOWEST     36          1200 PM
 AVERAGE    55

..........................................................


THE MILWAUKEE WI CLIMATE NORMALS FOR TODAY
                         NORMAL    RECORD    YEAR
 MAXIMUM TEMPERATURE (F)   79        97      1944
 MINIMUM TEMPERATURE (F)   64        48      1882


SUNRISE AND SUNSET
AUGUST 10 2017........SUNRISE   552 AM CDT   SUNSET   801 PM CDT
AUGUST 11 2017........SUNRISE   554 AM CDT   SUNSET   759 PM CDT


-  INDICATES NEGATIVE NUMBERS.
R  INDICATES RECORD WAS SET OR TIED.
MM INDICATES DATA IS MISSING.
T  INDICATES TRACE AMOUNT.




$$
