000
CDUS43 KMKX 190657
CLIMKE


CLIMATE REPORT
NATIONAL WEATHER SERVICE IN MILWAUKEE
156 AM CDT MON JUN 19 2017


...................................

...THE MILWAUKEE WI CLIMATE SUMMARY FOR JUNE 18 2017...

CLIMATE NORMAL PERIOD 1981 TO 2010
CLIMATE RECORD PERIOD 1871 TO 2017


WEATHER ITEM   OBSERVED TIME   RECORD YEAR NORMAL DEPARTURE LAST
                VALUE   (LST)  VALUE       VALUE  FROM      YEAR
                                                  NORMAL
..................................................................
TEMPERATURE (F)
 YESTERDAY
  MAXIMUM         79    403 PM  96    1995  76      3       82
                                      1987
  MINIMUM         67   1159 PM  44    1947  58      9       58
                                      1876
  AVERAGE         73                        67      6       70

PRECIPITATION (IN)
  YESTERDAY        T             2.03 1935   0.13  -0.13     0.00
                                      1884
  MONTH TO DATE    1.53                      2.33  -0.80     1.55
  SINCE JUN 1      1.53                      2.33  -0.80     1.55
  SINCE JAN 1     18.32                     14.97   3.35    10.37

SNOWFALL (IN)
  YESTERDAY        0.0           0.0    MM   0.0    0.0      0.0
  MONTH TO DATE    0.0                       0.0    0.0      0.0
  SINCE JUN 1      0.0                       0.0    0.0      0.0
  SINCE JUL 1     37.6                      46.9   -9.3     39.1
  SNOW DEPTH       0

DEGREE DAYS
 HEATING
  YESTERDAY        0                         2     -2        0
  MONTH TO DATE    9                        68    -59       25
  SINCE JUN 1      9                        68    -59       25
  SINCE JUL 1   5629                      6878  -1249     5905

 COOLING
  YESTERDAY        8                         4      4        5
  MONTH TO DATE  136                        53     83       64
  SINCE JUN 1    136                        53     83       64
  SINCE JAN 1    157                        83     74      109
..................................................................


WIND (MPH)
  HIGHEST WIND SPEED    25   HIGHEST WIND DIRECTION     W (280)
  HIGHEST GUST SPEED    33   HIGHEST GUST DIRECTION     W (280)
  AVERAGE WIND SPEED    12.8


SKY COVER
  POSSIBLE SUNSHINE  MM
  AVERAGE SKY COVER 0.6


WEATHER CONDITIONS
 THE FOLLOWING WEATHER WAS RECORDED YESTERDAY.
  LIGHT RAIN
  FOG


RELATIVE HUMIDITY (PERCENT)
 HIGHEST    97           100 AM
 LOWEST     43           400 PM
 AVERAGE    70

..........................................................


THE MILWAUKEE WI CLIMATE NORMALS FOR TODAY
                         NORMAL    RECORD    YEAR
 MAXIMUM TEMPERATURE (F)   77        99      1953
 MINIMUM TEMPERATURE (F)   59        44      1876


SUNRISE AND SUNSET
JUNE 19 2017..........SUNRISE   512 AM CDT   SUNSET   834 PM CDT
JUNE 20 2017..........SUNRISE   513 AM CDT   SUNSET   834 PM CDT


-  INDICATES NEGATIVE NUMBERS.
R  INDICATES RECORD WAS SET OR TIED.
MM INDICATES DATA IS MISSING.
T  INDICATES TRACE AMOUNT.




$$
