000
CDUS43 KMKX 110701
CLIMKE


CLIMATE REPORT
NATIONAL WEATHER SERVICE IN MILWAUKEE
200 AM CDT WED OCT 11 2017


...................................

...THE MILWAUKEE WI CLIMATE SUMMARY FOR OCTOBER 10 2017...

CLIMATE NORMAL PERIOD 1981 TO 2010
CLIMATE RECORD PERIOD 1871 TO 2017


WEATHER ITEM   OBSERVED TIME   RECORD YEAR NORMAL DEPARTURE LAST
                VALUE   (LST)  VALUE       VALUE  FROM      YEAR
                                                  NORMAL
..................................................................
TEMPERATURE (F)
 YESTERDAY
  MAXIMUM         59   1146 AM  84    1938  62     -3       68
  MINIMUM         52    709 AM  26    1964  45      7       45
  AVERAGE         56                        53      3       57

PRECIPITATION (IN)
  YESTERDAY        0.49          1.22 1969   0.08   0.41     0.00
  MONTH TO DATE    0.96                      0.88   0.08     0.49
  SINCE SEP 1      1.81                      4.06  -2.25     4.79
  SINCE JAN 1     29.13                     28.24   0.89    22.45

SNOWFALL (IN)
  YESTERDAY        0.0           T    1932   0.0    0.0      0.0
  MONTH TO DATE    0.0                       0.0    0.0      0.0
  SINCE SEP 1      0.0                       0.0    0.0      0.0
  SINCE JUL 1      0.0                       0.0    0.0      0.0
  SNOW DEPTH       0

DEGREE DAYS
 HEATING
  YESTERDAY        9                        12     -3        8
  MONTH TO DATE   26                       105    -79       53
  SINCE SEP 1     89                       231   -142       78
  SINCE JUL 1     98                       257   -159       80

 COOLING
  YESTERDAY        0                         0      0        0
  MONTH TO DATE   22                         3     19        1
  SINCE SEP 1    157                        72     85      142
  SINCE JAN 1    767                       637    130      978
..................................................................


WIND (MPH)
  HIGHEST WIND SPEED    24   HIGHEST WIND DIRECTION     N (10)
  HIGHEST GUST SPEED    34   HIGHEST GUST DIRECTION     N (10)
  AVERAGE WIND SPEED    14.6


SKY COVER
  POSSIBLE SUNSHINE  MM
  AVERAGE SKY COVER 0.8


WEATHER CONDITIONS
 THE FOLLOWING WEATHER WAS RECORDED YESTERDAY.
  RAIN
  LIGHT RAIN
  FOG


RELATIVE HUMIDITY (PERCENT)
 HIGHEST    93           700 PM
 LOWEST     71           700 AM
 AVERAGE    82

..........................................................


THE MILWAUKEE WI CLIMATE NORMALS FOR TODAY
                         NORMAL    RECORD    YEAR
 MAXIMUM TEMPERATURE (F)   61        86      1928
 MINIMUM TEMPERATURE (F)   45        25      1964
                                             1906


SUNRISE AND SUNSET
OCTOBER 11 2017.......SUNRISE   701 AM CDT   SUNSET   615 PM CDT
OCTOBER 12 2017.......SUNRISE   702 AM CDT   SUNSET   613 PM CDT


-  INDICATES NEGATIVE NUMBERS.
R  INDICATES RECORD WAS SET OR TIED.
MM INDICATES DATA IS MISSING.
T  INDICATES TRACE AMOUNT.




$$
