000
CDUS43 KMKX 312042
CLIMKE


CLIMATE REPORT
NATIONAL WEATHER SERVICE IN MILWAUKEE
341 PM CDT SUN MAY 31 2015


...................................

...THE MILWAUKEE WI CLIMATE SUMMARY FOR MAY 31 2015...
VALID TODAY AS OF 0300 PM LOCAL TIME.

CLIMATE NORMAL PERIOD 1981 TO 2010
CLIMATE RECORD PERIOD 1871 TO 2015


WEATHER ITEM   OBSERVED TIME   RECORD YEAR NORMAL DEPARTURE LAST
                VALUE   (LST)  VALUE       VALUE  FROM      YEAR
                                                  NORMAL
..................................................................
TEMPERATURE (F)
 TODAY
  MAXIMUM         53   1227 PM  91    1925  70    -17       79
  MINIMUM         41    459 AM  33    1889  51    -10       54
  AVERAGE         47                        61    -14       67

PRECIPITATION (IN)
  TODAY            0.00          1.12 1892   0.12  -0.12     0.00
  MONTH TO DATE    2.43                      3.40  -0.97     2.83
  SINCE MAR 1      8.48                      9.23  -0.75     8.21
  SINCE JAN 1     10.20                     12.64  -2.44    10.95

SNOWFALL (IN)
  TODAY            0.0           T    1889   0.0    0.0      0.0
  MONTH TO DATE    0.0                       0.1   -0.1      0.0
  SINCE MAR 1      4.9                       9.1   -4.2      6.6
  SINCE JUL 1     43.0                      46.9   -3.9     63.4
  SNOW DEPTH       0

DEGREE DAYS
 HEATING
  TODAY           18                         6     12        0
  MONTH TO DATE  264                       314    -50      278
  SINCE MAR 1   1763                      1830    -67     2012
  SINCE JUL 1   7095                      6810    285     7668

 COOLING
  TODAY            0                         2     -2        2
  MONTH TO DATE   26                        25      1       18
  SINCE MAR 1     26                        30     -4       18
  SINCE JAN 1     26                        30     -4       18
..................................................................


WIND (MPH)
  HIGHEST WIND SPEED    24   HIGHEST WIND DIRECTION    NE (30)
  HIGHEST GUST SPEED    33   HIGHEST GUST DIRECTION    NE (30)
  AVERAGE WIND SPEED    19.3


SKY COVER
  POSSIBLE SUNSHINE  MM
  AVERAGE SKY COVER 0.5


WEATHER CONDITIONS
 THE FOLLOWING WEATHER WAS RECORDED TODAY.
  NO SIGNIFICANT WEATHER WAS OBSERVED.


RELATIVE HUMIDITY (PERCENT)
 HIGHEST    82           600 AM
 LOWEST     63          1100 AM
 AVERAGE    73

..........................................................


THE MILWAUKEE WI CLIMATE NORMALS FOR TOMORROW
                         NORMAL    RECORD    YEAR
 MAXIMUM TEMPERATURE (F)   71       104      1934
 MINIMUM TEMPERATURE (F)   52        36      1966


SUNRISE AND SUNSET
MAY 31 2015...........SUNRISE   516 AM CDT   SUNSET   823 PM CDT
JUNE  1 2015..........SUNRISE   516 AM CDT   SUNSET   824 PM CDT


-  INDICATES NEGATIVE NUMBERS.
R  INDICATES RECORD WAS SET OR TIED.
MM INDICATES DATA IS MISSING.
T  INDICATES TRACE AMOUNT.




$$
