000
CDUS43 KMKX 180641
CLIMKE


CLIMATE REPORT
NATIONAL WEATHER SERVICE IN MILWAUKEE
141 AM CDT FRI APR 18 2014


...................................

...THE MILWAUKEE WI CLIMATE SUMMARY FOR APRIL 17 2014...

CLIMATE NORMAL PERIOD 1981 TO 2010
CLIMATE RECORD PERIOD 1871 TO 2014


WEATHER ITEM   OBSERVED TIME   RECORD YEAR NORMAL DEPARTURE LAST
                VALUE   (LST)  VALUE       VALUE  FROM      YEAR
                                                  NORMAL
..................................................................
TEMPERATURE (F)
 YESTERDAY
  MAXIMUM         56    458 PM  84    1976  54      2       44
  MINIMUM         39    359 AM  14    1875  38      1       37
  AVERAGE         48                        46      2       41

PRECIPITATION (IN)
  YESTERDAY        0.00          1.24 1896   0.12  -0.12     1.05
  MONTH TO DATE    2.54                      2.06   0.48     5.32
  SINCE MAR 1      3.66                      4.33  -0.67     6.95
  SINCE JAN 1      6.40                      7.74  -1.34    13.15

SNOWFALL (IN)
  YESTERDAY        0.0           2.5  1965   0.1   -0.1      0.0
  MONTH TO DATE    0.3                       1.6   -1.3      0.2
  SINCE MAR 1      6.6                       8.6   -2.0      7.6
  SINCE JUL 1     63.4                      46.4   17.0     44.8
  SNOW DEPTH       0

DEGREE DAYS
 HEATING
  YESTERDAY       17                        19     -2       24
  MONTH TO DATE  393                       372     21      428
  SINCE MAR 1   1503                      1301    202     1503
  SINCE JUL 1   7159                      6281    878     6228

 COOLING
  YESTERDAY        0                         0      0        0
  MONTH TO DATE    0                         0      0        0
  SINCE MAR 1      0                         0      0        0
  SINCE JAN 1      0                         0      0        0
..................................................................


WIND (MPH)
  HIGHEST WIND SPEED    23   HIGHEST WIND DIRECTION    SW (220)
  HIGHEST GUST SPEED    29   HIGHEST GUST DIRECTION    SE (150)
  AVERAGE WIND SPEED    10.7


SKY COVER
  POSSIBLE SUNSHINE  MM
  AVERAGE SKY COVER 0.8


WEATHER CONDITIONS
 THE FOLLOWING WEATHER WAS RECORDED YESTERDAY.
  NO SIGNIFICANT WEATHER WAS OBSERVED.


RELATIVE HUMIDITY (PERCENT)
 HIGHEST    71           900 PM
 LOWEST     47           600 PM
 AVERAGE    59

..........................................................


THE MILWAUKEE WI CLIMATE NORMALS FOR TODAY
                         NORMAL    RECORD    YEAR
 MAXIMUM TEMPERATURE (F)   55        88      2002
 MINIMUM TEMPERATURE (F)   38        23      1983


SUNRISE AND SUNSET
APRIL 18 2014.........SUNRISE   605 AM CDT   SUNSET   738 PM CDT
APRIL 19 2014.........SUNRISE   603 AM CDT   SUNSET   739 PM CDT


-  INDICATES NEGATIVE NUMBERS.
R  INDICATES RECORD WAS SET OR TIED.
MM INDICATES DATA IS MISSING.
T  INDICATES TRACE AMOUNT.




$$
