000
CDUS43 KMKX 280704
CLIMKE


CLIMATE REPORT
NATIONAL WEATHER SERVICE IN MILWAUKEE
204 AM CDT MON JUL 28 2014


...................................

...THE MILWAUKEE WI CLIMATE SUMMARY FOR JULY 27 2014...

CLIMATE NORMAL PERIOD 1981 TO 2010
CLIMATE RECORD PERIOD 1871 TO 2014


WEATHER ITEM   OBSERVED TIME   RECORD YEAR NORMAL DEPARTURE LAST
                VALUE   (LST)  VALUE       VALUE  FROM      YEAR
                                                  NORMAL
..................................................................
TEMPERATURE (F)
 YESTERDAY
  MAXIMUM         84   1152 AM  97    1955  80      4       64
                                      1941
                                      1919
  MINIMUM         62   1159 PM  52    1977  64     -2       56
                                      1962
  AVERAGE         73                        72      1       60

PRECIPITATION (IN)
  YESTERDAY        0.30          1.50 2011   0.11   0.19      T
  MONTH TO DATE    2.19                      3.22  -1.03     1.27
  SINCE JUN 1      8.53                      7.12   1.41     7.07
  SINCE JAN 1     19.48                     19.76  -0.28    26.58

SNOWFALL (IN)
  YESTERDAY        0.0           0.0    MM   0.0    0.0      0.0
  MONTH TO DATE    0.0                       0.0    0.0      0.0
  SINCE JUN 1      0.0                       0.0    0.0      0.0
  SINCE JUL 1      0.0                       0.0    0.0      0.0
  SNOW DEPTH       0

DEGREE DAYS
 HEATING
  YESTERDAY        0                         0      0        5
  MONTH TO DATE   16                         4     12        9
  SINCE JUN 1     90                        88      2       96
  SINCE JUL 1     16                         4     12        9

 COOLING
  YESTERDAY        8                         7      1        0
  MONTH TO DATE  116                       188    -72      235
  SINCE JUN 1    206                       308   -102      334
  SINCE JAN 1    224                       338   -114      373
..................................................................


WIND (MPH)
  HIGHEST WIND SPEED    31   HIGHEST WIND DIRECTION    NW (330)
  HIGHEST GUST SPEED    39   HIGHEST GUST DIRECTION    NW (320)
  AVERAGE WIND SPEED    10.8


SKY COVER
  POSSIBLE SUNSHINE  MM
  AVERAGE SKY COVER 0.6


WEATHER CONDITIONS
 THE FOLLOWING WEATHER WAS RECORDED YESTERDAY.
  THUNDERSTORM
  LIGHT RAIN
  FOG


RELATIVE HUMIDITY (PERCENT)
 HIGHEST    90           400 AM
 LOWEST     32          1200 PM
 AVERAGE    61

..........................................................


THE MILWAUKEE WI CLIMATE NORMALS FOR TODAY
                         NORMAL    RECORD    YEAR
 MAXIMUM TEMPERATURE (F)   80        98      1931
                                             1916
                                             1886
 MINIMUM TEMPERATURE (F)   64        53      1967


SUNRISE AND SUNSET
JULY 28 2014..........SUNRISE   538 AM CDT   SUNSET   817 PM CDT
JULY 29 2014..........SUNRISE   539 AM CDT   SUNSET   816 PM CDT


-  INDICATES NEGATIVE NUMBERS.
R  INDICATES RECORD WAS SET OR TIED.
MM INDICATES DATA IS MISSING.
T  INDICATES TRACE AMOUNT.




$$
