000
CDUS43 KMKX 270656
CLIMKE


CLIMATE REPORT
NATIONAL WEATHER SERVICE IN MILWAUKEE
156 AM CDT FRI MAR 27 2015


...................................

...THE MILWAUKEE WI CLIMATE SUMMARY FOR MARCH 26 2015...

CLIMATE NORMAL PERIOD 1981 TO 2010
CLIMATE RECORD PERIOD 1871 TO 2015


WEATHER ITEM   OBSERVED TIME   RECORD YEAR NORMAL DEPARTURE LAST
                VALUE   (LST)  VALUE       VALUE  FROM      YEAR
                                                  NORMAL
..................................................................
TEMPERATURE (F)
 YESTERDAY
  MAXIMUM         39    935 AM  80    2007  46     -7       38
  MINIMUM         26   1156 PM   1    1960  31     -5       15
  AVERAGE         33                        38     -5       27

PRECIPITATION (IN)
  YESTERDAY        0.01          1.68 1976   0.09  -0.08     0.00
  MONTH TO DATE    0.79                      1.81  -1.02     0.51
  SINCE MAR 1      0.79                      1.81  -1.02     0.51
  SINCE JAN 1      2.51                      5.22  -2.71     3.25

SNOWFALL (IN)
  YESTERDAY        0.2           5.0  1930   0.1    0.1      0.0
  MONTH TO DATE    4.6                       6.3   -1.7      6.2
  SINCE MAR 1      4.6                       6.3   -1.7      6.2
  SINCE JUL 1     42.7                      44.1   -1.4     63.0
  SNOW DEPTH       0

DEGREE DAYS
 HEATING
  YESTERDAY       32                        27      5       38
  MONTH TO DATE  784                       802    -18      984
  SINCE MAR 1    784                       802    -18      984
  SINCE JUL 1   6116                      5782    334     6640

 COOLING
  YESTERDAY        0                         0      0        0
  MONTH TO DATE    0                         0      0        0
  SINCE MAR 1      0                         0      0        0
  SINCE JAN 1      0                         0      0        0
..................................................................


WIND (MPH)
  HIGHEST WIND SPEED    20   HIGHEST WIND DIRECTION    NW (330)
  HIGHEST GUST SPEED    27   HIGHEST GUST DIRECTION     N (340)
  AVERAGE WIND SPEED    11.7


SKY COVER
  POSSIBLE SUNSHINE  MM
  AVERAGE SKY COVER 1.0


WEATHER CONDITIONS
 THE FOLLOWING WEATHER WAS RECORDED YESTERDAY.
  LIGHT SNOW
  FOG


RELATIVE HUMIDITY (PERCENT)
 HIGHEST    59          1200 AM
 LOWEST     47           300 PM
 AVERAGE    53

..........................................................


THE MILWAUKEE WI CLIMATE NORMALS FOR TODAY
                         NORMAL    RECORD    YEAR
 MAXIMUM TEMPERATURE (F)   46        81      1945
 MINIMUM TEMPERATURE (F)   31         2      1965


SUNRISE AND SUNSET
MARCH 27 2015.........SUNRISE   643 AM CDT   SUNSET   712 PM CDT
MARCH 28 2015.........SUNRISE   641 AM CDT   SUNSET   713 PM CDT


-  INDICATES NEGATIVE NUMBERS.
R  INDICATES RECORD WAS SET OR TIED.
MM INDICATES DATA IS MISSING.
T  INDICATES TRACE AMOUNT.




$$
