819
CDUS43 KMKX 222049
CLIMKE


CLIMATE REPORT
NATIONAL WEATHER SERVICE IN MILWAUKEE
348 PM CDT THU SEP 22 2016


...................................

...THE MILWAUKEE WI CLIMATE SUMMARY FOR SEPTEMBER 22 2016...
VALID TODAY AS OF 0300 PM LOCAL TIME.

CLIMATE NORMAL PERIOD 1981 TO 2010
CLIMATE RECORD PERIOD 1871 TO 2016


WEATHER ITEM   OBSERVED TIME   RECORD YEAR NORMAL DEPARTURE LAST
                VALUE   (LST)  VALUE       VALUE  FROM      YEAR
                                                  NORMAL
..................................................................
TEMPERATURE (F)
 TODAY
  MAXIMUM         80    159 PM  92    1937  69     11       79
  MINIMUM         63    240 AM  32    1974  52     11       52
  AVERAGE         72                        60     12       66

PRECIPITATION (IN)
  TODAY            T             2.40 1988   0.11  -0.11     0.00
  MONTH TO DATE    3.13                      2.34   0.79     3.81
  SINCE SEP 1      3.13                      2.34   0.79     3.81
  SINCE JAN 1     20.79                     26.52  -5.73    21.56

SNOWFALL (IN)
  TODAY            0.0           T    1949   0.0    0.0      0.0
  MONTH TO DATE    0.0                       0.0    0.0      0.0
  SINCE SEP 1      0.0                       0.0    0.0      0.0
  SINCE JUL 1      0.0                       0.0    0.0      0.0
  SNOW DEPTH       0

DEGREE DAYS
 HEATING
  TODAY            0                         6     -6        0
  MONTH TO DATE    0                        67    -67       31
  SINCE SEP 1      0                        67    -67       31
  SINCE JUL 1      2                        93    -91       79

 COOLING
  TODAY            7                         1      6        1
  MONTH TO DATE  132                        62     70      125
  SINCE SEP 1    132                        62     70      125
  SINCE JAN 1    968                       627    341      612
..................................................................


WIND (MPH)
  HIGHEST WIND SPEED    12   HIGHEST WIND DIRECTION     S (200)
  HIGHEST GUST SPEED    15   HIGHEST GUST DIRECTION     S (190)
  AVERAGE WIND SPEED     5.2


SKY COVER
  POSSIBLE SUNSHINE  MM
  AVERAGE SKY COVER 0.8


WEATHER CONDITIONS
 THE FOLLOWING WEATHER WAS RECORDED TODAY.
  LIGHT RAIN
  FOG
  FOG W/VISIBILITY <= 1/4 MILE


RELATIVE HUMIDITY (PERCENT)
 HIGHEST   100           600 AM
 LOWEST     58           200 PM
 AVERAGE    79

..........................................................


THE MILWAUKEE WI CLIMATE NORMALS FOR TOMORROW
                         NORMAL    RECORD    YEAR
 MAXIMUM TEMPERATURE (F)   68        93      1937
 MINIMUM TEMPERATURE (F)   52        28      1974


SUNRISE AND SUNSET
SEPTEMBER 22 2016.....SUNRISE   639 AM CDT   SUNSET   648 PM CDT
SEPTEMBER 23 2016.....SUNRISE   641 AM CDT   SUNSET   646 PM CDT


-  INDICATES NEGATIVE NUMBERS.
R  INDICATES RECORD WAS SET OR TIED.
MM INDICATES DATA IS MISSING.
T  INDICATES TRACE AMOUNT.




$$
