000
CDUS43 KMKX 212100
CLIMKE


CLIMATE REPORT
NATIONAL WEATHER SERVICE IN MILWAUKEE
400 PM CDT MON JUL 21 2014


...................................

...THE MILWAUKEE WI CLIMATE SUMMARY FOR JULY 21 2014...
VALID TODAY AS OF 0400 PM LOCAL TIME.

CLIMATE NORMAL PERIOD 1981 TO 2010
CLIMATE RECORD PERIOD 1871 TO 2014


WEATHER ITEM   OBSERVED TIME   RECORD YEAR NORMAL DEPARTURE LAST
                VALUE   (LST)  VALUE       VALUE  FROM      YEAR
                                                  NORMAL
..................................................................
TEMPERATURE (F)
 TODAY
  MAXIMUM         84    132 PM  99    1983  80      4       76
  MINIMUM         64    418 AM  49    1970  64      0       64
                                      1950
  AVERAGE         74                        72      2       70

PRECIPITATION (IN)
  TODAY            0.00          2.36 1907   0.11  -0.11     0.38
  MONTH TO DATE    1.88                      2.52  -0.64     0.98
  SINCE JUN 1      8.22                      6.42   1.80     6.78
  SINCE JAN 1     19.17                     19.06   0.11    26.29

SNOWFALL (IN)
  TODAY            0.0           0.0    MM   0.0    0.0      0.0
  MONTH TO DATE    0.0                       0.0    0.0      0.0
  SINCE JUN 1      0.0                       0.0    0.0      0.0
  SINCE JUL 1      0.0                       0.0    0.0      0.0
  SNOW DEPTH       0

DEGREE DAYS
 HEATING
  TODAY            0                         0      0        0
  MONTH TO DATE   12                         4      8        3
  SINCE JUN 1     86                        88     -2       90
  SINCE JUL 1     12                         4      8        3

 COOLING
  TODAY            9                         7      2        5
  MONTH TO DATE   87                       146    -59      215
  SINCE JUN 1    177                       266    -89      314
  SINCE JAN 1    195                       296   -101      353
..................................................................


WIND (MPH)
  HIGHEST WIND SPEED    16   HIGHEST WIND DIRECTION    SW (230)
  HIGHEST GUST SPEED    21   HIGHEST GUST DIRECTION     S (190)
  AVERAGE WIND SPEED     7.9


SKY COVER
  POSSIBLE SUNSHINE  MM
  AVERAGE SKY COVER 0.2


WEATHER CONDITIONS
 THE FOLLOWING WEATHER WAS RECORDED TODAY.
  HAZE


RELATIVE HUMIDITY (PERCENT)
 HIGHEST    84           400 AM
 LOWEST     55          1200 PM
 AVERAGE    70

..........................................................


THE MILWAUKEE WI CLIMATE NORMALS FOR TOMORROW
                         NORMAL    RECORD    YEAR
 MAXIMUM TEMPERATURE (F)   80        97      1955
 MINIMUM TEMPERATURE (F)   64        47      1947


SUNRISE AND SUNSET
JULY 21 2014..........SUNRISE   532 AM CDT   SUNSET   824 PM CDT
JULY 22 2014..........SUNRISE   533 AM CDT   SUNSET   823 PM CDT


-  INDICATES NEGATIVE NUMBERS.
R  INDICATES RECORD WAS SET OR TIED.
MM INDICATES DATA IS MISSING.
T  INDICATES TRACE AMOUNT.




$$
