000
CDUS43 KMKX 290043
CLIMKE


CLIMATE REPORT
NATIONAL WEATHER SERVICE IN MILWAUKEE
742 PM CDT SUN SEP 28 2014


...................................

...THE MILWAUKEE WI CLIMATE SUMMARY FOR SEPTEMBER 28 2014...
VALID TODAY AS OF 0700 PM LOCAL TIME.

CLIMATE NORMAL PERIOD 1981 TO 2010
CLIMATE RECORD PERIOD 1871 TO 2014


WEATHER ITEM   OBSERVED TIME   RECORD YEAR NORMAL DEPARTURE LAST
                VALUE   (LST)  VALUE       VALUE  FROM      YEAR
                                                  NORMAL
..................................................................
TEMPERATURE (F)
 TODAY
  MAXIMUM         73    254 PM  88    1952  66      7       78
                                      1939
  MINIMUM         54    602 AM  28    1942  50      4       56
  AVERAGE         64                        58      6       67

PRECIPITATION (IN)
  TODAY            0.00          1.56 1973   0.11  -0.11     0.09
  MONTH TO DATE    1.07                      2.99  -1.92     1.54
  SINCE SEP 1      1.07                      2.99  -1.92     1.54
  SINCE JAN 1     26.36                     27.17  -0.81    31.67

SNOWFALL (IN)
  TODAY            0.0           0.0    MM   0.0    0.0      0.0
  MONTH TO DATE    0.0                       0.0    0.0      0.0
  SINCE SEP 1      0.0                       0.0    0.0      0.0
  SINCE JUL 1      0.0                       0.0    0.0      0.0
  SNOW DEPTH       0

DEGREE DAYS
 HEATING
  TODAY            1                         8     -7        0
  MONTH TO DATE  134                       109     25       94
  SINCE SEP 1    134                       109     25       94
  SINCE JUL 1    160                       135     25      116

 COOLING
  TODAY            0                         1     -1        2
  MONTH TO DATE   58                        68    -10      101
  SINCE SEP 1     58                        68    -10      101
  SINCE JAN 1    459                       633   -174      678
..................................................................


WIND (MPH)
  HIGHEST WIND SPEED     9   HIGHEST WIND DIRECTION    NE (50)
  HIGHEST GUST SPEED    11   HIGHEST GUST DIRECTION    NE (60)
  AVERAGE WIND SPEED     3.9


SKY COVER
  POSSIBLE SUNSHINE  MM
  AVERAGE SKY COVER 0.4


WEATHER CONDITIONS
 THE FOLLOWING WEATHER WAS RECORDED TODAY.
  FOG
  FOG W/VISIBILITY <= 1/4 MILE
  HAZE


RELATIVE HUMIDITY (PERCENT)
 HIGHEST   100          1200 AM
 LOWEST     53           200 PM
 AVERAGE    77

..........................................................


THE MILWAUKEE WI CLIMATE NORMALS FOR TOMORROW
                         NORMAL    RECORD    YEAR
 MAXIMUM TEMPERATURE (F)   66        91      1953
 MINIMUM TEMPERATURE (F)   49        31      1961
                                             1942


SUNRISE AND SUNSET
SEPTEMBER 28 2014.....SUNRISE   645 AM CDT   SUNSET   638 PM CDT
SEPTEMBER 29 2014.....SUNRISE   647 AM CDT   SUNSET   636 PM CDT


-  INDICATES NEGATIVE NUMBERS.
R  INDICATES RECORD WAS SET OR TIED.
MM INDICATES DATA IS MISSING.
T  INDICATES TRACE AMOUNT.




$$
