000
CDUS43 KMKX 210641
CLIMKE


CLIMATE REPORT
NATIONAL WEATHER SERVICE IN MILWAUKEE
141 AM CDT FRI APR 21 2017


...................................

...THE MILWAUKEE WI CLIMATE SUMMARY FOR APRIL 20 2017...

CLIMATE NORMAL PERIOD 1981 TO 2010
CLIMATE RECORD PERIOD 1871 TO 2017


WEATHER ITEM   OBSERVED TIME   RECORD YEAR NORMAL DEPARTURE LAST
                VALUE   (LST)  VALUE       VALUE  FROM      YEAR
                                                  NORMAL
..................................................................
TEMPERATURE (F)
 YESTERDAY
  MAXIMUM         65   1145 AM  83    1985  56      9       57
  MINIMUM         42    505 AM  25    1904  39      3       43
  AVERAGE         54                        47      7       50

PRECIPITATION (IN)
  YESTERDAY        0.59          1.63 1874   0.12   0.47     0.12
  MONTH TO DATE    3.87                      2.42   1.45     1.13
  SINCE MAR 1      7.59                      4.69   2.90     4.47
  SINCE JAN 1     11.60                      8.10   3.50     5.78

SNOWFALL (IN)
  YESTERDAY        0.0           3.5  1884   0.0    0.0      0.0
  MONTH TO DATE    0.0                       1.7   -1.7      3.4
  SINCE MAR 1     13.6                       8.7    4.9     10.0
  SINCE JUL 1     37.6                      46.5   -8.9     39.1
  SNOW DEPTH       0

DEGREE DAYS
 HEATING
  YESTERDAY       11                        18     -7       15
  MONTH TO DATE  278                       427   -149      462
  SINCE MAR 1   1165                      1356   -191     1226
  SINCE JUL 1   5164                      6336  -1172     5445

 COOLING
  YESTERDAY        0                         0      0        0
  MONTH TO DATE    2                         0      2        0
  SINCE MAR 1      2                         0      2        0
  SINCE JAN 1      2                         0      2        0
..................................................................


WIND (MPH)
  HIGHEST WIND SPEED    38   HIGHEST WIND DIRECTION     W (290)
  HIGHEST GUST SPEED    47   HIGHEST GUST DIRECTION     W (290)
  AVERAGE WIND SPEED    12.6


SKY COVER
  POSSIBLE SUNSHINE  MM
  AVERAGE SKY COVER 0.9


WEATHER CONDITIONS
 THE FOLLOWING WEATHER WAS RECORDED YESTERDAY.
  THUNDERSTORM
  HEAVY RAIN
  LIGHT RAIN
  FOG


RELATIVE HUMIDITY (PERCENT)
 HIGHEST    93           700 AM
 LOWEST     59          1100 PM
 AVERAGE    76

..........................................................


THE MILWAUKEE WI CLIMATE NORMALS FOR TODAY
                         NORMAL    RECORD    YEAR
 MAXIMUM TEMPERATURE (F)   56        84      1985
                                             1902
 MINIMUM TEMPERATURE (F)   39        25      1975


SUNRISE AND SUNSET
APRIL 21 2017.........SUNRISE   600 AM CDT   SUNSET   741 PM CDT
APRIL 22 2017.........SUNRISE   558 AM CDT   SUNSET   742 PM CDT


-  INDICATES NEGATIVE NUMBERS.
R  INDICATES RECORD WAS SET OR TIED.
MM INDICATES DATA IS MISSING.
T  INDICATES TRACE AMOUNT.




$$
