000
CDUS43 KMKX 170653
CLIMKE


CLIMATE REPORT
NATIONAL WEATHER SERVICE IN MILWAUKEE
151 AM CDT WED MAY 17 2017


...................................

...THE MILWAUKEE WI CLIMATE SUMMARY FOR MAY 16 2017...

CLIMATE NORMAL PERIOD 1981 TO 2010
CLIMATE RECORD PERIOD 1871 TO 2017


WEATHER ITEM   OBSERVED TIME   RECORD YEAR NORMAL DEPARTURE LAST
                VALUE   (LST)  VALUE       VALUE  FROM      YEAR
                                                  NORMAL
..................................................................
TEMPERATURE (F)
 YESTERDAY
  MAXIMUM         87    442 PM  89    1977  65     22       71
  MINIMUM         56    424 AM  31    1888  46     10       46
  AVERAGE         72                        56     16       59

PRECIPITATION (IN)
  YESTERDAY        T             1.94 1928   0.10  -0.10     0.11
  MONTH TO DATE    0.72                      1.67  -0.95     1.83
  SINCE MAR 1     10.67                      7.50   3.17     6.97
  SINCE JAN 1     14.68                     10.91   3.77     8.28

SNOWFALL (IN)
  YESTERDAY        0.0           0.0    MM   0.0    0.0      0.0
  MONTH TO DATE    0.0                       0.1   -0.1       T
  SINCE MAR 1     13.6                       9.1    4.5     10.0
  SINCE JUL 1     37.6                      46.9   -9.3     39.1
  SNOW DEPTH       0

DEGREE DAYS
 HEATING
  YESTERDAY        0                        10    -10        6
  MONTH TO DATE  219                       194     25      206
  SINCE MAR 1   1524                      1711   -187     1603
  SINCE JUL 1   5523                      6691  -1168     5822

 COOLING
  YESTERDAY        7                         1      6        0
  MONTH TO DATE    7                         6      1        0
  SINCE MAR 1     10                        11     -1        0
  SINCE JAN 1     10                        11     -1        0
..................................................................


WIND (MPH)
  HIGHEST WIND SPEED    28   HIGHEST WIND DIRECTION    SW (210)
  HIGHEST GUST SPEED    37   HIGHEST GUST DIRECTION    SW (220)
  AVERAGE WIND SPEED    11.1


SKY COVER
  POSSIBLE SUNSHINE  MM
  AVERAGE SKY COVER 0.5


WEATHER CONDITIONS
 THE FOLLOWING WEATHER WAS RECORDED YESTERDAY.
  THUNDERSTORM
  LIGHT RAIN
  FOG


RELATIVE HUMIDITY (PERCENT)
 HIGHEST   100           300 AM
 LOWEST     32           500 PM
 AVERAGE    66

..........................................................


THE MILWAUKEE WI CLIMATE NORMALS FOR TODAY
                         NORMAL    RECORD    YEAR
 MAXIMUM TEMPERATURE (F)   65        88      1987
                                             1911
                                             1906
 MINIMUM TEMPERATURE (F)   47        31      1983


SUNRISE AND SUNSET
MAY 17 2017...........SUNRISE   526 AM CDT   SUNSET   810 PM CDT
MAY 18 2017...........SUNRISE   525 AM CDT   SUNSET   811 PM CDT


-  INDICATES NEGATIVE NUMBERS.
R  INDICATES RECORD WAS SET OR TIED.
MM INDICATES DATA IS MISSING.
T  INDICATES TRACE AMOUNT.




$$
