000
CDUS43 KMKX 052141
CLIMKE


CLIMATE REPORT
NATIONAL WEATHER SERVICE IN MILWAUKEE
341 PM CST FRI FEB 5 2016


...................................

...THE MILWAUKEE WI CLIMATE SUMMARY FOR FEBRUARY 5 2016...
VALID TODAY AS OF 0300 PM LOCAL TIME.

CLIMATE NORMAL PERIOD 1981 TO 2010
CLIMATE RECORD PERIOD 1871 TO 2016


WEATHER ITEM   OBSERVED TIME   RECORD YEAR NORMAL DEPARTURE LAST
                VALUE   (LST)  VALUE       VALUE  FROM      YEAR
                                                  NORMAL
..................................................................
TEMPERATURE (F)
 TODAY
  MAXIMUM         32    249 PM  53    1946  30      2       16
  MINIMUM         25    902 AM -17    1895  17      8        1
  AVERAGE         29                        24      5        9

PRECIPITATION (IN)
  TODAY            T             0.95 1905   0.06  -0.06     0.00
  MONTH TO DATE    0.30                      0.27   0.03     0.57
  SINCE DEC 1      4.81                      4.07   0.74     2.51
  SINCE JAN 1      0.99                      2.03  -1.04     1.48

SNOWFALL (IN)
  TODAY            T            14.4  1924   0.3   -0.3      0.0
  MONTH TO DATE    T                         1.9   -1.9     12.4
  SINCE DEC 1     14.5                      27.2  -12.7     26.1
  SINCE JUL 1     21.4                      29.9   -8.5     30.9
  SNOW DEPTH       0

DEGREE DAYS
 HEATING
  TODAY           36                        41     -5       56
  MONTH TO DATE  168                       209    -41      255
  SINCE DEC 1   2305                      2729   -424     2602
  SINCE JUL 1   3344                      4094   -750     4173

 COOLING
  TODAY            0                         0      0        0
  MONTH TO DATE    0                         0      0        0
  SINCE DEC 1      0                         0      0        0
  SINCE JAN 1      0                         0      0        0
..................................................................


WIND (MPH)
  HIGHEST WIND SPEED    14   HIGHEST WIND DIRECTION    NW (320)
  HIGHEST GUST SPEED    19   HIGHEST GUST DIRECTION     W (270)
  AVERAGE WIND SPEED     6.8


SKY COVER
  POSSIBLE SUNSHINE  MM
  AVERAGE SKY COVER 0.7


WEATHER CONDITIONS
 THE FOLLOWING WEATHER WAS RECORDED TODAY.
  NO SIGNIFICANT WEATHER WAS OBSERVED.


RELATIVE HUMIDITY (PERCENT)
 HIGHEST    92           400 AM
 LOWEST     49           300 PM
 AVERAGE    71

..........................................................


THE MILWAUKEE WI CLIMATE NORMALS FOR TOMORROW
                         NORMAL    RECORD    YEAR
 MAXIMUM TEMPERATURE (F)   30        53      1925
 MINIMUM TEMPERATURE (F)   17       -14      1982


SUNRISE AND SUNSET
FEBRUARY  5 2016......SUNRISE   703 AM CST   SUNSET   509 PM CST
FEBRUARY  6 2016......SUNRISE   701 AM CST   SUNSET   510 PM CST


-  INDICATES NEGATIVE NUMBERS.
R  INDICATES RECORD WAS SET OR TIED.
MM INDICATES DATA IS MISSING.
T  INDICATES TRACE AMOUNT.




$$
