000
CDUS43 KMKX 262042
CLIMKE


CLIMATE REPORT
NATIONAL WEATHER SERVICE IN MILWAUKEE
341 PM CDT TUE JUL 26 2016


...................................

...THE MILWAUKEE WI CLIMATE SUMMARY FOR JULY 26 2016...
VALID TODAY AS OF 0300 PM LOCAL TIME.

CLIMATE NORMAL PERIOD 1981 TO 2010
CLIMATE RECORD PERIOD 1871 TO 2016


WEATHER ITEM   OBSERVED TIME   RECORD YEAR NORMAL DEPARTURE LAST
                VALUE   (LST)  VALUE       VALUE  FROM      YEAR
                                                  NORMAL
..................................................................
TEMPERATURE (F)
 TODAY
  MAXIMUM         86   1237 PM 101    1955  80      6       80
  MINIMUM         68    427 AM  50    1962  64      4       61
  AVERAGE         77                        72      5       71

PRECIPITATION (IN)
  TODAY            0.00          1.63 1949   0.12  -0.12     0.00
  MONTH TO DATE    1.73                      3.11  -1.38     1.60
  SINCE JUN 1      5.22                      7.01  -1.79     4.09
  SINCE JAN 1     14.04                     19.65  -5.61    14.29

SNOWFALL (IN)
  TODAY            0.0           0.0    MM   0.0    0.0      0.0
  MONTH TO DATE    0.0                       0.0    0.0      0.0
  SINCE JUN 1      0.0                       0.0    0.0      0.0
  SINCE JUL 1      0.0                       0.0    0.0      0.0
  SNOW DEPTH       0

DEGREE DAYS
 HEATING
  TODAY            0                         0      0        0
  MONTH TO DATE    2                         4     -2       28
  SINCE JUN 1     31                        88    -57      130
  SINCE JUL 1      2                         4     -2       28

 COOLING
  TODAY           12                         7      5        6
  MONTH TO DATE  262                       181     81      147
  SINCE JUN 1    413                       301    112      220
  SINCE JAN 1    458                       331    127      246
..................................................................


WIND (MPH)
  HIGHEST WIND SPEED    12   HIGHEST WIND DIRECTION    SE (130)
  HIGHEST GUST SPEED    18   HIGHEST GUST DIRECTION    SE (120)
  AVERAGE WIND SPEED     4.7


SKY COVER
  POSSIBLE SUNSHINE  MM
  AVERAGE SKY COVER 0.1


WEATHER CONDITIONS
 THE FOLLOWING WEATHER WAS RECORDED TODAY.
  NO SIGNIFICANT WEATHER WAS OBSERVED.


RELATIVE HUMIDITY (PERCENT)
 HIGHEST    79           200 AM
 LOWEST     43           100 PM
 AVERAGE    61

..........................................................


THE MILWAUKEE WI CLIMATE NORMALS FOR TOMORROW
                         NORMAL    RECORD    YEAR
 MAXIMUM TEMPERATURE (F)   80        97      1955
                                             1941
                                             1919
 MINIMUM TEMPERATURE (F)   64        52      1977
                                             1962


SUNRISE AND SUNSET
JULY 26 2016..........SUNRISE   537 AM CDT   SUNSET   819 PM CDT
JULY 27 2016..........SUNRISE   538 AM CDT   SUNSET   818 PM CDT


-  INDICATES NEGATIVE NUMBERS.
R  INDICATES RECORD WAS SET OR TIED.
MM INDICATES DATA IS MISSING.
T  INDICATES TRACE AMOUNT.




$$
