000
CDUS43 KMKX 250045
CLIMKE


CLIMATE REPORT
NATIONAL WEATHER SERVICE IN MILWAUKEE
744 PM CDT SAT SEP 24 2016


...................................

...THE MILWAUKEE WI CLIMATE SUMMARY FOR SEPTEMBER 24 2016...
VALID TODAY AS OF 0700 PM LOCAL TIME.

CLIMATE NORMAL PERIOD 1981 TO 2010
CLIMATE RECORD PERIOD 1871 TO 2016


WEATHER ITEM   OBSERVED TIME   RECORD YEAR NORMAL DEPARTURE LAST
                VALUE   (LST)  VALUE       VALUE  FROM      YEAR
                                                  NORMAL
..................................................................
TEMPERATURE (F)
 TODAY
  MAXIMUM         69    120 PM  92    1891  68      1       70
  MINIMUM         64    714 AM  32    1942  51     13       58
  AVERAGE         67                        60      7       64

PRECIPITATION (IN)
  TODAY            0.00          1.57 1899   0.11  -0.11     0.00
  MONTH TO DATE    3.16                      2.57   0.59     3.81
  SINCE SEP 1      3.16                      2.57   0.59     3.81
  SINCE JAN 1     20.82                     26.75  -5.93    21.56

SNOWFALL (IN)
  TODAY            0.0           0.0    MM   0.0    0.0      0.0
  MONTH TO DATE    0.0                       0.0    0.0      0.0
  SINCE SEP 1      0.0                       0.0    0.0      0.0
  SINCE JUL 1      0.0                       0.0    0.0      0.0
  SNOW DEPTH       0

DEGREE DAYS
 HEATING
  TODAY            0                         6     -6        1
  MONTH TO DATE    0                        79    -79       32
  SINCE SEP 1      0                        79    -79       32
  SINCE JUL 1      2                       105   -103       80

 COOLING
  TODAY            2                         1      1        0
  MONTH TO DATE  136                        64     72      126
  SINCE SEP 1    136                        64     72      126
  SINCE JAN 1    972                       629    343      613
..................................................................


WIND (MPH)
  HIGHEST WIND SPEED    16   HIGHEST WIND DIRECTION     E (90)
  HIGHEST GUST SPEED    21   HIGHEST GUST DIRECTION     E (100)
  AVERAGE WIND SPEED    10.7


SKY COVER
  POSSIBLE SUNSHINE  MM
  AVERAGE SKY COVER 0.9


WEATHER CONDITIONS
 THE FOLLOWING WEATHER WAS RECORDED TODAY.
  NO SIGNIFICANT WEATHER WAS OBSERVED.


RELATIVE HUMIDITY (PERCENT)
 HIGHEST    81          1000 AM
 LOWEST     73           800 AM
 AVERAGE    77

..........................................................


THE MILWAUKEE WI CLIMATE NORMALS FOR TOMORROW
                         NORMAL    RECORD    YEAR
 MAXIMUM TEMPERATURE (F)   68        89      1933
 MINIMUM TEMPERATURE (F)   51        29      1942


SUNRISE AND SUNSET
SEPTEMBER 24 2016.....SUNRISE   642 AM CDT   SUNSET   644 PM CDT
SEPTEMBER 25 2016.....SUNRISE   643 AM CDT   SUNSET   643 PM CDT


-  INDICATES NEGATIVE NUMBERS.
R  INDICATES RECORD WAS SET OR TIED.
MM INDICATES DATA IS MISSING.
T  INDICATES TRACE AMOUNT.




$$
