000
CDUS43 KMKX 290049
CLIMKE


CLIMATE REPORT
NATIONAL WEATHER SERVICE IN MILWAUKEE
748 PM CDT SUN JUN 28 2015


...................................

...THE MILWAUKEE WI CLIMATE SUMMARY FOR JUNE 28 2015...
VALID TODAY AS OF 0700 PM LOCAL TIME.

CLIMATE NORMAL PERIOD 1981 TO 2010
CLIMATE RECORD PERIOD 1871 TO 2015


WEATHER ITEM   OBSERVED TIME   RECORD YEAR NORMAL DEPARTURE LAST
                VALUE   (LST)  VALUE       VALUE  FROM      YEAR
                                                  NORMAL
..................................................................
TEMPERATURE (F)
 TODAY
  MAXIMUM         74   1222 PM  99    1931  79     -5       82
  MINIMUM         52    435 AM  49    1925  61     -9       64
                                      1875
  AVERAGE         63                        70     -7       73

PRECIPITATION (IN)
  TODAY            0.00          1.70 1967   0.14  -0.14     0.08
  MONTH TO DATE    2.49                      3.64  -1.15     5.42
  SINCE JUN 1      2.49                      3.64  -1.15     5.42
  SINCE JAN 1     12.69                     16.28  -3.59    16.37

SNOWFALL (IN)
  TODAY            0.0           0.0    MM   0.0    0.0      0.0
  MONTH TO DATE    0.0                       0.0    0.0      0.0
  SINCE JUN 1      0.0                       0.0    0.0      0.0
  SINCE JUL 1     43.0                      46.9   -3.9     63.4
  SNOW DEPTH       0

DEGREE DAYS
 HEATING
  TODAY            2                         1      1        0
  MONTH TO DATE  101                        82     19       74
  SINCE JUN 1    101                        82     19       74
  SINCE JUL 1   7196                      6892    304     7742

 COOLING
  TODAY            0                         6     -6        8
  MONTH TO DATE   71                       107    -36       66
  SINCE JUN 1     71                       107    -36       66
  SINCE JAN 1     97                       137    -40       84
..................................................................


WIND (MPH)
  HIGHEST WIND SPEED    14   HIGHEST WIND DIRECTION    SE (130)
  HIGHEST GUST SPEED    17   HIGHEST GUST DIRECTION    SE (140)
  AVERAGE WIND SPEED     5.9


SKY COVER
  POSSIBLE SUNSHINE  MM
  AVERAGE SKY COVER 0.5


WEATHER CONDITIONS
 THE FOLLOWING WEATHER WAS RECORDED TODAY.
  NO SIGNIFICANT WEATHER WAS OBSERVED.


RELATIVE HUMIDITY (PERCENT)
 HIGHEST    77           300 AM
 LOWEST     42           600 PM
 AVERAGE    60

..........................................................


THE MILWAUKEE WI CLIMATE NORMALS FOR TOMORROW
                         NORMAL    RECORD    YEAR
 MAXIMUM TEMPERATURE (F)   79       100      1931
 MINIMUM TEMPERATURE (F)   62        46      1943
                                             1885


SUNRISE AND SUNSET
JUNE 28 2015..........SUNRISE   515 AM CDT   SUNSET   835 PM CDT
JUNE 29 2015..........SUNRISE   515 AM CDT   SUNSET   835 PM CDT


-  INDICATES NEGATIVE NUMBERS.
R  INDICATES RECORD WAS SET OR TIED.
MM INDICATES DATA IS MISSING.
T  INDICATES TRACE AMOUNT.




$$
