000
CDUS43 KMKX 250041
CLIMKE


CLIMATE REPORT
NATIONAL WEATHER SERVICE IN MILWAUKEE
741 PM CDT FRI JUL 24 2015


...................................

...THE MILWAUKEE WI CLIMATE SUMMARY FOR JULY 24 2015...
VALID TODAY AS OF 0700 PM LOCAL TIME.

CLIMATE NORMAL PERIOD 1981 TO 2010
CLIMATE RECORD PERIOD 1871 TO 2015


WEATHER ITEM   OBSERVED TIME   RECORD YEAR NORMAL DEPARTURE LAST
                VALUE   (LST)  VALUE       VALUE  FROM      YEAR
                                                  NORMAL
..................................................................
TEMPERATURE (F)
 TODAY
  MAXIMUM         85   1243 PM 105    1934  80      5       71
  MINIMUM         66    456 AM  51    2000  64      2       55
                                      1876
  AVERAGE         76                        72      4       63

PRECIPITATION (IN)
  TODAY            0.00          1.56 1874   0.11  -0.11     0.00
  MONTH TO DATE    1.60                      2.87  -1.27     1.89
  SINCE JUN 1      4.09                      6.77  -2.68     8.23
  SINCE JAN 1     14.29                     19.41  -5.12    19.18

SNOWFALL (IN)
  TODAY            0.0           0.0    MM   0.0    0.0      0.0
  MONTH TO DATE    0.0                       0.0    0.0      0.0
  SINCE JUN 1      0.0                       0.0    0.0      0.0
  SINCE JUL 1      0.0                       0.0    0.0      0.0
  SNOW DEPTH       0

DEGREE DAYS
 HEATING
  TODAY            0                         0      0        2
  MONTH TO DATE   28                         4     24       16
  SINCE JUN 1    130                        88     42       90
  SINCE JUL 1     28                         4     24       16

 COOLING
  TODAY           11                         7      4        0
  MONTH TO DATE  131                       167    -36       98
  SINCE JUN 1    204                       287    -83      188
  SINCE JAN 1    230                       317    -87      206
..................................................................


WIND (MPH)
  HIGHEST WIND SPEED    23   HIGHEST WIND DIRECTION     S (200)
  HIGHEST GUST SPEED    27   HIGHEST GUST DIRECTION     S (190)
  AVERAGE WIND SPEED     9.6


SKY COVER
  POSSIBLE SUNSHINE  MM
  AVERAGE SKY COVER 0.5


WEATHER CONDITIONS
 THE FOLLOWING WEATHER WAS RECORDED TODAY.
  HAZE


RELATIVE HUMIDITY (PERCENT)
 HIGHEST    81           400 AM
 LOWEST     40          1100 AM
 AVERAGE    61

..........................................................


THE MILWAUKEE WI CLIMATE NORMALS FOR TOMORROW
                         NORMAL    RECORD    YEAR
 MAXIMUM TEMPERATURE (F)   80       102      1940
 MINIMUM TEMPERATURE (F)   64        52      1962


SUNRISE AND SUNSET
JULY 24 2015..........SUNRISE   534 AM CDT   SUNSET   821 PM CDT
JULY 25 2015..........SUNRISE   535 AM CDT   SUNSET   820 PM CDT


-  INDICATES NEGATIVE NUMBERS.
R  INDICATES RECORD WAS SET OR TIED.
MM INDICATES DATA IS MISSING.
T  INDICATES TRACE AMOUNT.




$$
