644
CDUS43 KMKX 210709
CLIMKE


CLIMATE REPORT
NATIONAL WEATHER SERVICE IN MILWAUKEE
208 AM CDT SUN MAY 21 2017


...................................

...THE MILWAUKEE WI CLIMATE SUMMARY FOR MAY 20 2017...

CLIMATE NORMAL PERIOD 1981 TO 2010
CLIMATE RECORD PERIOD 1871 TO 2017


WEATHER ITEM   OBSERVED TIME   RECORD YEAR NORMAL DEPARTURE LAST
                VALUE   (LST)  VALUE       VALUE  FROM      YEAR
                                                  NORMAL
..................................................................
TEMPERATURE (F)
 YESTERDAY
  MAXIMUM         54   1128 PM  92    1934  66    -12       63
  MINIMUM         46    445 AM  34    1895  48     -2       44
                                      1883
  AVERAGE         50                        57     -7       54

PRECIPITATION (IN)
  YESTERDAY        0.40          1.60 1876   0.12   0.28     0.00
  MONTH TO DATE    1.62                      2.12  -0.50     1.83
  SINCE MAR 1     11.57                      7.95   3.62     6.97
  SINCE JAN 1     15.58                     11.36   4.22     8.28

SNOWFALL (IN)
  YESTERDAY        0.0           0.0    MM   0.0    0.0      0.0
  MONTH TO DATE    0.0                       0.1   -0.1       T
  SINCE MAR 1     13.6                       9.1    4.5     10.0
  SINCE JUL 1     37.6                      46.9   -9.3     39.1
  SNOW DEPTH       0

DEGREE DAYS
 HEATING
  YESTERDAY       15                         9      6       11
  MONTH TO DATE  259                       232     27      257
  SINCE MAR 1   1564                      1749   -185     1654
  SINCE JUL 1   5563                      6729  -1166     5873

 COOLING
  YESTERDAY        0                         1     -1        0
  MONTH TO DATE   15                        10      5        0
  SINCE MAR 1     18                        15      3        0
  SINCE JAN 1     18                        15      3        0
..................................................................


WIND (MPH)
  HIGHEST WIND SPEED    20   HIGHEST WIND DIRECTION     E (70)
  HIGHEST GUST SPEED    27   HIGHEST GUST DIRECTION     E (80)
  AVERAGE WIND SPEED    10.8


SKY COVER
  POSSIBLE SUNSHINE  MM
  AVERAGE SKY COVER 1.0


WEATHER CONDITIONS
 THE FOLLOWING WEATHER WAS RECORDED YESTERDAY.
  HEAVY RAIN
  RAIN
  LIGHT RAIN
  FOG
  FOG W/VISIBILITY <= 1/4 MILE


RELATIVE HUMIDITY (PERCENT)
 HIGHEST   100           200 PM
 LOWEST     61          1200 AM
 AVERAGE    81

..........................................................


THE MILWAUKEE WI CLIMATE NORMALS FOR TODAY
                         NORMAL    RECORD    YEAR
 MAXIMUM TEMPERATURE (F)   67        89      1934
                                             1921
 MINIMUM TEMPERATURE (F)   48        32      1883


SUNRISE AND SUNSET
MAY 21 2017...........SUNRISE   523 AM CDT   SUNSET   814 PM CDT
MAY 22 2017...........SUNRISE   522 AM CDT   SUNSET   815 PM CDT


-  INDICATES NEGATIVE NUMBERS.
R  INDICATES RECORD WAS SET OR TIED.
MM INDICATES DATA IS MISSING.
T  INDICATES TRACE AMOUNT.




$$
