000
CDUS43 KMKX 190655
CLIMKE


CLIMATE REPORT
NATIONAL WEATHER SERVICE IN MILWAUKEE
153 AM CDT FRI AUG 19 2016


...................................

...THE MILWAUKEE WI CLIMATE SUMMARY FOR AUGUST 18 2016...

CLIMATE NORMAL PERIOD 1981 TO 2010
CLIMATE RECORD PERIOD 1871 TO 2016


WEATHER ITEM   OBSERVED TIME   RECORD YEAR NORMAL DEPARTURE LAST
                VALUE   (LST)  VALUE       VALUE  FROM      YEAR
                                                  NORMAL
..................................................................
TEMPERATURE (F)
 YESTERDAY
  MAXIMUM         87   1211 PM  97    1947  79      8       79
  MINIMUM         70    421 AM  44    1963  63      7       68
                                      1962
  AVERAGE         79                        71      8       74

PRECIPITATION (IN)
  YESTERDAY        0.00          2.45 1990   0.14  -0.14     0.62
  MONTH TO DATE    0.39                      2.41  -2.02     2.54
  SINCE JUN 1      5.64                      9.98  -4.34     6.63
  SINCE JAN 1     14.46                     22.62  -8.16    16.83

SNOWFALL (IN)
  YESTERDAY        0.0           0.0    MM   0.0    0.0      0.0
  MONTH TO DATE    0.0                       0.0    0.0      0.0
  SINCE JUN 1      0.0                       0.0    0.0      0.0
  SINCE JUL 1      0.0                       0.0    0.0      0.0
  SNOW DEPTH       0

DEGREE DAYS
 HEATING
  YESTERDAY        0                         0      0        0
  MONTH TO DATE    0                         0      0        0
  SINCE JUN 1     31                        95    -64      130
  SINCE JUL 1      2                        11     -9       28

 COOLING
  YESTERDAY       14                         6      8        9
  MONTH TO DATE  227                       122    105      157
  SINCE JUN 1    684                       464    220      438
  SINCE JAN 1    729                       494    235      464
..................................................................


WIND (MPH)
  HIGHEST WIND SPEED    18   HIGHEST WIND DIRECTION    SW (230)
  HIGHEST GUST SPEED    22   HIGHEST GUST DIRECTION    SW (240)
  AVERAGE WIND SPEED     7.5


SKY COVER
  POSSIBLE SUNSHINE  MM
  AVERAGE SKY COVER 0.5


WEATHER CONDITIONS
 THE FOLLOWING WEATHER WAS RECORDED YESTERDAY.
  FOG
  HAZE


RELATIVE HUMIDITY (PERCENT)
 HIGHEST    93           200 AM
 LOWEST     55          1200 PM
 AVERAGE    74

..........................................................


THE MILWAUKEE WI CLIMATE NORMALS FOR TODAY
                         NORMAL    RECORD    YEAR
 MAXIMUM TEMPERATURE (F)   78        98      1983
                                             1955
 MINIMUM TEMPERATURE (F)   63        50      1977


SUNRISE AND SUNSET
AUGUST 19 2016........SUNRISE   602 AM CDT   SUNSET   747 PM CDT
AUGUST 20 2016........SUNRISE   604 AM CDT   SUNSET   745 PM CDT


-  INDICATES NEGATIVE NUMBERS.
R  INDICATES RECORD WAS SET OR TIED.
MM INDICATES DATA IS MISSING.
T  INDICATES TRACE AMOUNT.




$$
