000
CDUS43 KMKX 092140
CLIMKE


CLIMATE REPORT
NATIONAL WEATHER SERVICE IN MILWAUKEE
440 PM CDT SAT SEP 9 2017


...................................

...THE MILWAUKEE WI CLIMATE SUMMARY FOR SEPTEMBER 9 2017...
VALID TODAY AS OF 0400 PM LOCAL TIME.

CLIMATE NORMAL PERIOD 1981 TO 2010
CLIMATE RECORD PERIOD 1871 TO 2017


WEATHER ITEM   OBSERVED TIME   RECORD YEAR NORMAL DEPARTURE LAST
                VALUE   (LST)  VALUE       VALUE  FROM      YEAR
                                                  NORMAL
..................................................................
TEMPERATURE (F)
 TODAY
  MAXIMUM         68   1257 PM  96    1955  74     -6       79
  MINIMUM         57    234 AM  40    1883  58     -1       61
  AVERAGE         63                        66     -3       70

PRECIPITATION (IN)
  TODAY            0.00          1.90 1965   0.11  -0.11     0.00
  MONTH TO DATE    0.39                      0.93  -0.54     1.59
  SINCE SEP 1      0.39                      0.93  -0.54     1.59
  SINCE JAN 1     27.71                     25.11   2.60    19.25

SNOWFALL (IN)
  TODAY            0.0           0.0    MM   0.0    0.0      0.0
  MONTH TO DATE    0.0                       0.0    0.0      0.0
  SINCE SEP 1      0.0                       0.0    0.0      0.0
  SINCE JUL 1      0.0                       0.0    0.0      0.0
  SNOW DEPTH       0

DEGREE DAYS
 HEATING
  TODAY            2                         2      0        0
  MONTH TO DATE   30                        14     16        0
  SINCE SEP 1     30                        14     16        0
  SINCE JUL 1     39                        40     -1        2

 COOLING
  TODAY            0                         3     -3        5
  MONTH TO DATE   10                        35    -25       68
  SINCE SEP 1     10                        35    -25       68
  SINCE JAN 1    620                       600     20      904
..................................................................


WIND (MPH)
  HIGHEST WIND SPEED    18   HIGHEST WIND DIRECTION    SE (140)
  HIGHEST GUST SPEED    22   HIGHEST GUST DIRECTION    SE (140)
  AVERAGE WIND SPEED    11.6


SKY COVER
  POSSIBLE SUNSHINE  MM
  AVERAGE SKY COVER 0.3


WEATHER CONDITIONS
 THE FOLLOWING WEATHER WAS RECORDED TODAY.
  NO SIGNIFICANT WEATHER WAS OBSERVED.


RELATIVE HUMIDITY (PERCENT)
 HIGHEST    86           200 AM
 LOWEST     58          1200 PM
 AVERAGE    72

..........................................................


THE MILWAUKEE WI CLIMATE NORMALS FOR TOMORROW
                         NORMAL    RECORD    YEAR
 MAXIMUM TEMPERATURE (F)   74        97      1931
 MINIMUM TEMPERATURE (F)   57        39      1883


SUNRISE AND SUNSET
SEPTEMBER  9 2017.....SUNRISE   625 AM CDT   SUNSET   712 PM CDT
SEPTEMBER 10 2017.....SUNRISE   626 AM CDT   SUNSET   710 PM CDT


-  INDICATES NEGATIVE NUMBERS.
R  INDICATES RECORD WAS SET OR TIED.
MM INDICATES DATA IS MISSING.
T  INDICATES TRACE AMOUNT.




$$
