000
CDUS43 KMKX 162125
CLIMKE


CLIMATE REPORT
NATIONAL WEATHER SERVICE IN MILWAUKEE
421 PM CDT SAT SEP 16 2017


...................................

...THE MILWAUKEE WI CLIMATE SUMMARY FOR SEPTEMBER 16 2017...
VALID TODAY AS OF 0400 PM LOCAL TIME.

CLIMATE NORMAL PERIOD 1981 TO 2010
CLIMATE RECORD PERIOD 1871 TO 2017


WEATHER ITEM   OBSERVED TIME   RECORD YEAR NORMAL DEPARTURE LAST
                VALUE   (LST)  VALUE       VALUE  FROM      YEAR
                                                  NORMAL
..................................................................
TEMPERATURE (F)
 TODAY
  MAXIMUM         87   1210 PM  93    1891  71     16       85
  MINIMUM         66    601 AM  36    1916  55     11       68
  AVERAGE         77                        63     14       77

PRECIPITATION (IN)
  TODAY            0.00          1.16 1929   0.11  -0.11     0.05
  MONTH TO DATE    0.39                      1.68  -1.29     1.73
  SINCE SEP 1      0.39                      1.68  -1.29     1.73
  SINCE JAN 1     27.71                     25.86   1.85    19.39

SNOWFALL (IN)
  TODAY            0.0           0.0    MM   0.0    0.0      0.0
  MONTH TO DATE    0.0                       0.0    0.0      0.0
  SINCE SEP 1      0.0                       0.0    0.0      0.0
  SINCE JUL 1      0.0                       0.0    0.0      0.0
  SNOW DEPTH       0

DEGREE DAYS
 HEATING
  TODAY            0                         4     -4        0
  MONTH TO DATE   43                        37      6        0
  SINCE SEP 1     43                        37      6        0
  SINCE JUL 1     52                        63    -11        2

 COOLING
  TODAY           12                         2     10       12
  MONTH TO DATE   33                        52    -19       95
  SINCE SEP 1     33                        52    -19       95
  SINCE JAN 1    643                       617     26      931
..................................................................


WIND (MPH)
  HIGHEST WIND SPEED    21   HIGHEST WIND DIRECTION    SE (140)
  HIGHEST GUST SPEED    24   HIGHEST GUST DIRECTION    SE (130)
  AVERAGE WIND SPEED     9.3


SKY COVER
  POSSIBLE SUNSHINE  MM
  AVERAGE SKY COVER 0.3


WEATHER CONDITIONS
 THE FOLLOWING WEATHER WAS RECORDED TODAY.
  NO SIGNIFICANT WEATHER WAS OBSERVED.


RELATIVE HUMIDITY (PERCENT)
 HIGHEST    81           500 AM
 LOWEST     48          1100 AM
 AVERAGE    65

..........................................................


THE MILWAUKEE WI CLIMATE NORMALS FOR TOMORROW
                         NORMAL    RECORD    YEAR
 MAXIMUM TEMPERATURE (F)   71        92      1891
 MINIMUM TEMPERATURE (F)   54        39      1916
                                             1875


SUNRISE AND SUNSET
SEPTEMBER 16 2017.....SUNRISE   633 AM CDT   SUNSET   659 PM CDT
SEPTEMBER 17 2017.....SUNRISE   634 AM CDT   SUNSET   657 PM CDT


-  INDICATES NEGATIVE NUMBERS.
R  INDICATES RECORD WAS SET OR TIED.
MM INDICATES DATA IS MISSING.
T  INDICATES TRACE AMOUNT.




$$

HAHN
