000
CDUS43 KMKX 181722
CLIMKE

CLIMATE REPORT
NATIONAL WEATHER SERVICE IN MILWAUKEE
145 AM CDT THU MAY 18 2017


...................................

...THE MILWAUKEE WI CLIMATE SUMMARY FOR MAY 17 2017...

CLIMATE NORMAL PERIOD 1981 TO 2010
CLIMATE RECORD PERIOD 1871 TO 2017


WEATHER ITEM   OBSERVED TIME   RECORD YEAR NORMAL DEPARTURE LAST
                VALUE   (LST)  VALUE       VALUE  FROM      YEAR
                                                  NORMAL
..................................................................
TEMPERATURE (F)
 YESTERDAY
  MAXIMUM         84    436 PM  88    1987  65     19       54
                                      1911
                                      1906
  MINIMUM         61   1133 PM  31    1983  47     14       43
  AVERAGE         73                        56     17       49

PRECIPITATION (IN)
  YESTERDAY        0.35          1.70 2000   0.11   0.24     0.00
  MONTH TO DATE    1.07                      1.78  -0.71     1.83
  SINCE MAR 1     11.02                      7.61   3.41     6.97
  SINCE JAN 1     15.03                     11.02   4.01     8.28

SNOWFALL (IN)
  YESTERDAY        0.0           T    1915   0.0    0.0      0.0
  MONTH TO DATE    0.0                       0.1   -0.1       T
  SINCE MAR 1     13.6                       9.1    4.5     10.0
  SINCE JUL 1     37.6                      46.9   -9.3     39.1
  SNOW DEPTH       0

DEGREE DAYS
 HEATING
  YESTERDAY        0                        10    -10       16
  MONTH TO DATE  219                       204     15      222
  SINCE MAR 1   1524                      1721   -197     1619
  SINCE JUL 1   5523                      6701  -1178     5838

 COOLING
  YESTERDAY        8                         1      7        0
  MONTH TO DATE   15                         7      8        0
  SINCE MAR 1     18                        12      6        0
  SINCE JAN 1     18                        12      6        0
..................................................................


WIND (MPH)
  HIGHEST WIND SPEED    33   HIGHEST WIND DIRECTION     S (200)
  HIGHEST GUST SPEED    54   HIGHEST GUST DIRECTION     W (260)
  AVERAGE WIND SPEED    17.8


SKY COVER
  POSSIBLE SUNSHINE  MM
  AVERAGE SKY COVER 0.7


WEATHER CONDITIONS
 THE FOLLOWING WEATHER WAS RECORDED YESTERDAY.
  THUNDERSTORM
  HEAVY RAIN
  RAIN
  LIGHT RAIN
  HAIL
  FOG


RELATIVE HUMIDITY (PERCENT)
 HIGHEST    68           600 AM
 LOWEST     43           600 PM
 AVERAGE    56

..........................................................


THE MILWAUKEE WI CLIMATE NORMALS FOR TODAY
                         NORMAL    RECORD    YEAR
 MAXIMUM TEMPERATURE (F)   66        90      1996
 MINIMUM TEMPERATURE (F)   47        33      2002


SUNRISE AND SUNSET
MAY 18 2017...........SUNRISE   525 AM CDT   SUNSET   811 PM CDT
MAY 19 2017...........SUNRISE   524 AM CDT   SUNSET   812 PM CDT


-  INDICATES NEGATIVE NUMBERS.
R  INDICATES RECORD WAS SET OR TIED.
MM INDICATES DATA IS MISSING.
T  INDICATES TRACE AMOUNT.




$$
