000
CDUS43 KMKX 230653
CLIMKE


CLIMATE REPORT
NATIONAL WEATHER SERVICE IN MILWAUKEE
148 AM CDT SAT APR 23 2016


...................................

...THE MILWAUKEE WI CLIMATE SUMMARY FOR APRIL 22 2016...

CLIMATE NORMAL PERIOD 1981 TO 2010
CLIMATE RECORD PERIOD 1871 TO 2016


WEATHER ITEM   OBSERVED TIME   RECORD YEAR NORMAL DEPARTURE LAST
                VALUE   (LST)  VALUE       VALUE  FROM      YEAR
                                                  NORMAL
..................................................................
TEMPERATURE (F)
 YESTERDAY
  MAXIMUM         56   1212 AM  91    1980  56      0       44
  MINIMUM         39    757 PM  26    1875  40     -1       34
  AVERAGE         48                        48      0       39

PRECIPITATION (IN)
  YESTERDAY        0.00          1.55 1878   0.12  -0.12      T
  MONTH TO DATE    1.20                      2.66  -1.46     5.07
  SINCE MAR 1      4.54                      4.93  -0.39     5.90
  SINCE JAN 1      5.85                      8.34  -2.49     7.62

SNOWFALL (IN)
  YESTERDAY        0.0           0.5  1984   0.0    0.0       T
  MONTH TO DATE    3.4                       1.8    1.6       T
  SINCE MAR 1     10.0                       8.8    1.2      4.9
  SINCE JUL 1     39.1                      46.6   -7.5     43.0
  SNOW DEPTH       0

DEGREE DAYS
 HEATING
  YESTERDAY       17                        17      0       26
  MONTH TO DATE  486                       462     24      393
  SINCE MAR 1   1250                      1391   -141     1324
  SINCE JUL 1   5469                      6371   -902     6656

 COOLING
  YESTERDAY        0                         0      0        0
  MONTH TO DATE    0                         0      0        0
  SINCE MAR 1      0                         0      0        0
  SINCE JAN 1      0                         0      0        0
..................................................................


WIND (MPH)
  HIGHEST WIND SPEED    25   HIGHEST WIND DIRECTION     N (10)
  HIGHEST GUST SPEED    34   HIGHEST GUST DIRECTION     N (360)
  AVERAGE WIND SPEED    15.7


SKY COVER
  POSSIBLE SUNSHINE  MM
  AVERAGE SKY COVER 0.6


WEATHER CONDITIONS
 THE FOLLOWING WEATHER WAS RECORDED YESTERDAY.
  FOG
  FOG W/VISIBILITY <= 1/4 MILE


RELATIVE HUMIDITY (PERCENT)
 HIGHEST   100           200 AM
 LOWEST     70           300 PM
 AVERAGE    85

..........................................................


THE MILWAUKEE WI CLIMATE NORMALS FOR TODAY
                         NORMAL    RECORD    YEAR
 MAXIMUM TEMPERATURE (F)   57        85      1960
 MINIMUM TEMPERATURE (F)   40        22      1910


SUNRISE AND SUNSET
APRIL 23 2016.........SUNRISE   556 AM CDT   SUNSET   744 PM CDT
APRIL 24 2016.........SUNRISE   555 AM CDT   SUNSET   745 PM CDT


-  INDICATES NEGATIVE NUMBERS.
R  INDICATES RECORD WAS SET OR TIED.
MM INDICATES DATA IS MISSING.
T  INDICATES TRACE AMOUNT.




$$
