000
CDUS43 KMKX 092250
CLIMKE


CLIMATE REPORT
NATIONAL WEATHER SERVICE IN MILWAUKEE
448 PM CST TUE FEB 9 2016


...................................

...THE MILWAUKEE WI CLIMATE SUMMARY FOR FEBRUARY 9 2016...
VALID TODAY AS OF 0400 PM LOCAL TIME.

CLIMATE NORMAL PERIOD 1981 TO 2010
CLIMATE RECORD PERIOD 1871 TO 2016


WEATHER ITEM   OBSERVED TIME   RECORD YEAR NORMAL DEPARTURE LAST
                VALUE   (LST)  VALUE       VALUE  FROM      YEAR
                                                  NORMAL
..................................................................
TEMPERATURE (F)
 TODAY
  MAXIMUM         19    242 AM  51    1938  31    -12       26
                                      1925
  MINIMUM         13    749 AM -22    1933  18     -5       21
                                      1899
  AVERAGE         16                        24     -8       24

PRECIPITATION (IN)
  TODAY            0.04          1.09 2001   0.05  -0.01      T
  MONTH TO DATE    0.51                      0.48   0.03     0.57
  SINCE DEC 1      5.02                      4.28   0.74     2.51
  SINCE JAN 1      1.20                      2.24  -1.04     1.48

SNOWFALL (IN)
  TODAY            0.4          10.0  1901   0.3    0.1       T
  MONTH TO DATE    4.4                       3.3    1.1     12.4
  SINCE DEC 1     18.9                      28.6   -9.7     26.1
  SINCE JUL 1     25.8                      31.3   -5.5     30.9
  SNOW DEPTH       4

DEGREE DAYS
 HEATING
  TODAY           49                        41      8       41
  MONTH TO DATE  316                       373    -57      412
  SINCE DEC 1   2453                      2893   -440     2759
  SINCE JUL 1   3492                      4258   -766     4330

 COOLING
  TODAY            0                         0      0        0
  MONTH TO DATE    0                         0      0        0
  SINCE DEC 1      0                         0      0        0
  SINCE JAN 1      0                         0      0        0
..................................................................


WIND (MPH)
  HIGHEST WIND SPEED    20   HIGHEST WIND DIRECTION    NW (310)
  HIGHEST GUST SPEED    26   HIGHEST GUST DIRECTION    NW (310)
  AVERAGE WIND SPEED    13.2


SKY COVER
  POSSIBLE SUNSHINE  MM
  AVERAGE SKY COVER 0.9


WEATHER CONDITIONS
 THE FOLLOWING WEATHER WAS RECORDED TODAY.
  LIGHT SNOW


RELATIVE HUMIDITY (PERCENT)
 HIGHEST    80           300 AM
 LOWEST     61          1100 AM
 AVERAGE    71

..........................................................


THE MILWAUKEE WI CLIMATE NORMALS FOR TOMORROW
                         NORMAL    RECORD    YEAR
 MAXIMUM TEMPERATURE (F)   31        59      2009
 MINIMUM TEMPERATURE (F)   18       -22      1899


SUNRISE AND SUNSET
FEBRUARY  9 2016......SUNRISE   658 AM CST   SUNSET   514 PM CST
FEBRUARY 10 2016......SUNRISE   656 AM CST   SUNSET   516 PM CST


-  INDICATES NEGATIVE NUMBERS.
R  INDICATES RECORD WAS SET OR TIED.
MM INDICATES DATA IS MISSING.
T  INDICATES TRACE AMOUNT.




$$
