000
CDUS43 KMKX 130659
CLIMKE


CLIMATE REPORT
NATIONAL WEATHER SERVICE IN MILWAUKEE
157 AM CDT SAT SEP 13 2014


...................................

...THE MILWAUKEE WI CLIMATE SUMMARY FOR SEPTEMBER 12 2014...

CLIMATE NORMAL PERIOD 1981 TO 2010
CLIMATE RECORD PERIOD 1871 TO 2014


WEATHER ITEM   OBSERVED TIME   RECORD YEAR NORMAL DEPARTURE LAST
                VALUE   (LST)  VALUE       VALUE  FROM      YEAR
                                                  NORMAL
..................................................................
TEMPERATURE (F)
 YESTERDAY
  MAXIMUM         50   1213 PM  92    1948  73    -23       74
                                      1927
  MINIMUM         42   1159 PM  40    1975  57    -15       56
  AVERAGE         46                        65    -19       65

PRECIPITATION (IN)
  YESTERDAY        0.16          1.52 1978   0.11   0.05      T
  MONTH TO DATE    0.81                      1.24  -0.43     0.51
  SINCE SEP 1      0.81                      1.24  -0.43     0.51
  SINCE JAN 1     26.10                     25.42   0.68    30.64

SNOWFALL (IN)
  YESTERDAY        0.0           0.0    MM   0.0    0.0      0.0
  MONTH TO DATE    0.0                       0.0    0.0      0.0
  SINCE SEP 1      0.0                       0.0    0.0      0.0
  SINCE JUL 1      0.0                       0.0    0.0      0.0
  SNOW DEPTH       0

DEGREE DAYS
 HEATING
  YESTERDAY       19                         3     16        0
  MONTH TO DATE   35                        23     12        2
  SINCE SEP 1     35                        23     12        2
  SINCE JUL 1     61                        49     12       24

 COOLING
  YESTERDAY        0                         3     -3        0
  MONTH TO DATE   52                        44      8       81
  SINCE SEP 1     52                        44      8       81
  SINCE JAN 1    453                       609   -156      658
..................................................................


WIND (MPH)
  HIGHEST WIND SPEED    16   HIGHEST WIND DIRECTION     N (360)
  HIGHEST GUST SPEED    22   HIGHEST GUST DIRECTION    NW (320)
  AVERAGE WIND SPEED    10.3


SKY COVER
  POSSIBLE SUNSHINE  MM
  AVERAGE SKY COVER 0.9


WEATHER CONDITIONS
 THE FOLLOWING WEATHER WAS RECORDED YESTERDAY.
  LIGHT RAIN
  FOG


RELATIVE HUMIDITY (PERCENT)
 HIGHEST    92           800 PM
 LOWEST     65           600 AM
 AVERAGE    79

..........................................................


THE MILWAUKEE WI CLIMATE NORMALS FOR TODAY
                         NORMAL    RECORD    YEAR
 MAXIMUM TEMPERATURE (F)   73        96      1939
 MINIMUM TEMPERATURE (F)   56        37      1964


SUNRISE AND SUNSET
SEPTEMBER 13 2014.....SUNRISE   629 AM CDT   SUNSET   705 PM CDT
SEPTEMBER 14 2014.....SUNRISE   630 AM CDT   SUNSET   703 PM CDT


-  INDICATES NEGATIVE NUMBERS.
R  INDICATES RECORD WAS SET OR TIED.
MM INDICATES DATA IS MISSING.
T  INDICATES TRACE AMOUNT.




$$
