000
CDUS43 KMKX 042054
CLIMKE


CLIMATE REPORT
NATIONAL WEATHER SERVICE IN MILWAUKEE
354 PM CDT SAT JUL 4 2015


...................................

...THE MILWAUKEE WI CLIMATE SUMMARY FOR JULY 4 2015...
VALID TODAY AS OF 0300 PM LOCAL TIME.

CLIMATE NORMAL PERIOD 1981 TO 2010
CLIMATE RECORD PERIOD 1871 TO 2015


WEATHER ITEM   OBSERVED TIME   RECORD YEAR NORMAL DEPARTURE LAST
                VALUE   (LST)  VALUE       VALUE  FROM      YEAR
                                                  NORMAL
..................................................................
TEMPERATURE (F)
 TODAY
  MAXIMUM         80   1230 PM 102    2012  80      0       72
  MINIMUM         60    412 AM  45    1963  63     -3       56
  AVERAGE         70                        71     -1       64

PRECIPITATION (IN)
  TODAY            0.00          1.08 1904   0.12  -0.12     0.00
  MONTH TO DATE    0.00                      0.50  -0.50     0.06
  SINCE JUN 1      2.49                      4.40  -1.91     6.40
  SINCE JAN 1     12.69                     17.04  -4.35    17.35

SNOWFALL (IN)
  TODAY            0.0           0.0    MM   0.0    0.0      0.0
  MONTH TO DATE    0.0                       0.0    0.0      0.0
  SINCE JUN 1      0.0                       0.0    0.0      0.0
  SINCE JUL 1      0.0                       0.0    0.0      0.0
  SNOW DEPTH       0

DEGREE DAYS
 HEATING
  TODAY            0                         1     -1        1
  MONTH TO DATE   16                         4     12        6
  SINCE JUN 1    118                        88     30       80
  SINCE JUL 1     16                         4     12        6

 COOLING
  TODAY            5                         7     -2        0
  MONTH TO DATE    5                        27    -22        8
  SINCE JUN 1     78                       147    -69       98
  SINCE JAN 1    104                       177    -73      116
..................................................................


WIND (MPH)
  HIGHEST WIND SPEED    15   HIGHEST WIND DIRECTION    SE (140)
  HIGHEST GUST SPEED    17   HIGHEST GUST DIRECTION    SE (140)
  AVERAGE WIND SPEED     6.2


SKY COVER
  POSSIBLE SUNSHINE  MM
  AVERAGE SKY COVER 0.4


WEATHER CONDITIONS
 THE FOLLOWING WEATHER WAS RECORDED TODAY.
  NO SIGNIFICANT WEATHER WAS OBSERVED.


RELATIVE HUMIDITY (PERCENT)
 HIGHEST    84           300 AM
 LOWEST     48          1100 AM
 AVERAGE    66

..........................................................


THE MILWAUKEE WI CLIMATE NORMALS FOR TOMORROW
                         NORMAL    RECORD    YEAR
 MAXIMUM TEMPERATURE (F)   80       103      2012
 MINIMUM TEMPERATURE (F)   63        45      1972


SUNRISE AND SUNSET
JULY  4 2015..........SUNRISE   518 AM CDT   SUNSET   834 PM CDT
JULY  5 2015..........SUNRISE   519 AM CDT   SUNSET   833 PM CDT


-  INDICATES NEGATIVE NUMBERS.
R  INDICATES RECORD WAS SET OR TIED.
MM INDICATES DATA IS MISSING.
T  INDICATES TRACE AMOUNT.




$$
