000
CDUS43 KMKX 220649
CLIMKE


CLIMATE REPORT
NATIONAL WEATHER SERVICE IN MILWAUKEE
147 AM CDT SUN MAY 22 2016


...................................

...THE MILWAUKEE WI CLIMATE SUMMARY FOR MAY 21 2016...

CLIMATE NORMAL PERIOD 1981 TO 2010
CLIMATE RECORD PERIOD 1871 TO 2016


WEATHER ITEM   OBSERVED TIME   RECORD YEAR NORMAL DEPARTURE LAST
                VALUE   (LST)  VALUE       VALUE  FROM      YEAR
                                                  NORMAL
..................................................................
TEMPERATURE (F)
 YESTERDAY
  MAXIMUM         71    421 PM  89    1934  67      4       72
                                      1921
  MINIMUM         52    435 AM  32    1883  48      4       44
  AVERAGE         62                        57      5       58

PRECIPITATION (IN)
  YESTERDAY        0.00          1.38 1917   0.11  -0.11      T
  MONTH TO DATE    1.83                      2.23  -0.40     1.12
  SINCE MAR 1      6.97                      8.06  -1.09     7.17
  SINCE JAN 1      8.28                     11.47  -3.19     8.89

SNOWFALL (IN)
  YESTERDAY        0.0           T    1969   0.0    0.0      0.0
  MONTH TO DATE    T                         0.1   -0.1      0.0
  SINCE MAR 1     10.0                       9.1    0.9      4.9
  SINCE JUL 1     39.1                      46.9   -7.8     43.0
  SNOW DEPTH       0

DEGREE DAYS
 HEATING
  YESTERDAY        3                         9     -6        7
  MONTH TO DATE  260                       241     19      211
  SINCE MAR 1   1657                      1758   -101     1710
  SINCE JUL 1   5876                      6738   -862     7042

 COOLING
  YESTERDAY        0                         1     -1        0
  MONTH TO DATE    0                        11    -11       11
  SINCE MAR 1      0                        16    -16       11
  SINCE JAN 1      0                        16    -16       11
..................................................................


WIND (MPH)
  HIGHEST WIND SPEED    15   HIGHEST WIND DIRECTION    NE (30)
  HIGHEST GUST SPEED    18   HIGHEST GUST DIRECTION    NE (40)
  AVERAGE WIND SPEED     5.7


SKY COVER
  POSSIBLE SUNSHINE  MM
  AVERAGE SKY COVER 0.5


WEATHER CONDITIONS
 THE FOLLOWING WEATHER WAS RECORDED YESTERDAY.
  NO SIGNIFICANT WEATHER WAS OBSERVED.


RELATIVE HUMIDITY (PERCENT)
 HIGHEST    63           400 AM
 LOWEST     26           200 PM
 AVERAGE    45

..........................................................


THE MILWAUKEE WI CLIMATE NORMALS FOR TODAY
                         NORMAL    RECORD    YEAR
 MAXIMUM TEMPERATURE (F)   67        91      1925
 MINIMUM TEMPERATURE (F)   48        33      1963


SUNRISE AND SUNSET
MAY 22 2016...........SUNRISE   522 AM CDT   SUNSET   816 PM CDT
MAY 23 2016...........SUNRISE   521 AM CDT   SUNSET   817 PM CDT


-  INDICATES NEGATIVE NUMBERS.
R  INDICATES RECORD WAS SET OR TIED.
MM INDICATES DATA IS MISSING.
T  INDICATES TRACE AMOUNT.




$$
