000
CDUS43 KMKX 032125
CLIMKE


CLIMATE REPORT
NATIONAL WEATHER SERVICE IN MILWAUKEE
422 PM CDT THU AUG 3 2017


...................................

...THE MILWAUKEE WI CLIMATE SUMMARY FOR AUGUST 3 2017...
VALID TODAY AS OF 0400 PM LOCAL TIME.

CLIMATE NORMAL PERIOD 1981 TO 2010
CLIMATE RECORD PERIOD 1871 TO 2017


WEATHER ITEM   OBSERVED TIME   RECORD YEAR NORMAL DEPARTURE LAST
                VALUE   (LST)  VALUE       VALUE  FROM      YEAR
                                                  NORMAL
..................................................................
TEMPERATURE (F)
 TODAY
  MAXIMUM         79   1201 PM 100    1988  80     -1       88
  MINIMUM         69    643 AM  47    1894  64      5       72
  AVERAGE         74                        72      2       80

PRECIPITATION (IN)
  TODAY            0.01          2.23 1952   0.14  -0.13     0.09
  MONTH TO DATE    0.01                      0.39  -0.38     0.09
  SINCE JUN 1      8.91                      7.96   0.95     5.34
  SINCE JAN 1     25.70                     20.60   5.10    14.16

SNOWFALL (IN)
  TODAY            0.0           0.0    MM   0.0    0.0      0.0
  MONTH TO DATE    0.0                       0.0    0.0      0.0
  SINCE JUN 1      0.0                       0.0    0.0      0.0
  SINCE JUL 1      0.0                       0.0    0.0      0.0
  SNOW DEPTH       0

DEGREE DAYS
 HEATING
  TODAY            0                         0      0        0
  MONTH TO DATE    0                         0      0        0
  SINCE JUN 1     15                        95    -80       31
  SINCE JUL 1      1                        11    -10        2

 COOLING
  TODAY            9                         7      2       15
  MONTH TO DATE   30                        21      9       34
  SINCE JUN 1    442                       363     79      491
  SINCE JAN 1    463                       393     70      536
..................................................................


WIND (MPH)
  HIGHEST WIND SPEED    31   HIGHEST WIND DIRECTION    SE (140)
  HIGHEST GUST SPEED    44   HIGHEST GUST DIRECTION    SE (130)
  AVERAGE WIND SPEED    10.2


SKY COVER
  POSSIBLE SUNSHINE  MM
  AVERAGE SKY COVER 0.9


WEATHER CONDITIONS
 THE FOLLOWING WEATHER WAS RECORDED TODAY.
  THUNDERSTORM
  LIGHT RAIN


RELATIVE HUMIDITY (PERCENT)
 HIGHEST    90           700 AM
 LOWEST     76          1200 PM
 AVERAGE    83

..........................................................


THE MILWAUKEE WI CLIMATE NORMALS FOR TOMORROW
                         NORMAL    RECORD    YEAR
 MAXIMUM TEMPERATURE (F)   80        99      1947
 MINIMUM TEMPERATURE (F)   64        49      1972


SUNRISE AND SUNSET
AUGUST  3 2017........SUNRISE   545 AM CDT   SUNSET   810 PM CDT
AUGUST  4 2017........SUNRISE   546 AM CDT   SUNSET   809 PM CDT


-  INDICATES NEGATIVE NUMBERS.
R  INDICATES RECORD WAS SET OR TIED.
MM INDICATES DATA IS MISSING.
T  INDICATES TRACE AMOUNT.




$$

HAHN
