000
CDUS43 KMKX 050649
CLIMKE


CLIMATE REPORT
NATIONAL WEATHER SERVICE IN MILWAUKEE
148 AM CDT THU OCT 5 2017


...................................

...THE MILWAUKEE WI CLIMATE SUMMARY FOR OCTOBER 4 2017...

CLIMATE NORMAL PERIOD 1981 TO 2010
CLIMATE RECORD PERIOD 1871 TO 2017


WEATHER ITEM   OBSERVED TIME   RECORD YEAR NORMAL DEPARTURE LAST
                VALUE   (LST)  VALUE       VALUE  FROM      YEAR
                                                  NORMAL
..................................................................
TEMPERATURE (F)
 YESTERDAY
  MAXIMUM         74    315 PM  88    1897  64     10       69
  MINIMUM         54   1145 PM  31    1935  47      7       60
  AVERAGE         64                        56      8       65

PRECIPITATION (IN)
  YESTERDAY        0.01          2.30 1991   0.09  -0.08     0.00
  MONTH TO DATE    0.01                      0.36  -0.35     0.28
  SINCE SEP 1      0.86                      3.54  -2.68     4.58
  SINCE JAN 1     28.18                     27.72   0.46    22.24

SNOWFALL (IN)
  YESTERDAY        0.0           0.0    MM   0.0    0.0      0.0
  MONTH TO DATE    0.0                       0.0    0.0      0.0
  SINCE SEP 1      0.0                       0.0    0.0      0.0
  SINCE JUL 1      0.0                       0.0    0.0      0.0
  SNOW DEPTH       0

DEGREE DAYS
 HEATING
  YESTERDAY        1                        10     -9        0
  MONTH TO DATE    7                        38    -31       13
  SINCE SEP 1     70                       164    -94       38
  SINCE JUL 1     79                       190   -111       40

 COOLING
  YESTERDAY        0                         0      0        0
  MONTH TO DATE   16                         3     13        0
  SINCE SEP 1    151                        72     79      141
  SINCE JAN 1    761                       637    124      977
..................................................................


WIND (MPH)
  HIGHEST WIND SPEED    22   HIGHEST WIND DIRECTION    SW (220)
  HIGHEST GUST SPEED    26   HIGHEST GUST DIRECTION    SW (220)
  AVERAGE WIND SPEED     8.7


SKY COVER
  POSSIBLE SUNSHINE  MM
  AVERAGE SKY COVER 0.5


WEATHER CONDITIONS
 THE FOLLOWING WEATHER WAS RECORDED YESTERDAY.
  THUNDERSTORM
  LIGHT RAIN
  FOG
  HAZE


RELATIVE HUMIDITY (PERCENT)
 HIGHEST    93           500 AM
 LOWEST     31           400 PM
 AVERAGE    62

..........................................................


THE MILWAUKEE WI CLIMATE NORMALS FOR TODAY
                         NORMAL    RECORD    YEAR
 MAXIMUM TEMPERATURE (F)   63        87      1997
                                             1922
 MINIMUM TEMPERATURE (F)   47        26      1876


SUNRISE AND SUNSET
OCTOBER  5 2017.......SUNRISE   654 AM CDT   SUNSET   625 PM CDT
OCTOBER  6 2017.......SUNRISE   655 AM CDT   SUNSET   624 PM CDT


-  INDICATES NEGATIVE NUMBERS.
R  INDICATES RECORD WAS SET OR TIED.
MM INDICATES DATA IS MISSING.
T  INDICATES TRACE AMOUNT.




$$
