000
CDUS43 KMKX 070647
CLIMKE


CLIMATE REPORT
NATIONAL WEATHER SERVICE IN MILWAUKEE
1247 AM CST SUN FEB 7 2016


...................................

...THE MILWAUKEE WI CLIMATE SUMMARY FOR FEBRUARY 6 2016...

CLIMATE NORMAL PERIOD 1981 TO 2010
CLIMATE RECORD PERIOD 1871 TO 2016


WEATHER ITEM   OBSERVED TIME   RECORD YEAR NORMAL DEPARTURE LAST
                VALUE   (LST)  VALUE       VALUE  FROM      YEAR
                                                  NORMAL
..................................................................
TEMPERATURE (F)
 YESTERDAY
  MAXIMUM         35    452 PM  53    1925  30      5       28
  MINIMUM         26    612 AM -14    1982  17      9       14
  AVERAGE         31                        24      7       21

PRECIPITATION (IN)
  YESTERDAY        0.00          0.81 1895   0.05  -0.05     0.00
  MONTH TO DATE    0.30                      0.32  -0.02     0.57
  SINCE DEC 1      4.81                      4.12   0.69     2.51
  SINCE JAN 1      0.99                      2.08  -1.09     1.48

SNOWFALL (IN)
  YESTERDAY        0.0          11.6  2008   0.4   -0.4      0.0
  MONTH TO DATE    T                         2.3   -2.3     12.4
  SINCE DEC 1     14.5                      27.6  -13.1     26.1
  SINCE JUL 1     21.4                      30.3   -8.9     30.9
  SNOW DEPTH       0

DEGREE DAYS
 HEATING
  YESTERDAY       34                        41     -7       44
  MONTH TO DATE  202                       250    -48      299
  SINCE DEC 1   2339                      2770   -431     2646
  SINCE JUL 1   3378                      4135   -757     4217

 COOLING
  YESTERDAY        0                         0      0        0
  MONTH TO DATE    0                         0      0        0
  SINCE DEC 1      0                         0      0        0
  SINCE JAN 1      0                         0      0        0
..................................................................


WIND (MPH)
  HIGHEST WIND SPEED    17   HIGHEST WIND DIRECTION     W (250)
  HIGHEST GUST SPEED    23   HIGHEST GUST DIRECTION     W (260)
  AVERAGE WIND SPEED     9.7


SKY COVER
  POSSIBLE SUNSHINE  MM
  AVERAGE SKY COVER 0.8


WEATHER CONDITIONS
 THE FOLLOWING WEATHER WAS RECORDED YESTERDAY.
  NO SIGNIFICANT WEATHER WAS OBSERVED.


RELATIVE HUMIDITY (PERCENT)
 HIGHEST    85           900 PM
 LOWEST     66          1100 AM
 AVERAGE    76

..........................................................


THE MILWAUKEE WI CLIMATE NORMALS FOR TODAY
                         NORMAL    RECORD    YEAR
 MAXIMUM TEMPERATURE (F)   31        53      2009
 MINIMUM TEMPERATURE (F)   17       -20      1875


SUNRISE AND SUNSET
FEBRUARY  7 2016......SUNRISE   700 AM CST   SUNSET   512 PM CST
FEBRUARY  8 2016......SUNRISE   659 AM CST   SUNSET   513 PM CST


-  INDICATES NEGATIVE NUMBERS.
R  INDICATES RECORD WAS SET OR TIED.
MM INDICATES DATA IS MISSING.
T  INDICATES TRACE AMOUNT.




$$
