000
CDUS43 KMKX 230700
CLIMKE


CLIMATE REPORT
NATIONAL WEATHER SERVICE IN MILWAUKEE
159 AM CDT SUN JUL 23 2017


...................................

...THE MILWAUKEE WI CLIMATE SUMMARY FOR JULY 22 2017...

CLIMATE NORMAL PERIOD 1981 TO 2010
CLIMATE RECORD PERIOD 1871 TO 2017


WEATHER ITEM   OBSERVED TIME   RECORD YEAR NORMAL DEPARTURE LAST
                VALUE   (LST)  VALUE       VALUE  FROM      YEAR
                                                  NORMAL
..................................................................
TEMPERATURE (F)
 YESTERDAY
  MAXIMUM         81    252 PM  97    1955  80      1       90
  MINIMUM         68    151 AM  47    1947  64      4       72
  AVERAGE         75                        72      3       81

PRECIPITATION (IN)
  YESTERDAY        0.02          5.61 2010   0.12  -0.10     0.00
  MONTH TO DATE    3.66                      2.64   1.02     0.85
  SINCE JUN 1      8.87                      6.54   2.33     4.34
  SINCE JAN 1     25.66                     19.18   6.48    13.16

SNOWFALL (IN)
  YESTERDAY        0.0           0.0    MM   0.0    0.0      0.0
  MONTH TO DATE    0.0                       0.0    0.0      0.0
  SINCE JUN 1      0.0                       0.0    0.0      0.0
  SINCE JUL 1      0.0                       0.0    0.0      0.0
  SNOW DEPTH       0

DEGREE DAYS
 HEATING
  YESTERDAY        0                         0      0        0
  MONTH TO DATE    1                         4     -3        2
  SINCE JUN 1     15                        88    -73       31
  SINCE JUL 1      1                         4     -3        2

 COOLING
  YESTERDAY       10                         7      3       16
  MONTH TO DATE  168                       153     15      200
  SINCE JUN 1    350                       273     77      351
  SINCE JAN 1    371                       303     68      396
..................................................................


WIND (MPH)
  HIGHEST WIND SPEED    15   HIGHEST WIND DIRECTION    NW (300)
  HIGHEST GUST SPEED    21   HIGHEST GUST DIRECTION     E (80)
  AVERAGE WIND SPEED     6.0


SKY COVER
  POSSIBLE SUNSHINE  MM
  AVERAGE SKY COVER 0.8


WEATHER CONDITIONS
 THE FOLLOWING WEATHER WAS RECORDED YESTERDAY.
  LIGHT RAIN
  FOG


RELATIVE HUMIDITY (PERCENT)
 HIGHEST    97           400 AM
 LOWEST     74           900 AM
 AVERAGE    86

..........................................................


THE MILWAUKEE WI CLIMATE NORMALS FOR TODAY
                         NORMAL    RECORD    YEAR
 MAXIMUM TEMPERATURE (F)   80        99      2012
                                             1940
 MINIMUM TEMPERATURE (F)   64        50      1876


SUNRISE AND SUNSET
JULY 23 2017..........SUNRISE   534 AM CDT   SUNSET   822 PM CDT
JULY 24 2017..........SUNRISE   535 AM CDT   SUNSET   821 PM CDT


-  INDICATES NEGATIVE NUMBERS.
R  INDICATES RECORD WAS SET OR TIED.
MM INDICATES DATA IS MISSING.
T  INDICATES TRACE AMOUNT.




$$
