000
CDUS43 KMKX 030700
CLIMKE


CLIMATE REPORT
NATIONAL WEATHER SERVICE IN MILWAUKEE
100 AM CST TUE MAR 3 2015


...................................

...THE MILWAUKEE WI CLIMATE SUMMARY FOR MARCH 2 2015...

CLIMATE NORMAL PERIOD 1981 TO 2010
CLIMATE RECORD PERIOD 1871 TO 2015


WEATHER ITEM   OBSERVED TIME   RECORD YEAR NORMAL DEPARTURE LAST
                VALUE   (LST)  VALUE       VALUE  FROM      YEAR
                                                  NORMAL
..................................................................
TEMPERATURE (F)
 YESTERDAY
  MAXIMUM         28    332 PM  62    1964  37     -9       10
  MINIMUM         16    643 AM  -6    1913  24     -8        2
  AVERAGE         22                        30     -8        6

PRECIPITATION (IN)
  YESTERDAY        0.00          1.04 1874   0.07  -0.07      T
  MONTH TO DATE    T                         0.13  -0.13     0.18
  SINCE MAR 1      T                         0.13  -0.13     0.18
  SINCE JAN 1      1.72                      3.54  -1.82     2.92

SNOWFALL (IN)
  YESTERDAY        0.0          14.2  2009   0.3   -0.3       T
  MONTH TO DATE    T                         0.6   -0.6      2.7
  SINCE MAR 1      T                         0.6   -0.6      2.7
  SINCE JUL 1     38.1                      38.4   -0.3     59.5
  SNOW DEPTH       7

DEGREE DAYS
 HEATING
  YESTERDAY       43                        35      8       59
  MONTH TO DATE   88                        70     18      108
  SINCE MAR 1     88                        70     18      108
  SINCE JUL 1   5420                      5050    370     5764

 COOLING
  YESTERDAY        0                         0      0        0
  MONTH TO DATE    0                         0      0        0
  SINCE MAR 1      0                         0      0        0
  SINCE JAN 1      0                         0      0        0
..................................................................


WIND (MPH)
  HIGHEST WIND SPEED    14   HIGHEST WIND DIRECTION    SE (130)
  HIGHEST GUST SPEED    20   HIGHEST GUST DIRECTION     W (270)
  AVERAGE WIND SPEED     7.7


SKY COVER
  POSSIBLE SUNSHINE  MM
  AVERAGE SKY COVER 0.4


WEATHER CONDITIONS
 THE FOLLOWING WEATHER WAS RECORDED YESTERDAY.
  HAZE


RELATIVE HUMIDITY (PERCENT)
 HIGHEST    68           900 PM
 LOWEST     42           100 PM
 AVERAGE    55

..........................................................


THE MILWAUKEE WI CLIMATE NORMALS FOR TODAY
                         NORMAL    RECORD    YEAR
 MAXIMUM TEMPERATURE (F)   38        72      1983
 MINIMUM TEMPERATURE (F)   24        -6      1943


SUNRISE AND SUNSET
MARCH  3 2015.........SUNRISE   625 AM CST   SUNSET   543 PM CST
MARCH  4 2015.........SUNRISE   623 AM CST   SUNSET   544 PM CST


-  INDICATES NEGATIVE NUMBERS.
R  INDICATES RECORD WAS SET OR TIED.
MM INDICATES DATA IS MISSING.
T  INDICATES TRACE AMOUNT.




$$
