000
CDUS43 KMKX 310654
CLIMKE


CLIMATE REPORT
NATIONAL WEATHER SERVICE IN MILWAUKEE
154 AM CDT WED AUG 31 2016


...................................

...THE MILWAUKEE WI CLIMATE SUMMARY FOR AUGUST 30 2016...

CLIMATE NORMAL PERIOD 1981 TO 2010
CLIMATE RECORD PERIOD 1871 TO 2016


WEATHER ITEM   OBSERVED TIME   RECORD YEAR NORMAL DEPARTURE LAST
                VALUE   (LST)  VALUE       VALUE  FROM      YEAR
                                                  NORMAL
..................................................................
TEMPERATURE (F)
 YESTERDAY
  MAXIMUM         85   1158 AM  96    1958  77      8       72
  MINIMUM         69    136 PM  42    1915  61      8       62
  AVERAGE         77                        69      8       67

PRECIPITATION (IN)
  YESTERDAY        2.09R         2.00 1956   0.12   1.97     0.00
  MONTH TO DATE    3.59                      3.85  -0.26     3.46
  SINCE JUN 1      8.84                     11.42  -2.58     7.55
  SINCE JAN 1     17.66                     24.06  -6.40    17.75

SNOWFALL (IN)
  YESTERDAY        0.0           0.0    MM   0.0    0.0      0.0
  MONTH TO DATE    0.0                       0.0    0.0      0.0
  SINCE JUN 1      0.0                       0.0    0.0      0.0
  SINCE JUL 1      0.0                       0.0    0.0      0.0
  SNOW DEPTH       0

DEGREE DAYS
 HEATING
  YESTERDAY        0                         1     -1        0
  MONTH TO DATE    0                         9     -9       20
  SINCE JUN 1     31                       104    -73      150
  SINCE JUL 1      2                        20    -18       48

 COOLING
  YESTERDAY       12                         5      7        2
  MONTH TO DATE  330                       189    141      175
  SINCE JUN 1    787                       531    256      456
  SINCE JAN 1    832                       561    271      482
..................................................................


WIND (MPH)
  HIGHEST WIND SPEED    29   HIGHEST WIND DIRECTION    NW (310)
  HIGHEST GUST SPEED    39   HIGHEST GUST DIRECTION    NW (300)
  AVERAGE WIND SPEED     5.1


SKY COVER
  POSSIBLE SUNSHINE  MM
  AVERAGE SKY COVER 0.7


WEATHER CONDITIONS
 THE FOLLOWING WEATHER WAS RECORDED YESTERDAY.
  THUNDERSTORM
  HEAVY RAIN
  RAIN
  LIGHT RAIN
  FOG
  FOG W/VISIBILITY <= 1/4 MILE
  HAZE


RELATIVE HUMIDITY (PERCENT)
 HIGHEST    87          1200 AM
 LOWEST     65          1000 AM
 AVERAGE    76

..........................................................


THE MILWAUKEE WI CLIMATE NORMALS FOR TODAY
                         NORMAL    RECORD    YEAR
 MAXIMUM TEMPERATURE (F)   77        97      1953
 MINIMUM TEMPERATURE (F)   61        45      1892


SUNRISE AND SUNSET
AUGUST 31 2016........SUNRISE   616 AM CDT   SUNSET   727 PM CDT
SEPTEMBER  1 2016.....SUNRISE   617 AM CDT   SUNSET   725 PM CDT


-  INDICATES NEGATIVE NUMBERS.
R  INDICATES RECORD WAS SET OR TIED.
MM INDICATES DATA IS MISSING.
T  INDICATES TRACE AMOUNT.




$$
