000
CDUS43 KMKX 190645
CLIMKE


CLIMATE REPORT
NATIONAL WEATHER SERVICE IN MILWAUKEE
1245 AM CST MON FEB 19 2018


...................................

...THE MILWAUKEE WI CLIMATE SUMMARY FOR FEBRUARY 18 2018...

CLIMATE NORMAL PERIOD 1981 TO 2010
CLIMATE RECORD PERIOD 1871 TO 2018


WEATHER ITEM   OBSERVED TIME   RECORD YEAR NORMAL DEPARTURE LAST
                VALUE   (LST)  VALUE       VALUE  FROM      YEAR
                                                  NORMAL
..................................................................
TEMPERATURE (F)
 YESTERDAY
  MAXIMUM         39    222 PM  67    2017  33      6       67
  MINIMUM         21    709 AM -17    1936  20      1       42
  AVERAGE         30                        27      3       55

PRECIPITATION (IN)
  YESTERDAY        0.00          0.83 1962   0.07  -0.07     0.00
  MONTH TO DATE    1.18                      1.01   0.17     0.18
  SINCE DEC 1      3.26                      4.81  -1.55     4.27
  SINCE JAN 1      2.80                      2.77   0.03     2.34

SNOWFALL (IN)
  YESTERDAY        0.0           9.5  1962   0.4   -0.4      0.0
  MONTH TO DATE   16.5                       6.4   10.1      0.4
  SINCE DEC 1     32.5                      31.7    0.8     23.3
  SINCE JUL 1     32.7                      34.4   -1.7     23.3
  SNOW DEPTH       T

DEGREE DAYS
 HEATING
  YESTERDAY       35                        38     -3       10
  MONTH TO DATE  790                       727     63      596
  SINCE DEC 1   3240                      3247     -7     2946
  SINCE JUL 1   4345                      4612   -267     3776

 COOLING
  YESTERDAY        0                         0      0        0
  MONTH TO DATE    0                         0      0        0
  SINCE DEC 1      0                         0      0        0
  SINCE JAN 1      0                         0      0        0
..................................................................


WIND (MPH)
  HIGHEST WIND SPEED    24   HIGHEST WIND DIRECTION     S (160)
  HIGHEST GUST SPEED    34   HIGHEST GUST DIRECTION     S (180)
  AVERAGE WIND SPEED    10.2


SKY COVER
  POSSIBLE SUNSHINE  MM
  AVERAGE SKY COVER 0.5


WEATHER CONDITIONS
 THE FOLLOWING WEATHER WAS RECORDED YESTERDAY.
  FOG


RELATIVE HUMIDITY (PERCENT)
 HIGHEST    88           100 AM
 LOWEST     59           100 PM
 AVERAGE    74

..........................................................


THE MILWAUKEE WI CLIMATE NORMALS FOR TODAY
                         NORMAL    RECORD    YEAR
 MAXIMUM TEMPERATURE (F)   34        59      1981
                                             1930
                                             1913
 MINIMUM TEMPERATURE (F)   20       -10      1979


SUNRISE AND SUNSET
FEBRUARY 19 2018......SUNRISE   643 AM CST   SUNSET   528 PM CST
FEBRUARY 20 2018......SUNRISE   642 AM CST   SUNSET   530 PM CST


-  INDICATES NEGATIVE NUMBERS.
R  INDICATES RECORD WAS SET OR TIED.
MM INDICATES DATA IS MISSING.
T  INDICATES TRACE AMOUNT.




$$
