000
CDUS43 KMKX 080713
CLIMKE


CLIMATE REPORT
NATIONAL WEATHER SERVICE IN MILWAUKEE
211 AM CDT SUN OCT 8 2017


...................................

...THE MILWAUKEE WI CLIMATE SUMMARY FOR OCTOBER 7 2017...

CLIMATE NORMAL PERIOD 1981 TO 2010
CLIMATE RECORD PERIOD 1871 TO 2017


WEATHER ITEM   OBSERVED TIME   RECORD YEAR NORMAL DEPARTURE LAST
                VALUE   (LST)  VALUE       VALUE  FROM      YEAR
                                                  NORMAL
..................................................................
TEMPERATURE (F)
 YESTERDAY
  MAXIMUM         78    132 PM  85    2007  63     15       71
                                      1993
  MINIMUM         60    943 PM  25    1964  46     14       49
  AVERAGE         69                        54     15       60

PRECIPITATION (IN)
  YESTERDAY        0.15          1.80 1903   0.08   0.07     0.01
  MONTH TO DATE    0.47                      0.62  -0.15     0.49
  SINCE SEP 1      1.32                      3.80  -2.48     4.79
  SINCE JAN 1     28.64                     27.98   0.66    22.45

SNOWFALL (IN)
  YESTERDAY        0.0           0.2  2000   0.0    0.0      0.0
  MONTH TO DATE    0.0                       0.0    0.0      0.0
  SINCE SEP 1      0.0                       0.0    0.0      0.0
  SINCE JUL 1      0.0                       0.0    0.0      0.0
  SNOW DEPTH       0

DEGREE DAYS
 HEATING
  YESTERDAY        0                        11    -11        5
  MONTH TO DATE   17                        70    -53       21
  SINCE SEP 1     80                       196   -116       46
  SINCE JUL 1     89                       222   -133       48

 COOLING
  YESTERDAY        4                         0      4        0
  MONTH TO DATE   20                         3     17        1
  SINCE SEP 1    155                        72     83      142
  SINCE JAN 1    765                       637    128      978
..................................................................


WIND (MPH)
  HIGHEST WIND SPEED    29   HIGHEST WIND DIRECTION    SW (220)
  HIGHEST GUST SPEED    38   HIGHEST GUST DIRECTION    SW (230)
  AVERAGE WIND SPEED    15.6


SKY COVER
  POSSIBLE SUNSHINE  MM
  AVERAGE SKY COVER 0.8


WEATHER CONDITIONS
 THE FOLLOWING WEATHER WAS RECORDED YESTERDAY.
  HEAVY RAIN
  RAIN
  LIGHT RAIN
  FOG


RELATIVE HUMIDITY (PERCENT)
 HIGHEST    93          1200 AM
 LOWEST     60           100 PM
 AVERAGE    77

..........................................................


THE MILWAUKEE WI CLIMATE NORMALS FOR TODAY
                         NORMAL    RECORD    YEAR
 MAXIMUM TEMPERATURE (F)   62        85      2007
 MINIMUM TEMPERATURE (F)   46        29      1987


SUNRISE AND SUNSET
OCTOBER  8 2017.......SUNRISE   657 AM CDT   SUNSET   620 PM CDT
OCTOBER  9 2017.......SUNRISE   658 AM CDT   SUNSET   619 PM CDT


-  INDICATES NEGATIVE NUMBERS.
R  INDICATES RECORD WAS SET OR TIED.
MM INDICATES DATA IS MISSING.
T  INDICATES TRACE AMOUNT.




$$
