000
CDUS43 KMKX 100700
CLIMKE


CLIMATE REPORT
NATIONAL WEATHER SERVICE IN MILWAUKEE
200 AM CDT SAT JUN 10 2017


...................................

...THE MILWAUKEE WI CLIMATE SUMMARY FOR JUNE 9 2017...

CLIMATE NORMAL PERIOD 1981 TO 2010
CLIMATE RECORD PERIOD 1871 TO 2017


WEATHER ITEM   OBSERVED TIME   RECORD YEAR NORMAL DEPARTURE LAST
                VALUE   (LST)  VALUE       VALUE  FROM      YEAR
                                                  NORMAL
..................................................................
TEMPERATURE (F)
 YESTERDAY
  MAXIMUM         77    842 AM  98    1911  73      4       75
  MINIMUM         59    946 PM  40    1969  55      4       51
  AVERAGE         68                        64      4       63

PRECIPITATION (IN)
  YESTERDAY        0.00          1.19 1966   0.14  -0.14     0.01
  MONTH TO DATE    0.58                      1.15  -0.57     0.39
  SINCE JUN 1      0.58                      1.15  -0.57     0.39
  SINCE JAN 1     17.37                     13.79   3.58     9.21

SNOWFALL (IN)
  YESTERDAY        0.0           0.0    MM   0.0    0.0      0.0
  MONTH TO DATE    0.0                       0.0    0.0      0.0
  SINCE JUN 1      0.0                       0.0    0.0      0.0
  SINCE JUL 1     37.6                      46.9   -9.3     39.1
  SNOW DEPTH       0

DEGREE DAYS
 HEATING
  YESTERDAY        0                         4     -4        2
  MONTH TO DATE    9                        43    -34       19
  SINCE JUN 1      9                        43    -34       19
  SINCE JUL 1   5629                      6853  -1224     5899

 COOLING
  YESTERDAY        3                         3      0        0
  MONTH TO DATE   32                        20     12       21
  SINCE JUN 1     32                        20     12       21
  SINCE JAN 1     53                        50      3       66
..................................................................


WIND (MPH)
  HIGHEST WIND SPEED    17   HIGHEST WIND DIRECTION    NE (30)
  HIGHEST GUST SPEED    21   HIGHEST GUST DIRECTION    NE (30)
  AVERAGE WIND SPEED     7.4


SKY COVER
  POSSIBLE SUNSHINE  MM
  AVERAGE SKY COVER 0.3


WEATHER CONDITIONS
 THE FOLLOWING WEATHER WAS RECORDED YESTERDAY.
  NO SIGNIFICANT WEATHER WAS OBSERVED.


RELATIVE HUMIDITY (PERCENT)
 HIGHEST    78           200 AM
 LOWEST     50           800 AM
 AVERAGE    64

..........................................................


THE MILWAUKEE WI CLIMATE NORMALS FOR TODAY
                         NORMAL    RECORD    YEAR
 MAXIMUM TEMPERATURE (F)   74        97      1911
 MINIMUM TEMPERATURE (F)   55        39      1977


SUNRISE AND SUNSET
JUNE 10 2017..........SUNRISE   512 AM CDT   SUNSET   830 PM CDT
JUNE 11 2017..........SUNRISE   512 AM CDT   SUNSET   831 PM CDT


-  INDICATES NEGATIVE NUMBERS.
R  INDICATES RECORD WAS SET OR TIED.
MM INDICATES DATA IS MISSING.
T  INDICATES TRACE AMOUNT.




$$
