000
CDUS43 KMKX 261249
CLIMKE


CLIMATE REPORT
NATIONAL WEATHER SERVICE IN MILWAUKEE
745 AM CDT FRI JUN 26 2015


...................................

...THE MILWAUKEE WI CLIMATE SUMMARY FOR JUNE 25 2015...

CLIMATE NORMAL PERIOD 1981 TO 2010
CLIMATE RECORD PERIOD 1871 TO 2015


WEATHER ITEM   OBSERVED TIME   RECORD YEAR NORMAL DEPARTURE LAST
                VALUE   (LST)  VALUE       VALUE  FROM      YEAR
                                                  NORMAL
..................................................................
TEMPERATURE (F)
 YESTERDAY
  MAXIMUM         70   1202 PM 100    1988  78     -8       61
  MINIMUM         58    806 PM  43    1986  61     -3       54
                                      1960
  AVERAGE         64                        69     -5       58

PRECIPITATION (IN)
  YESTERDAY        0.02          1.42 1895   0.14  -0.12     0.00
  MONTH TO DATE    2.49                      3.24  -0.75     5.34
  SINCE JUN 1      2.49                      3.24  -0.75     5.34
  SINCE JAN 1     12.69                     15.88  -3.19    16.29

SNOWFALL (IN)
  YESTERDAY        0.0           0.0    MM   0.0    0.0      0.0
  MONTH TO DATE    0.0                       0.0    0.0      0.0
  SINCE JUN 1      0.0                       0.0    0.0      0.0
  SINCE JUL 1     43.0                      46.9   -3.9     63.4
  SNOW DEPTH       0

DEGREE DAYS
 HEATING
  YESTERDAY        1                         1      0        7
  MONTH TO DATE   94                        79     15       69
  SINCE JUN 1     94                        79     15       69
  SINCE JUL 1   7189                      6889    300     7737

 COOLING
  YESTERDAY        0                         6     -6        0
  MONTH TO DATE   71                        89    -18       58
  SINCE JUN 1     71                        89    -18       58
  SINCE JAN 1     97                       119    -22       76
..................................................................


WIND (MPH)
  HIGHEST WIND SPEED    13   HIGHEST WIND DIRECTION     N (10)
  HIGHEST GUST SPEED    17   HIGHEST GUST DIRECTION     N (360)
  AVERAGE WIND SPEED     5.6


SKY COVER
  POSSIBLE SUNSHINE  MM
  AVERAGE SKY COVER 0.9


WEATHER CONDITIONS
 THE FOLLOWING WEATHER WAS RECORDED YESTERDAY.
  LIGHT RAIN
  FOG
  HAZE


RELATIVE HUMIDITY (PERCENT)
 HIGHEST    87           200 AM
 LOWEST     76          1200 AM
 AVERAGE    82

..........................................................


THE MILWAUKEE WI CLIMATE NORMALS FOR TODAY
                         NORMAL    RECORD    YEAR
 MAXIMUM TEMPERATURE (F)   79        97      1931
 MINIMUM TEMPERATURE (F)   61        46      1884


SUNRISE AND SUNSET
JUNE 26 2015..........SUNRISE   514 AM CDT   SUNSET   835 PM CDT
JUNE 27 2015..........SUNRISE   514 AM CDT   SUNSET   835 PM CDT


-  INDICATES NEGATIVE NUMBERS.
R  INDICATES RECORD WAS SET OR TIED.
MM INDICATES DATA IS MISSING.
T  INDICATES TRACE AMOUNT.




$$
