000
CDUS43 KMKX 010641
CLIMKE


CLIMATE REPORT
NATIONAL WEATHER SERVICE IN MILWAUKEE
1241 AM CST FRI DEC 1 2017


...................................

...THE MILWAUKEE WI CLIMATE SUMMARY FOR NOVEMBER 30 2017...

CLIMATE NORMAL PERIOD 1981 TO 2010
CLIMATE RECORD PERIOD 1871 TO 2017


WEATHER ITEM   OBSERVED TIME   RECORD YEAR NORMAL DEPARTURE LAST
                VALUE   (LST)  VALUE       VALUE  FROM      YEAR
                                                  NORMAL
..................................................................
TEMPERATURE (F)
 YESTERDAY
  MAXIMUM         53    246 PM  63    1998  39     14       43
  MINIMUM         39   1159 PM  -4    1947  26     13       33
  AVERAGE         46                        32     14       38

PRECIPITATION (IN)
  YESTERDAY        T             0.93 1934   0.09  -0.09      T
  MONTH TO DATE    1.37                      2.71  -1.34     1.81
  SINCE SEP 1      6.31                      8.54  -2.23     9.67
  SINCE JAN 1     33.63                     32.72   0.91    27.33

SNOWFALL (IN)
  YESTERDAY       MM            10.0  1940   0.2   MM        0.0
  MONTH TO DATE    0.2                       2.4   -2.2       T
  SINCE SEP 1      0.2                       2.7   -2.5       T
  SINCE JUL 1      0.2                       2.7   -2.5       T
  SNOW DEPTH       0

DEGREE DAYS
 HEATING
  YESTERDAY       19                        33    -14       27
  MONTH TO DATE  770                       782    -12      528
  SINCE SEP 1   1096                      1339   -243      828
  SINCE JUL 1   1105                      1365   -260      830

 COOLING
  YESTERDAY        0                         0      0        0
  MONTH TO DATE    0                         0      0        3
  SINCE SEP 1    162                        76     86      155
  SINCE JAN 1    772                       641    131      991
..................................................................


WIND (MPH)
  HIGHEST WIND SPEED    23   HIGHEST WIND DIRECTION     W (290)
  HIGHEST GUST SPEED    36   HIGHEST GUST DIRECTION    NW (300)
  AVERAGE WIND SPEED    10.2


SKY COVER
  POSSIBLE SUNSHINE  MM
  AVERAGE SKY COVER 0.2


WEATHER CONDITIONS
 THE FOLLOWING WEATHER WAS RECORDED YESTERDAY.
  LIGHT RAIN


RELATIVE HUMIDITY (PERCENT)
 HIGHEST    76           300 AM
 LOWEST     35           300 PM
 AVERAGE    56

..........................................................


THE MILWAUKEE WI CLIMATE NORMALS FOR TODAY
                         NORMAL    RECORD    YEAR
 MAXIMUM TEMPERATURE (F)   38        63      1970
 MINIMUM TEMPERATURE (F)   25        -9      1893


SUNRISE AND SUNSET
DECEMBER  1 2017......SUNRISE   703 AM CST   SUNSET   418 PM CST
DECEMBER  2 2017......SUNRISE   704 AM CST   SUNSET   418 PM CST


-  INDICATES NEGATIVE NUMBERS.
R  INDICATES RECORD WAS SET OR TIED.
MM INDICATES DATA IS MISSING.
T  INDICATES TRACE AMOUNT.




$$
