000
CDUS43 KMKX 120642
CLIMKE


CLIMATE REPORT
NATIONAL WEATHER SERVICE IN MILWAUKEE
1241 AM CST SUN FEB 12 2017


...................................

...THE MILWAUKEE WI CLIMATE SUMMARY FOR FEBRUARY 11 2017...

CLIMATE NORMAL PERIOD 1981 TO 2010
CLIMATE RECORD PERIOD 1871 TO 2017


WEATHER ITEM   OBSERVED TIME   RECORD YEAR NORMAL DEPARTURE LAST
                VALUE   (LST)  VALUE       VALUE  FROM      YEAR
                                                  NORMAL
..................................................................
TEMPERATURE (F)
 YESTERDAY
  MAXIMUM         45   1137 AM  68    1999  31     14       19
  MINIMUM         35   1159 PM -24    1885  18     17        5
  AVERAGE         40                        25     15       12

PRECIPITATION (IN)
  YESTERDAY        0.01          0.99 1880   0.06  -0.05     0.00
  MONTH TO DATE    0.18                      0.60  -0.42     0.51
  SINCE DEC 1      4.27                      4.40  -0.13     5.02
  SINCE JAN 1      2.34                      2.36  -0.02     1.20

SNOWFALL (IN)
  YESTERDAY        0.0           7.0  1887   0.4   -0.4      0.0
  MONTH TO DATE    0.4                       4.0   -3.6      4.8
  SINCE DEC 1     23.3                      29.3   -6.0     19.3
  SINCE JUL 1     23.3                      32.0   -8.7     26.2
  SNOW DEPTH       0

DEGREE DAYS
 HEATING
  YESTERDAY       25                        40    -15       53
  MONTH TO DATE  425                       453    -28      421
  SINCE DEC 1   2775                      2973   -198     2558
  SINCE JUL 1   3605                      4338   -733     3597

 COOLING
  YESTERDAY        0                         0      0        0
  MONTH TO DATE    0                         0      0        0
  SINCE DEC 1      0                         0      0        0
  SINCE JAN 1      0                         0      0        0
..................................................................


WIND (MPH)
  HIGHEST WIND SPEED    26   HIGHEST WIND DIRECTION     N (20)
  HIGHEST GUST SPEED    32   HIGHEST GUST DIRECTION     N (10)
  AVERAGE WIND SPEED     7.5


SKY COVER
  POSSIBLE SUNSHINE  MM
  AVERAGE SKY COVER 1.0


WEATHER CONDITIONS
 THE FOLLOWING WEATHER WAS RECORDED YESTERDAY.
  LIGHT RAIN
  FOG
  HAZE


RELATIVE HUMIDITY (PERCENT)
 HIGHEST    89          1000 PM
 LOWEST     58          1200 PM
 AVERAGE    74

..........................................................


THE MILWAUKEE WI CLIMATE NORMALS FOR TODAY
                         NORMAL    RECORD    YEAR
 MAXIMUM TEMPERATURE (F)   32        60      1882
 MINIMUM TEMPERATURE (F)   19       -22      1875


SUNRISE AND SUNSET
FEBRUARY 12 2017......SUNRISE   653 AM CST   SUNSET   519 PM CST
FEBRUARY 13 2017......SUNRISE   651 AM CST   SUNSET   521 PM CST


-  INDICATES NEGATIVE NUMBERS.
R  INDICATES RECORD WAS SET OR TIED.
MM INDICATES DATA IS MISSING.
T  INDICATES TRACE AMOUNT.




$$
