000
CDUS43 KMKX 230652
CLIMKE


CLIMATE REPORT
NATIONAL WEATHER SERVICE IN MILWAUKEE
149 AM CDT SAT MAY 23 2015


...................................

...THE MILWAUKEE WI CLIMATE SUMMARY FOR MAY 22 2015...

CLIMATE NORMAL PERIOD 1981 TO 2010
CLIMATE RECORD PERIOD 1871 TO 2015


WEATHER ITEM   OBSERVED TIME   RECORD YEAR NORMAL DEPARTURE LAST
                VALUE   (LST)  VALUE       VALUE  FROM      YEAR
                                                  NORMAL
..................................................................
TEMPERATURE (F)
 YESTERDAY
  MAXIMUM         57    357 PM  91    1925  67    -10       62
  MINIMUM         43    402 AM  33    1963  48     -5       49
  AVERAGE         50                        58     -8       56

PRECIPITATION (IN)
  YESTERDAY        0.00          2.15 1991   0.12  -0.12     0.00
  MONTH TO DATE    1.13                      2.35  -1.22     2.03
  SINCE MAR 1      7.18                      8.18  -1.00     7.41
  SINCE JAN 1      8.90                     11.59  -2.69    10.15

SNOWFALL (IN)
  YESTERDAY        0.0           T    1963   0.0    0.0      0.0
  MONTH TO DATE    0.0                       0.1   -0.1      0.0
  SINCE MAR 1      4.9                       9.1   -4.2      6.6
  SINCE JUL 1     43.0                      46.9   -3.9     63.4
  SNOW DEPTH       0

DEGREE DAYS
 HEATING
  YESTERDAY       15                         9      6        9
  MONTH TO DATE  226                       250    -24      234
  SINCE MAR 1   1725                      1767    -42     1968
  SINCE JUL 1   7057                      6747    310     7624

 COOLING
  YESTERDAY        0                         1     -1        0
  MONTH TO DATE   11                        12     -1        7
  SINCE MAR 1     11                        17     -6        7
  SINCE JAN 1     11                        17     -6        7
..................................................................


WIND (MPH)
  HIGHEST WIND SPEED    13   HIGHEST WIND DIRECTION    NE (40)
  HIGHEST GUST SPEED    15   HIGHEST GUST DIRECTION    NE (40)
  AVERAGE WIND SPEED     7.4


SKY COVER
  POSSIBLE SUNSHINE  MM
  AVERAGE SKY COVER 0.3


WEATHER CONDITIONS
 THE FOLLOWING WEATHER WAS RECORDED YESTERDAY.
  NO SIGNIFICANT WEATHER WAS OBSERVED.


RELATIVE HUMIDITY (PERCENT)
 HIGHEST    67           400 AM
 LOWEST     35           400 PM
 AVERAGE    51

..........................................................


THE MILWAUKEE WI CLIMATE NORMALS FOR TODAY
                         NORMAL    RECORD    YEAR
 MAXIMUM TEMPERATURE (F)   67        87      1977
                                             1964
                                             1921
 MINIMUM TEMPERATURE (F)   49        30      1963
                                             1961


SUNRISE AND SUNSET
MAY 23 2015...........SUNRISE   521 AM CDT   SUNSET   816 PM CDT
MAY 24 2015...........SUNRISE   521 AM CDT   SUNSET   817 PM CDT


-  INDICATES NEGATIVE NUMBERS.
R  INDICATES RECORD WAS SET OR TIED.
MM INDICATES DATA IS MISSING.
T  INDICATES TRACE AMOUNT.




$$
