000
CDUS43 KMKX 260641
CLIMKE


CLIMATE REPORT
NATIONAL WEATHER SERVICE IN MILWAUKEE
140 AM CDT TUE AUG 26 2014


...................................

...THE MILWAUKEE WI CLIMATE SUMMARY FOR AUGUST 25 2014...

CLIMATE NORMAL PERIOD 1981 TO 2010
CLIMATE RECORD PERIOD 1871 TO 2014


WEATHER ITEM   OBSERVED TIME   RECORD YEAR NORMAL DEPARTURE LAST
                VALUE   (LST)  VALUE       VALUE  FROM      YEAR
                                                  NORMAL
..................................................................
TEMPERATURE (F)
 YESTERDAY
  MAXIMUM         81    808 AM  94    1948  78      3       90
  MINIMUM         71   1134 PM  44    1917  62      9       68
  AVERAGE         76                        70      6       79

PRECIPITATION (IN)
  YESTERDAY        0.14          1.89 1940   0.11   0.03     0.00
  MONTH TO DATE    4.99                      3.25   1.74     3.27
  SINCE JUN 1     13.64                     10.82   2.82    10.62
  SINCE JAN 1     24.59                     23.46   1.13    30.13

SNOWFALL (IN)
  YESTERDAY        0.0           0.0    MM   0.0    0.0      0.0
  MONTH TO DATE    0.0                       0.0    0.0      0.0
  SINCE JUN 1      0.0                       0.0    0.0      0.0
  SINCE JUL 1      0.0                       0.0    0.0      0.0
  SNOW DEPTH       0

DEGREE DAYS
 HEATING
  YESTERDAY        0                         1     -1        0
  MONTH TO DATE    5                         4      1        8
  SINCE JUN 1    100                        99      1      109
  SINCE JUL 1     26                        15     11       22

 COOLING
  YESTERDAY       11                         6      5       14
  MONTH TO DATE  129                       164    -35      121
  SINCE JUN 1    346                       506   -160      461
  SINCE JAN 1    364                       536   -172      500
..................................................................


WIND (MPH)
  HIGHEST WIND SPEED    22   HIGHEST WIND DIRECTION    NW (310)
  HIGHEST GUST SPEED    32   HIGHEST GUST DIRECTION     W (290)
  AVERAGE WIND SPEED     5.9


SKY COVER
  POSSIBLE SUNSHINE  MM
  AVERAGE SKY COVER 0.8


WEATHER CONDITIONS
 THE FOLLOWING WEATHER WAS RECORDED YESTERDAY.
  THUNDERSTORM
  RAIN
  LIGHT RAIN
  FOG
  HAZE


RELATIVE HUMIDITY (PERCENT)
 HIGHEST    94           400 AM
 LOWEST     73           900 AM
 AVERAGE    84

..........................................................


THE MILWAUKEE WI CLIMATE NORMALS FOR TODAY
                         NORMAL    RECORD    YEAR
 MAXIMUM TEMPERATURE (F)   78        96      1953
 MINIMUM TEMPERATURE (F)   62        47      1964
                                             1885


SUNRISE AND SUNSET
AUGUST 26 2014........SUNRISE   610 AM CDT   SUNSET   736 PM CDT
AUGUST 27 2014........SUNRISE   611 AM CDT   SUNSET   735 PM CDT


-  INDICATES NEGATIVE NUMBERS.
R  INDICATES RECORD WAS SET OR TIED.
MM INDICATES DATA IS MISSING.
T  INDICATES TRACE AMOUNT.




$$
