000
CDUS43 KMKX 090645
CLIMKE


CLIMATE REPORT
NATIONAL WEATHER SERVICE IN MILWAUKEE
144 AM CDT TUE MAY 9 2017


...................................

...THE MILWAUKEE WI CLIMATE SUMMARY FOR MAY 8 2017...

CLIMATE NORMAL PERIOD 1981 TO 2010
CLIMATE RECORD PERIOD 1871 TO 2017


WEATHER ITEM   OBSERVED TIME   RECORD YEAR NORMAL DEPARTURE LAST
                VALUE   (LST)  VALUE       VALUE  FROM      YEAR
                                                  NORMAL
..................................................................
TEMPERATURE (F)
 YESTERDAY
  MAXIMUM         49    208 PM  87    1896  62    -13       70
  MINIMUM         36    504 AM  30    1947  44     -8       39
  AVERAGE         43                        53    -10       55

PRECIPITATION (IN)
  YESTERDAY        0.00          1.69 1924   0.10  -0.10     0.00
  MONTH TO DATE    0.09                      0.84  -0.75     0.17
  SINCE MAR 1     10.04                      6.67   3.37     5.31
  SINCE JAN 1     14.05                     10.08   3.97     6.62

SNOWFALL (IN)
  YESTERDAY        0.0           0.2  1960   0.0    0.0      0.0
  MONTH TO DATE    0.0                       0.0    0.0      0.0
  SINCE MAR 1     13.6                       9.0    4.6     10.0
  SINCE JUL 1     37.6                      46.8   -9.2     39.1
  SNOW DEPTH       0

DEGREE DAYS
 HEATING
  YESTERDAY       22                        12     10       10
  MONTH TO DATE  148                       106     42      100
  SINCE MAR 1   1453                      1623   -170     1497
  SINCE JUL 1   5452                      6603  -1151     5716

 COOLING
  YESTERDAY        0                         0      0        0
  MONTH TO DATE    0                         0      0        0
  SINCE MAR 1      3                         5     -2        0
  SINCE JAN 1      3                         5     -2        0
..................................................................


WIND (MPH)
  HIGHEST WIND SPEED    12   HIGHEST WIND DIRECTION    SE (120)
  HIGHEST GUST SPEED    17   HIGHEST GUST DIRECTION     E (100)
  AVERAGE WIND SPEED     6.4


SKY COVER
  POSSIBLE SUNSHINE  MM
  AVERAGE SKY COVER 0.4


WEATHER CONDITIONS
 THE FOLLOWING WEATHER WAS RECORDED YESTERDAY.
  NO SIGNIFICANT WEATHER WAS OBSERVED.


RELATIVE HUMIDITY (PERCENT)
 HIGHEST    75           500 AM
 LOWEST     31           500 PM
 AVERAGE    53

..........................................................


THE MILWAUKEE WI CLIMATE NORMALS FOR TODAY
                         NORMAL    RECORD    YEAR
 MAXIMUM TEMPERATURE (F)   63        93      1934
 MINIMUM TEMPERATURE (F)   44        26      1966


SUNRISE AND SUNSET
MAY  9 2017...........SUNRISE   535 AM CDT   SUNSET   802 PM CDT
MAY 10 2017...........SUNRISE   534 AM CDT   SUNSET   803 PM CDT


-  INDICATES NEGATIVE NUMBERS.
R  INDICATES RECORD WAS SET OR TIED.
MM INDICATES DATA IS MISSING.
T  INDICATES TRACE AMOUNT.




$$
