715
CDUS43 KMKX 100700
CLIMKE


CLIMATE REPORT
NATIONAL WEATHER SERVICE IN MILWAUKEE
200 AM CDT TUE OCT 10 2017


...................................

...THE MILWAUKEE WI CLIMATE SUMMARY FOR OCTOBER 9 2017...

CLIMATE NORMAL PERIOD 1981 TO 2010
CLIMATE RECORD PERIOD 1871 TO 2017


WEATHER ITEM   OBSERVED TIME   RECORD YEAR NORMAL DEPARTURE LAST
                VALUE   (LST)  VALUE       VALUE  FROM      YEAR
                                                  NORMAL
..................................................................
TEMPERATURE (F)
 YESTERDAY
  MAXIMUM         77   1008 AM  82    1949  62     15       61
  MINIMUM         52    201 AM  28    1876  45      7       47
  AVERAGE         65                        54     11       54

PRECIPITATION (IN)
  YESTERDAY        0.00          1.77 1958   0.09  -0.09     0.00
  MONTH TO DATE    0.47                      0.80  -0.33     0.49
  SINCE SEP 1      1.32                      3.98  -2.66     4.79
  SINCE JAN 1     28.64                     28.16   0.48    22.45

SNOWFALL (IN)
  YESTERDAY        0.0           T    1993   0.0    0.0      0.0
                                      1964
  MONTH TO DATE    0.0                       0.0    0.0      0.0
  SINCE SEP 1      0.0                       0.0    0.0      0.0
  SINCE JUL 1      0.0                       0.0    0.0      0.0
  SNOW DEPTH       0

DEGREE DAYS
 HEATING
  YESTERDAY        0                        12    -12       11
  MONTH TO DATE   17                        93    -76       45
  SINCE SEP 1     80                       219   -139       70
  SINCE JUL 1     89                       245   -156       72

 COOLING
  YESTERDAY        0                         0      0        0
  MONTH TO DATE   22                         3     19        1
  SINCE SEP 1    157                        72     85      142
  SINCE JAN 1    767                       637    130      978
..................................................................


WIND (MPH)
  HIGHEST WIND SPEED    16   HIGHEST WIND DIRECTION     N (20)
  HIGHEST GUST SPEED    21   HIGHEST GUST DIRECTION     N (20)
  AVERAGE WIND SPEED     6.1


SKY COVER
  POSSIBLE SUNSHINE  MM
  AVERAGE SKY COVER 0.1


WEATHER CONDITIONS
 THE FOLLOWING WEATHER WAS RECORDED YESTERDAY.
  NO SIGNIFICANT WEATHER WAS OBSERVED.


RELATIVE HUMIDITY (PERCENT)
 HIGHEST    93           100 AM
 LOWEST     50          1000 AM
 AVERAGE    72

..........................................................


THE MILWAUKEE WI CLIMATE NORMALS FOR TODAY
                         NORMAL    RECORD    YEAR
 MAXIMUM TEMPERATURE (F)   62        84      1938
 MINIMUM TEMPERATURE (F)   45        26      1964


SUNRISE AND SUNSET
OCTOBER 10 2017.......SUNRISE   659 AM CDT   SUNSET   617 PM CDT
OCTOBER 11 2017.......SUNRISE   701 AM CDT   SUNSET   615 PM CDT


-  INDICATES NEGATIVE NUMBERS.
R  INDICATES RECORD WAS SET OR TIED.
MM INDICATES DATA IS MISSING.
T  INDICATES TRACE AMOUNT.




$$
