000
CDUS43 KMKX 252229
CLIMKE


CLIMATE REPORT
NATIONAL WEATHER SERVICE IN MILWAUKEE
428 PM CST SAT NOV 25 2017


...................................

...THE MILWAUKEE WI CLIMATE SUMMARY FOR NOVEMBER 25 2017...
VALID TODAY AS OF 0400 PM LOCAL TIME.

CLIMATE NORMAL PERIOD 1981 TO 2010
CLIMATE RECORD PERIOD 1871 TO 2017


WEATHER ITEM   OBSERVED TIME   RECORD YEAR NORMAL DEPARTURE LAST
                VALUE   (LST)  VALUE       VALUE  FROM      YEAR
                                                  NORMAL
..................................................................
TEMPERATURE (F)
 TODAY
  MAXIMUM         53   1205 AM  63    1908  41     12       41
  MINIMUM         42    743 AM   0    1950  28     14       36
  AVERAGE         48                        34     14       39

PRECIPITATION (IN)
  TODAY            0.00          0.68 1952   0.09  -0.09      T
  MONTH TO DATE    1.37                      2.28  -0.91     0.71
  SINCE SEP 1      6.31                      8.11  -1.80     8.57
  SINCE JAN 1     33.63                     32.29   1.34    26.23

SNOWFALL (IN)
  TODAY            0.0           9.8  1977   0.1   -0.1       T
  MONTH TO DATE    0.2                       1.5   -1.3       T
  SINCE SEP 1      0.2                       1.8   -1.6       T
  SINCE JUL 1      0.2                       1.8   -1.6       T
  SNOW DEPTH       0

DEGREE DAYS
 HEATING
  TODAY           17                        31    -14       26
  MONTH TO DATE  660                       621     39      414
  SINCE SEP 1    986                      1180   -194      714
  SINCE JUL 1    995                      1206   -211      716

 COOLING
  TODAY            0                         0      0        0
  MONTH TO DATE    0                         0      0        3
  SINCE SEP 1    162                        76     86      155
  SINCE JAN 1    772                       641    131      991
..................................................................


WIND (MPH)
  HIGHEST WIND SPEED    26   HIGHEST WIND DIRECTION    NW (310)
  HIGHEST GUST SPEED    36   HIGHEST GUST DIRECTION    NW (310)
  AVERAGE WIND SPEED    14.6


SKY COVER
  POSSIBLE SUNSHINE  MM
  AVERAGE SKY COVER 0.3


WEATHER CONDITIONS
 THE FOLLOWING WEATHER WAS RECORDED TODAY.
  NO SIGNIFICANT WEATHER WAS OBSERVED.


RELATIVE HUMIDITY (PERCENT)
 HIGHEST    77          1200 AM
 LOWEST     42           200 PM
 AVERAGE    60

..........................................................


THE MILWAUKEE WI CLIMATE NORMALS FOR TOMORROW
                         NORMAL    RECORD    YEAR
 MAXIMUM TEMPERATURE (F)   41        67      1990
 MINIMUM TEMPERATURE (F)   27         3      1977


SUNRISE AND SUNSET
NOVEMBER 25 2017......SUNRISE   656 AM CST   SUNSET   421 PM CST
NOVEMBER 26 2017......SUNRISE   658 AM CST   SUNSET   420 PM CST


-  INDICATES NEGATIVE NUMBERS.
R  INDICATES RECORD WAS SET OR TIED.
MM INDICATES DATA IS MISSING.
T  INDICATES TRACE AMOUNT.




$$
