000
CDUS43 KMKX 110706
CLIMKE


CLIMATE REPORT
NATIONAL WEATHER SERVICE IN MILWAUKEE
205 AM CDT FRI APR 11 2014


...................................

...THE MILWAUKEE WI CLIMATE SUMMARY FOR APRIL 10 2014...

CLIMATE NORMAL PERIOD 1981 TO 2010
CLIMATE RECORD PERIOD 1871 TO 2014


WEATHER ITEM   OBSERVED TIME   RECORD YEAR NORMAL DEPARTURE LAST
                VALUE   (LST)  VALUE       VALUE  FROM      YEAR
                                                  NORMAL
..................................................................
TEMPERATURE (F)
 YESTERDAY
  MAXIMUM         65   1215 PM  90    1930  52     13       38
  MINIMUM         45   1159 PM  19    1989  36      9       34
  AVERAGE         55                        44     11       36

PRECIPITATION (IN)
  YESTERDAY        0.00          1.66 2008   0.13  -0.13     0.79
  MONTH TO DATE    0.33                      1.17  -0.84     3.21
  SINCE MAR 1      1.45                      3.44  -1.99     4.84
  SINCE JAN 1      4.19                      6.85  -2.66    11.04

SNOWFALL (IN)
  YESTERDAY        0.0           3.0  1894   0.1   -0.1      0.0
  MONTH TO DATE    T                         1.1   -1.1      0.0
  SINCE MAR 1      6.3                       8.1   -1.8      7.4
  SINCE JUL 1     63.1                      45.9   17.2     44.6
  SNOW DEPTH       0

DEGREE DAYS
 HEATING
  YESTERDAY       10                        22    -12       29
  MONTH TO DATE  224                       232     -8      263
  SINCE MAR 1   1334                      1161    173     1338
  SINCE JUL 1   6990                      6141    849     6063

 COOLING
  YESTERDAY        0                         0      0        0
  MONTH TO DATE    0                         0      0        0
  SINCE MAR 1      0                         0      0        0
  SINCE JAN 1      0                         0      0        0
..................................................................


WIND (MPH)
  HIGHEST WIND SPEED    25   HIGHEST WIND DIRECTION    SW (220)
  HIGHEST GUST SPEED    34   HIGHEST GUST DIRECTION    SW (220)
  AVERAGE WIND SPEED    12.8


SKY COVER
  POSSIBLE SUNSHINE  MM
  AVERAGE SKY COVER 0.5


WEATHER CONDITIONS
 THE FOLLOWING WEATHER WAS RECORDED YESTERDAY.
  NO SIGNIFICANT WEATHER WAS OBSERVED.


RELATIVE HUMIDITY (PERCENT)
 HIGHEST    50           600 AM
 LOWEST     16           700 PM
 AVERAGE    33

..........................................................


THE MILWAUKEE WI CLIMATE NORMALS FOR TODAY
                         NORMAL    RECORD    YEAR
 MAXIMUM TEMPERATURE (F)   52        83      1977
 MINIMUM TEMPERATURE (F)   36        17      1973


SUNRISE AND SUNSET
APRIL 11 2014.........SUNRISE   617 AM CDT   SUNSET   729 PM CDT
APRIL 12 2014.........SUNRISE   615 AM CDT   SUNSET   731 PM CDT


-  INDICATES NEGATIVE NUMBERS.
R  INDICATES RECORD WAS SET OR TIED.
MM INDICATES DATA IS MISSING.
T  INDICATES TRACE AMOUNT.




$$
