000
CDUS43 KMKX 180651
CLIMKE


CLIMATE REPORT
NATIONAL WEATHER SERVICE IN MILWAUKEE
150 AM CDT THU AUG 18 2016


...................................

...THE MILWAUKEE WI CLIMATE SUMMARY FOR AUGUST 17 2016...

CLIMATE NORMAL PERIOD 1981 TO 2010
CLIMATE RECORD PERIOD 1871 TO 2016


WEATHER ITEM   OBSERVED TIME   RECORD YEAR NORMAL DEPARTURE LAST
                VALUE   (LST)  VALUE       VALUE  FROM      YEAR
                                                  NORMAL
..................................................................
TEMPERATURE (F)
 YESTERDAY
  MAXIMUM         88    321 PM 100    1988  79      9       90
  MINIMUM         68    610 AM  49    1879  63      5       69
  AVERAGE         78                        71      7       80

PRECIPITATION (IN)
  YESTERDAY        0.05          2.37 1983   0.14  -0.09     0.26
  MONTH TO DATE    0.39                      2.27  -1.88     1.92
  SINCE JUN 1      5.64                      9.84  -4.20     6.01
  SINCE JAN 1     14.46                     22.48  -8.02    16.21

SNOWFALL (IN)
  YESTERDAY        0.0           0.0    MM   0.0    0.0      0.0
  MONTH TO DATE    0.0                       0.0    0.0      0.0
  SINCE JUN 1      0.0                       0.0    0.0      0.0
  SINCE JUL 1      0.0                       0.0    0.0      0.0
  SNOW DEPTH       0

DEGREE DAYS
 HEATING
  YESTERDAY        0                         0      0        0
  MONTH TO DATE    0                         0      0        0
  SINCE JUN 1     31                        95    -64      130
  SINCE JUL 1      2                        11     -9       28

 COOLING
  YESTERDAY       13                         6      7       15
  MONTH TO DATE  213                       116     97      148
  SINCE JUN 1    670                       458    212      429
  SINCE JAN 1    715                       488    227      455
..................................................................


WIND (MPH)
  HIGHEST WIND SPEED    20   HIGHEST WIND DIRECTION    NW (310)
  HIGHEST GUST SPEED    28   HIGHEST GUST DIRECTION    NW (330)
  AVERAGE WIND SPEED     7.7


SKY COVER
  POSSIBLE SUNSHINE  MM
  AVERAGE SKY COVER 0.5


WEATHER CONDITIONS
 THE FOLLOWING WEATHER WAS RECORDED YESTERDAY.
  RAIN
  LIGHT RAIN


RELATIVE HUMIDITY (PERCENT)
 HIGHEST    87          1100 PM
 LOWEST     40           300 PM
 AVERAGE    64

..........................................................


THE MILWAUKEE WI CLIMATE NORMALS FOR TODAY
                         NORMAL    RECORD    YEAR
 MAXIMUM TEMPERATURE (F)   79        97      1947
 MINIMUM TEMPERATURE (F)   63        44      1963
                                             1962


SUNRISE AND SUNSET
AUGUST 18 2016........SUNRISE   601 AM CDT   SUNSET   748 PM CDT
AUGUST 19 2016........SUNRISE   602 AM CDT   SUNSET   747 PM CDT


-  INDICATES NEGATIVE NUMBERS.
R  INDICATES RECORD WAS SET OR TIED.
MM INDICATES DATA IS MISSING.
T  INDICATES TRACE AMOUNT.




$$
