000
CDUS43 KMKX 120709
CLIMKE


CLIMATE REPORT
NATIONAL WEATHER SERVICE IN MILWAUKEE
207 AM CDT SAT APR 12 2014


...................................

...THE MILWAUKEE WI CLIMATE SUMMARY FOR APRIL 11 2014...

CLIMATE NORMAL PERIOD 1981 TO 2010
CLIMATE RECORD PERIOD 1871 TO 2014


WEATHER ITEM   OBSERVED TIME   RECORD YEAR NORMAL DEPARTURE LAST
                VALUE   (LST)  VALUE       VALUE  FROM      YEAR
                                                  NORMAL
..................................................................
TEMPERATURE (F)
 YESTERDAY
  MAXIMUM         67   1256 PM  83    1977  52     15       38
  MINIMUM         34    445 AM  17    1973  36     -2       35
  AVERAGE         51                        44      7       37

PRECIPITATION (IN)
  YESTERDAY        T             1.70 1871   0.13  -0.13     0.68
  MONTH TO DATE    0.33                      1.30  -0.97     3.89
  SINCE MAR 1      1.45                      3.57  -2.12     5.52
  SINCE JAN 1      4.19                      6.98  -2.79    11.72

SNOWFALL (IN)
  YESTERDAY        0.0           7.0  2007   0.1   -0.1      0.0
  MONTH TO DATE    T                         1.2   -1.2      0.0
  SINCE MAR 1      6.3                       8.2   -1.9      7.4
  SINCE JUL 1     63.1                      46.0   17.1     44.6
  SNOW DEPTH       0

DEGREE DAYS
 HEATING
  YESTERDAY       14                        21     -7       28
  MONTH TO DATE  238                       253    -15      291
  SINCE MAR 1   1348                      1182    166     1366
  SINCE JUL 1   7004                      6162    842     6091

 COOLING
  YESTERDAY        0                         0      0        0
  MONTH TO DATE    0                         0      0        0
  SINCE MAR 1      0                         0      0        0
  SINCE JAN 1      0                         0      0        0
..................................................................


WIND (MPH)
  HIGHEST WIND SPEED    22   HIGHEST WIND DIRECTION    SW (240)
  HIGHEST GUST SPEED    29   HIGHEST GUST DIRECTION     W (290)
  AVERAGE WIND SPEED     7.5


SKY COVER
  POSSIBLE SUNSHINE  MM
  AVERAGE SKY COVER 0.5


WEATHER CONDITIONS
 THE FOLLOWING WEATHER WAS RECORDED YESTERDAY.
  NO SIGNIFICANT WEATHER WAS OBSERVED.


RELATIVE HUMIDITY (PERCENT)
 HIGHEST    62          1000 PM
 LOWEST     16           100 PM
 AVERAGE    39

..........................................................


THE MILWAUKEE WI CLIMATE NORMALS FOR TODAY
                         NORMAL    RECORD    YEAR
 MAXIMUM TEMPERATURE (F)   53        82      1977
                                             1941
 MINIMUM TEMPERATURE (F)   36        19      1939


SUNRISE AND SUNSET
APRIL 12 2014.........SUNRISE   615 AM CDT   SUNSET   731 PM CDT
APRIL 13 2014.........SUNRISE   613 AM CDT   SUNSET   732 PM CDT


-  INDICATES NEGATIVE NUMBERS.
R  INDICATES RECORD WAS SET OR TIED.
MM INDICATES DATA IS MISSING.
T  INDICATES TRACE AMOUNT.




$$
