000
CDUS43 KMKX 112320
CLIMKE


CLIMATE REPORT
NATIONAL WEATHER SERVICE IN MILWAUKEE
517 PM CST SAT MAR 11 2017


...................................

...THE MILWAUKEE WI CLIMATE SUMMARY FOR MARCH 11 2017...
VALID TODAY AS OF 0500 PM LOCAL TIME.

CLIMATE NORMAL PERIOD 1981 TO 2010
CLIMATE RECORD PERIOD 1871 TO 2017


WEATHER ITEM   OBSERVED TIME   RECORD YEAR NORMAL DEPARTURE LAST
                VALUE   (LST)  VALUE       VALUE  FROM      YEAR
                                                  NORMAL
..................................................................
TEMPERATURE (F)
 TODAY
  MAXIMUM         29    200 PM  66    2012  41    -12       44
                                      1973
  MINIMUM         14    652 AM   2    1948  26    -12       30
  AVERAGE         22                        33    -11       37

PRECIPITATION (IN)
  TODAY            0.00          1.01 1898   0.07  -0.07     0.00
  MONTH TO DATE    0.48                      0.71  -0.23     0.34
  SINCE MAR 1      0.48                      0.71  -0.23     0.34
  SINCE JAN 1      4.49                      4.12   0.37     1.65

SNOWFALL (IN)
  TODAY            0.0           4.5  1896   0.3   -0.3      0.0
  MONTH TO DATE    2.3                       3.4   -1.1      4.2
  SINCE MAR 1      2.3                       3.4   -1.1      4.2
  SINCE JUL 1     26.3                      41.2  -14.9     33.3
  SNOW DEPTH       0

DEGREE DAYS
 HEATING
  TODAY           43                        32     11       28
  MONTH TO DATE  316                       367    -51      296
  SINCE MAR 1    316                       367    -51      296
  SINCE JUL 1   4315                      5347  -1032     4515

 COOLING
  TODAY            0                         0      0        0
  MONTH TO DATE    0                         0      0        0
  SINCE MAR 1      0                         0      0        0
  SINCE JAN 1      0                         0      0        0
..................................................................


WIND (MPH)
  HIGHEST WIND SPEED    17   HIGHEST WIND DIRECTION     N (340)
  HIGHEST GUST SPEED    27   HIGHEST GUST DIRECTION     N (340)
  AVERAGE WIND SPEED    10.4


SKY COVER
  POSSIBLE SUNSHINE  MM
  AVERAGE SKY COVER 0.4


WEATHER CONDITIONS
 THE FOLLOWING WEATHER WAS RECORDED TODAY.
  NO SIGNIFICANT WEATHER WAS OBSERVED.


RELATIVE HUMIDITY (PERCENT)
 HIGHEST    40           700 AM
 LOWEST     21           100 PM
 AVERAGE    31

..........................................................


THE MILWAUKEE WI CLIMATE NORMALS FOR TOMORROW
                         NORMAL    RECORD    YEAR
 MAXIMUM TEMPERATURE (F)   41        76      1990
 MINIMUM TEMPERATURE (F)   27        -3      1948


SUNRISE AND SUNSET
MARCH 11 2017.........SUNRISE   610 AM CST   SUNSET   554 PM CST
MARCH 12 2017.........SUNRISE   708 AM CDT   SUNSET   655 PM CDT


-  INDICATES NEGATIVE NUMBERS.
R  INDICATES RECORD WAS SET OR TIED.
MM INDICATES DATA IS MISSING.
T  INDICATES TRACE AMOUNT.




$$

HAHN
