000
CDUS43 KMKX 142144
CLIMKE


CLIMATE REPORT
NATIONAL WEATHER SERVICE IN MILWAUKEE
443 PM CDT SUN SEP 14 2014


...................................

...THE MILWAUKEE WI CLIMATE SUMMARY FOR SEPTEMBER 14 2014...
VALID TODAY AS OF 0400 PM LOCAL TIME.

CLIMATE NORMAL PERIOD 1981 TO 2010
CLIMATE RECORD PERIOD 1871 TO 2014


WEATHER ITEM   OBSERVED TIME   RECORD YEAR NORMAL DEPARTURE LAST
                VALUE   (LST)  VALUE       VALUE  FROM      YEAR
                                                  NORMAL
..................................................................
TEMPERATURE (F)
 TODAY
  MAXIMUM         64    259 PM  98    1939  72     -8       70
  MINIMUM         46    527 AM  38    1923  56    -10       46
  AVERAGE         55                        64     -9       58

PRECIPITATION (IN)
  TODAY            0.00          2.31 1914   0.11  -0.11     0.00
  MONTH TO DATE    0.81                      1.46  -0.65     0.51
  SINCE SEP 1      0.81                      1.46  -0.65     0.51
  SINCE JAN 1     26.10                     25.64   0.46    30.64

SNOWFALL (IN)
  TODAY            0.0           0.0    MM   0.0    0.0      0.0
  MONTH TO DATE    0.0                       0.0    0.0      0.0
  SINCE SEP 1      0.0                       0.0    0.0      0.0
  SINCE JUL 1      0.0                       0.0    0.0      0.0
  SNOW DEPTH       0

DEGREE DAYS
 HEATING
  TODAY           10                         3      7        7
  MONTH TO DATE   61                        29     32       18
  SINCE SEP 1     61                        29     32       18
  SINCE JUL 1     87                        55     32       40

 COOLING
  TODAY            0                         2     -2        0
  MONTH TO DATE   52                        48      4       81
  SINCE SEP 1     52                        48      4       81
  SINCE JAN 1    453                       613   -160      658
..................................................................


WIND (MPH)
  HIGHEST WIND SPEED    21   HIGHEST WIND DIRECTION    SW (210)
  HIGHEST GUST SPEED    25   HIGHEST GUST DIRECTION    SW (210)
  AVERAGE WIND SPEED     8.4


SKY COVER
  POSSIBLE SUNSHINE  MM
  AVERAGE SKY COVER 0.7


WEATHER CONDITIONS
 THE FOLLOWING WEATHER WAS RECORDED TODAY.
  NO SIGNIFICANT WEATHER WAS OBSERVED.


RELATIVE HUMIDITY (PERCENT)
 HIGHEST    86           500 AM
 LOWEST     46           100 PM
 AVERAGE    66

..........................................................


THE MILWAUKEE WI CLIMATE NORMALS FOR TOMORROW
                         NORMAL    RECORD    YEAR
 MAXIMUM TEMPERATURE (F)   72        99      1939
 MINIMUM TEMPERATURE (F)   55        40      2011
                                             2007


SUNRISE AND SUNSET
SEPTEMBER 14 2014.....SUNRISE   630 AM CDT   SUNSET   703 PM CDT
SEPTEMBER 15 2014.....SUNRISE   631 AM CDT   SUNSET   702 PM CDT


-  INDICATES NEGATIVE NUMBERS.
R  INDICATES RECORD WAS SET OR TIED.
MM INDICATES DATA IS MISSING.
T  INDICATES TRACE AMOUNT.




$$
