000
CDUS43 KMKX 160649
CLIMKE


CLIMATE REPORT
NATIONAL WEATHER SERVICE IN MILWAUKEE
147 AM CDT WED APR 16 2014


...................................

...THE MILWAUKEE WI CLIMATE SUMMARY FOR APRIL 15 2014...

CLIMATE NORMAL PERIOD 1981 TO 2010
CLIMATE RECORD PERIOD 1871 TO 2014


WEATHER ITEM   OBSERVED TIME   RECORD YEAR NORMAL DEPARTURE LAST
                VALUE   (LST)  VALUE       VALUE  FROM      YEAR
                                                  NORMAL
..................................................................
TEMPERATURE (F)
 YESTERDAY
  MAXIMUM         35    159 PM  88    2002  54    -19       62
  MINIMUM         23    540 AM  20    1935  37    -14       42
                                      1928
  AVERAGE         29                        45    -16       52

PRECIPITATION (IN)
  YESTERDAY        0.00          1.49 2011   0.13  -0.13     0.27
  MONTH TO DATE    2.54                      1.81   0.73     4.27
  SINCE MAR 1      3.66                      4.08  -0.42     5.90
  SINCE JAN 1      6.40                      7.49  -1.09    12.10

SNOWFALL (IN)
  YESTERDAY        0.0           3.4  1923   0.0    0.0      0.0
  MONTH TO DATE    0.3                       1.4   -1.1      0.2
  SINCE MAR 1      6.6                       8.4   -1.8      7.6
  SINCE JUL 1     63.4                      46.2   17.2     44.8
  SNOW DEPTH       T

DEGREE DAYS
 HEATING
  YESTERDAY       36                        20     16       13
  MONTH TO DATE  346                       334     12      384
  SINCE MAR 1   1456                      1263    193     1459
  SINCE JUL 1   7112                      6243    869     6184

 COOLING
  YESTERDAY        0                         0      0        0
  MONTH TO DATE    0                         0      0        0
  SINCE MAR 1      0                         0      0        0
  SINCE JAN 1      0                         0      0        0
..................................................................


WIND (MPH)
  HIGHEST WIND SPEED    18   HIGHEST WIND DIRECTION    NW (300)
  HIGHEST GUST SPEED    23   HIGHEST GUST DIRECTION    NW (310)
  AVERAGE WIND SPEED     8.1


SKY COVER
  POSSIBLE SUNSHINE  MM
  AVERAGE SKY COVER 0.5


WEATHER CONDITIONS
 THE FOLLOWING WEATHER WAS RECORDED YESTERDAY.
  NO SIGNIFICANT WEATHER WAS OBSERVED.


RELATIVE HUMIDITY (PERCENT)
 HIGHEST    75           100 AM
 LOWEST     38          1200 PM
 AVERAGE    57

..........................................................


THE MILWAUKEE WI CLIMATE NORMALS FOR TODAY
                         NORMAL    RECORD    YEAR
 MAXIMUM TEMPERATURE (F)   54        86      2002
 MINIMUM TEMPERATURE (F)   38        12      1875


SUNRISE AND SUNSET
APRIL 16 2014.........SUNRISE   608 AM CDT   SUNSET   735 PM CDT
APRIL 17 2014.........SUNRISE   607 AM CDT   SUNSET   736 PM CDT


-  INDICATES NEGATIVE NUMBERS.
R  INDICATES RECORD WAS SET OR TIED.
MM INDICATES DATA IS MISSING.
T  INDICATES TRACE AMOUNT.




$$
