000
CDUS43 KMKX 230049
CLIMKE


CLIMATE REPORT
NATIONAL WEATHER SERVICE IN MILWAUKEE
646 PM CST THU JAN 22 2015


...................................

...THE MILWAUKEE WI CLIMATE SUMMARY FOR JANUARY 22 2015...
VALID TODAY AS OF 0600 PM LOCAL TIME.

CLIMATE NORMAL PERIOD 1981 TO 2010
CLIMATE RECORD PERIOD 1871 TO 2015


WEATHER ITEM   OBSERVED TIME   RECORD YEAR NORMAL DEPARTURE LAST
                VALUE   (LST)  VALUE       VALUE  FROM      YEAR
                                                  NORMAL
..................................................................
TEMPERATURE (F)
 TODAY
  MAXIMUM         34    334 PM  53    1964  29      5       14
  MINIMUM         27    149 AM -22    1885  15     12        0
                                      1883
  AVERAGE         31                        22      9        7

PRECIPITATION (IN)
  TODAY            0.00          1.13 1887   0.05  -0.05     0.02
  MONTH TO DATE    0.72                      1.28  -0.56     0.89
  SINCE DEC 1      1.75                      3.32  -1.57     2.68
  SINCE JAN 1      0.72                      1.28  -0.56     0.89

SNOWFALL (IN)
  TODAY            0.0           9.0  2005   0.5   -0.5      0.9
  MONTH TO DATE   11.1                      10.7    0.4     13.5
  SINCE DEC 1     11.6                      21.3   -9.7     32.8
  SINCE JUL 1     16.4                      24.0   -7.6     34.8
  SNOW DEPTH       T

DEGREE DAYS
 HEATING
  TODAY           34                        43     -9       58
  MONTH TO DATE  979                       941     38     1080
  SINCE DEC 1   2015                      2136   -121     2438
  SINCE JUL 1   3586                      3501     85     3813

 COOLING
  TODAY            0                         0      0        0
  MONTH TO DATE    0                         0      0        0
  SINCE DEC 1      0                         0      0        0
  SINCE JAN 1      0                         0      0        0
..................................................................


WIND (MPH)
  HIGHEST WIND SPEED    10   HIGHEST WIND DIRECTION    SW (230)
  HIGHEST GUST SPEED    14   HIGHEST GUST DIRECTION     W (290)
  AVERAGE WIND SPEED     6.4


SKY COVER
  POSSIBLE SUNSHINE  MM
  AVERAGE SKY COVER 0.7


WEATHER CONDITIONS
 THE FOLLOWING WEATHER WAS RECORDED TODAY.
  HAZE


RELATIVE HUMIDITY (PERCENT)
 HIGHEST    75           100 AM
 LOWEST     56           200 PM
 AVERAGE    66

..........................................................


THE MILWAUKEE WI CLIMATE NORMALS FOR TOMORROW
                         NORMAL    RECORD    YEAR
 MAXIMUM TEMPERATURE (F)   29        52      1909
 MINIMUM TEMPERATURE (F)   15       -23      1883


SUNRISE AND SUNSET
JANUARY 22 2015.......SUNRISE   716 AM CST   SUNSET   451 PM CST
JANUARY 23 2015.......SUNRISE   715 AM CST   SUNSET   452 PM CST


-  INDICATES NEGATIVE NUMBERS.
R  INDICATES RECORD WAS SET OR TIED.
MM INDICATES DATA IS MISSING.
T  INDICATES TRACE AMOUNT.




$$

HAHN
