000
CDUS43 KMKX 140643
CLIMKE


CLIMATE REPORT
NATIONAL WEATHER SERVICE IN MILWAUKEE
142 AM CDT FRI JUL 14 2017


...................................

...THE MILWAUKEE WI CLIMATE SUMMARY FOR JULY 13 2017...

CLIMATE NORMAL PERIOD 1981 TO 2010
CLIMATE RECORD PERIOD 1871 TO 2017


WEATHER ITEM   OBSERVED TIME   RECORD YEAR NORMAL DEPARTURE LAST
                VALUE   (LST)  VALUE       VALUE  FROM      YEAR
                                                  NORMAL
..................................................................
TEMPERATURE (F)
 YESTERDAY
  MAXIMUM         81    857 AM 103    1995  80      1       90
  MINIMUM         67   1148 PM  52    1967  64      3       71
                                      1888
                                      1883
  AVERAGE         74                        72      2       81

PRECIPITATION (IN)
  YESTERDAY        0.00          2.19 1912   0.12  -0.12      T
  MONTH TO DATE    2.70                      1.61   1.09     0.15
  SINCE JUN 1      7.91                      5.51   2.40     3.64
  SINCE JAN 1     24.70                     18.15   6.55    12.46

SNOWFALL (IN)
  YESTERDAY        0.0           0.0    MM   0.0    0.0      0.0
  MONTH TO DATE    0.0                       0.0    0.0      0.0
  SINCE JUN 1      0.0                       0.0    0.0      0.0
  SINCE JUL 1      0.0                       0.0    0.0      0.0
  SNOW DEPTH       0

DEGREE DAYS
 HEATING
  YESTERDAY        0                         0      0        0
  MONTH TO DATE    0                         4     -4        2
  SINCE JUN 1     14                        88    -74       31
  SINCE JUL 1      0                         4     -4        2

 COOLING
  YESTERDAY        9                         7      2       16
  MONTH TO DATE  107                        90     17      104
  SINCE JUN 1    289                       210     79      255
  SINCE JAN 1    310                       240     70      300
..................................................................


WIND (MPH)
  HIGHEST WIND SPEED    13   HIGHEST WIND DIRECTION     E (90)
  HIGHEST GUST SPEED    17   HIGHEST GUST DIRECTION     W (290)
  AVERAGE WIND SPEED     6.9


SKY COVER
  POSSIBLE SUNSHINE  MM
  AVERAGE SKY COVER 0.7


WEATHER CONDITIONS
 THE FOLLOWING WEATHER WAS RECORDED YESTERDAY.
  FOG


RELATIVE HUMIDITY (PERCENT)
 HIGHEST   100          1100 PM
 LOWEST     74           800 AM
 AVERAGE    87

..........................................................


THE MILWAUKEE WI CLIMATE NORMALS FOR TODAY
                         NORMAL    RECORD    YEAR
 MAXIMUM TEMPERATURE (F)   80       102      1995
 MINIMUM TEMPERATURE (F)   64        48      1950


SUNRISE AND SUNSET
JULY 14 2017..........SUNRISE   526 AM CDT   SUNSET   829 PM CDT
JULY 15 2017..........SUNRISE   526 AM CDT   SUNSET   828 PM CDT


-  INDICATES NEGATIVE NUMBERS.
R  INDICATES RECORD WAS SET OR TIED.
MM INDICATES DATA IS MISSING.
T  INDICATES TRACE AMOUNT.




$$
