000
CDUS43 KMKX 132153
CLIMKE


CLIMATE REPORT
NATIONAL WEATHER SERVICE IN MILWAUKEE
348 PM CST MON FEB 13 2017


...................................

...THE MILWAUKEE WI CLIMATE SUMMARY FOR FEBRUARY 13 2017...
VALID TODAY AS OF 0300 PM LOCAL TIME.

CLIMATE NORMAL PERIOD 1981 TO 2010
CLIMATE RECORD PERIOD 1871 TO 2017


WEATHER ITEM   OBSERVED TIME   RECORD YEAR NORMAL DEPARTURE LAST
                VALUE   (LST)  VALUE       VALUE  FROM      YEAR
                                                  NORMAL
..................................................................
TEMPERATURE (F)
 TODAY
  MAXIMUM         46    259 PM  58    1882  32     14       13
  MINIMUM         29    701 AM -18    1905  19     10        0
                                      1885
  AVERAGE         38                        25     13        7

PRECIPITATION (IN)
  TODAY            0.00          0.65 1906   0.06  -0.06     0.00
  MONTH TO DATE    0.18                      0.71  -0.53     0.51
  SINCE DEC 1      4.27                      4.51  -0.24     5.02
  SINCE JAN 1      2.34                      2.47  -0.13     1.20

SNOWFALL (IN)
  TODAY            0.0           6.5  2007   0.3   -0.3      0.0
  MONTH TO DATE    0.4                       4.7   -4.3      4.8
  SINCE DEC 1     23.3                      30.0   -6.7     19.3
  SINCE JUL 1     23.3                      32.7   -9.4     26.2
  SNOW DEPTH       0

DEGREE DAYS
 HEATING
  TODAY           27                        40    -13       58
  MONTH TO DATE  478                       533    -55      532
  SINCE DEC 1   2828                      3053   -225     2669
  SINCE JUL 1   3658                      4418   -760     3708

 COOLING
  TODAY            0                         0      0        0
  MONTH TO DATE    0                         0      0        0
  SINCE DEC 1      0                         0      0        0
  SINCE JAN 1      0                         0      0        0
..................................................................


WIND (MPH)
  HIGHEST WIND SPEED    20   HIGHEST WIND DIRECTION    SW (230)
  HIGHEST GUST SPEED    26   HIGHEST GUST DIRECTION    SW (220)
  AVERAGE WIND SPEED     8.9


SKY COVER
  POSSIBLE SUNSHINE  MM
  AVERAGE SKY COVER 0.1


WEATHER CONDITIONS
 THE FOLLOWING WEATHER WAS RECORDED TODAY.
  NO SIGNIFICANT WEATHER WAS OBSERVED.


RELATIVE HUMIDITY (PERCENT)
 HIGHEST    63           800 AM
 LOWEST     33          1200 PM
 AVERAGE    48

..........................................................


THE MILWAUKEE WI CLIMATE NORMALS FOR TOMORROW
                         NORMAL    RECORD    YEAR
 MAXIMUM TEMPERATURE (F)   32        55      1954
 MINIMUM TEMPERATURE (F)   19       -12      1875


SUNRISE AND SUNSET
FEBRUARY 13 2017......SUNRISE   651 AM CST   SUNSET   521 PM CST
FEBRUARY 14 2017......SUNRISE   650 AM CST   SUNSET   522 PM CST


-  INDICATES NEGATIVE NUMBERS.
R  INDICATES RECORD WAS SET OR TIED.
MM INDICATES DATA IS MISSING.
T  INDICATES TRACE AMOUNT.




$$
