000
CDUS43 KMKX 280649
CLIMKE


CLIMATE REPORT
NATIONAL WEATHER SERVICE IN MILWAUKEE
149 AM CDT SUN JUN 28 2015


...................................

...THE MILWAUKEE WI CLIMATE SUMMARY FOR JUNE 27 2015...

CLIMATE NORMAL PERIOD 1981 TO 2010
CLIMATE RECORD PERIOD 1871 TO 2015


WEATHER ITEM   OBSERVED TIME   RECORD YEAR NORMAL DEPARTURE LAST
                VALUE   (LST)  VALUE       VALUE  FROM      YEAR
                                                  NORMAL
..................................................................
TEMPERATURE (F)
 YESTERDAY
  MAXIMUM         73   1244 PM 101    1933  79     -6       75
  MINIMUM         56   1156 PM  47    1981  61     -5       53
  AVERAGE         65                        70     -5       64

PRECIPITATION (IN)
  YESTERDAY        0.00          2.30 1986   0.13  -0.13     0.00
  MONTH TO DATE    2.49                      3.50  -1.01     5.34
  SINCE JUN 1      2.49                      3.50  -1.01     5.34
  SINCE JAN 1     12.69                     16.14  -3.45    16.29

SNOWFALL (IN)
  YESTERDAY        0.0           0.0    MM   0.0    0.0      0.0
  MONTH TO DATE    0.0                       0.0    0.0      0.0
  SINCE JUN 1      0.0                       0.0    0.0      0.0
  SINCE JUL 1     43.0                      46.9   -3.9     63.4
  SNOW DEPTH       0

DEGREE DAYS
 HEATING
  YESTERDAY        0                         1     -1        1
  MONTH TO DATE   99                        81     18       74
  SINCE JUN 1     99                        81     18       74
  SINCE JUL 1   7194                      6891    303     7742

 COOLING
  YESTERDAY        0                         6     -6        0
  MONTH TO DATE   71                       101    -30       58
  SINCE JUN 1     71                       101    -30       58
  SINCE JAN 1     97                       131    -34       76
..................................................................


WIND (MPH)
  HIGHEST WIND SPEED    17   HIGHEST WIND DIRECTION    NE (30)
  HIGHEST GUST SPEED    25   HIGHEST GUST DIRECTION     N (10)
  AVERAGE WIND SPEED     8.9


SKY COVER
  POSSIBLE SUNSHINE  MM
  AVERAGE SKY COVER 0.4


WEATHER CONDITIONS
 THE FOLLOWING WEATHER WAS RECORDED YESTERDAY.
  NO SIGNIFICANT WEATHER WAS OBSERVED.


RELATIVE HUMIDITY (PERCENT)
 HIGHEST    75          1200 AM
 LOWEST     45           600 PM
 AVERAGE    60

..........................................................


THE MILWAUKEE WI CLIMATE NORMALS FOR TODAY
                         NORMAL    RECORD    YEAR
 MAXIMUM TEMPERATURE (F)   79        99      1931
 MINIMUM TEMPERATURE (F)   61        49      1925
                                             1875


SUNRISE AND SUNSET
JUNE 28 2015..........SUNRISE   515 AM CDT   SUNSET   835 PM CDT
JUNE 29 2015..........SUNRISE   515 AM CDT   SUNSET   835 PM CDT


-  INDICATES NEGATIVE NUMBERS.
R  INDICATES RECORD WAS SET OR TIED.
MM INDICATES DATA IS MISSING.
T  INDICATES TRACE AMOUNT.




$$
