000
CDUS43 KMKX 080648
CLIMKE


CLIMATE REPORT
NATIONAL WEATHER SERVICE IN MILWAUKEE
147 AM CDT TUE JUL 8 2014


...................................

...THE MILWAUKEE WI CLIMATE SUMMARY FOR JULY 7 2014...

CLIMATE NORMAL PERIOD 1981 TO 2010
CLIMATE RECORD PERIOD 1871 TO 2014


WEATHER ITEM   OBSERVED TIME   RECORD YEAR NORMAL DEPARTURE LAST
                VALUE   (LST)  VALUE       VALUE  FROM      YEAR
                                                  NORMAL
..................................................................
TEMPERATURE (F)
 YESTERDAY
  MAXIMUM         86    254 PM  98    1980  80      6       90
                                      1936
  MINIMUM         73    532 AM  48    1960  63     10       71
  AVERAGE         80                        72      8       81

PRECIPITATION (IN)
  YESTERDAY        T             1.78 1991   0.13  -0.13      T
  MONTH TO DATE    0.13                      0.87  -0.74     0.34
  SINCE JUN 1      6.47                      4.77   1.70     6.14
  SINCE JAN 1     17.42                     17.41   0.01    25.65

SNOWFALL (IN)
  YESTERDAY        0.0           0.0    MM   0.0    0.0      0.0
  MONTH TO DATE    0.0                       0.0    0.0      0.0
  SINCE JUN 1      0.0                       0.0    0.0      0.0
  SINCE JUL 1      0.0                       0.0    0.0      0.0
  SNOW DEPTH       0

DEGREE DAYS
 HEATING
  YESTERDAY        0                         0      0        0
  MONTH TO DATE    6                         4      2        3
  SINCE JUN 1     80                        88     -8       90
  SINCE JUL 1      6                         4      2        3

 COOLING
  YESTERDAY       15                         7      8       16
  MONTH TO DATE   32                        48    -16       45
  SINCE JUN 1    122                       168    -46      144
  SINCE JAN 1    140                       198    -58      183
..................................................................


WIND (MPH)
  HIGHEST WIND SPEED    18   HIGHEST WIND DIRECTION     W (290)
  HIGHEST GUST SPEED    23   HIGHEST GUST DIRECTION     W (250)
  AVERAGE WIND SPEED     9.7


SKY COVER
  POSSIBLE SUNSHINE  MM
  AVERAGE SKY COVER 0.5


WEATHER CONDITIONS
 THE FOLLOWING WEATHER WAS RECORDED YESTERDAY.
  LIGHT RAIN
  FOG


RELATIVE HUMIDITY (PERCENT)
 HIGHEST    87           200 AM
 LOWEST     32           300 PM
 AVERAGE    60

..........................................................


THE MILWAUKEE WI CLIMATE NORMALS FOR TODAY
                         NORMAL    RECORD    YEAR
 MAXIMUM TEMPERATURE (F)   80       101      1936
 MINIMUM TEMPERATURE (F)   63        51      1961
                                             1883


SUNRISE AND SUNSET
JULY  8 2014..........SUNRISE   521 AM CDT   SUNSET   832 PM CDT
JULY  9 2014..........SUNRISE   521 AM CDT   SUNSET   832 PM CDT


-  INDICATES NEGATIVE NUMBERS.
R  INDICATES RECORD WAS SET OR TIED.
MM INDICATES DATA IS MISSING.
T  INDICATES TRACE AMOUNT.




$$
