000
CDUS43 KMKX 302238
CLIMKE


CLIMATE REPORT
NATIONAL WEATHER SERVICE IN MILWAUKEE
436 PM CST SAT DEC 30 2017


...................................

...THE MILWAUKEE WI CLIMATE SUMMARY FOR DECEMBER 30 2017...
VALID TODAY AS OF 0400 PM LOCAL TIME.

CLIMATE NORMAL PERIOD 1981 TO 2010
CLIMATE RECORD PERIOD 1871 TO 2017


WEATHER ITEM   OBSERVED TIME   RECORD YEAR NORMAL DEPARTURE LAST
                VALUE   (LST)  VALUE       VALUE  FROM      YEAR
                                                  NORMAL
..................................................................
TEMPERATURE (F)
 TODAY
  MAXIMUM         13   1233 AM  57    1936  30    -17       37
  MINIMUM         -2    804 AM -11    1963  17    -19       25
  AVERAGE          6                        23    -17       31

PRECIPITATION (IN)
  TODAY            T             0.94 1936   0.05  -0.05     0.00
  MONTH TO DATE    0.46                      1.98  -1.52     1.93
  SINCE DEC 1      0.46                      1.98  -1.52     1.93
  SINCE JAN 1     34.09                     34.70  -0.61    29.26

SNOWFALL (IN)
  TODAY            T             3.5  1887   0.4   -0.4      0.0
  MONTH TO DATE    4.6                      10.2   -5.6     18.8
  SINCE DEC 1      4.6                      10.2   -5.6     18.8
  SINCE JUL 1      4.8                      12.9   -8.1     18.8
  SNOW DEPTH (12Z) 1

DEGREE DAYS
 HEATING
  TODAY           59                        42     17       34
  MONTH TO DATE 1146                      1152     -6     1173
  SINCE DEC 1   1146                      1152     -6     1173
  SINCE JUL 1   2251                      2517   -266     2003

 COOLING
  TODAY            0                         0      0        0
  MONTH TO DATE    0                         0      0        0
  SINCE DEC 1      0                         0      0        0
  SINCE JAN 1    772                       641    131      991
..................................................................


WIND (MPH)
  HIGHEST WIND SPEED    23   HIGHEST WIND DIRECTION    NW (310)
  HIGHEST GUST SPEED    32   HIGHEST GUST DIRECTION     W (290)
  AVERAGE WIND SPEED    15.9


SKY COVER
  POSSIBLE SUNSHINE  MM
  AVERAGE SKY COVER 0.4


WEATHER CONDITIONS
 THE FOLLOWING WEATHER WAS RECORDED TODAY.
  LIGHT SNOW


RELATIVE HUMIDITY (PERCENT)
 HIGHEST    76          1200 AM
 LOWEST     56           100 PM
 AVERAGE    66

..........................................................


THE MILWAUKEE WI CLIMATE NORMALS FOR TOMORROW
                         NORMAL    RECORD    YEAR
 MAXIMUM TEMPERATURE (F)   30        59      1875
 MINIMUM TEMPERATURE (F)   17       -15      1963


SUNRISE AND SUNSET
DECEMBER 30 2017......SUNRISE   723 AM CST   SUNSET   426 PM CST
DECEMBER 31 2017......SUNRISE   723 AM CST   SUNSET   427 PM CST


-  INDICATES NEGATIVE NUMBERS.
R  INDICATES RECORD WAS SET OR TIED.
MM INDICATES DATA IS MISSING.
T  INDICATES TRACE AMOUNT.




$$
