000
CDUS43 KMKX 102235
CLIMKE


CLIMATE REPORT
NATIONAL WEATHER SERVICE IN MILWAUKEE
433 PM CST FRI MAR 10 2017


...................................

...THE MILWAUKEE WI CLIMATE SUMMARY FOR MARCH 10 2017...
VALID TODAY AS OF 0400 PM LOCAL TIME.

CLIMATE NORMAL PERIOD 1981 TO 2010
CLIMATE RECORD PERIOD 1871 TO 2017


WEATHER ITEM   OBSERVED TIME   RECORD YEAR NORMAL DEPARTURE LAST
                VALUE   (LST)  VALUE       VALUE  FROM      YEAR
                                                  NORMAL
..................................................................
TEMPERATURE (F)
 TODAY
  MAXIMUM         32   1224 AM  68    1879  40     -8       48
  MINIMUM         22   1017 AM  -3    1877  26     -4       35
  AVERAGE         27                        33     -6       42

PRECIPITATION (IN)
  TODAY            0.00          1.01 1901   0.06  -0.06     0.00
  MONTH TO DATE    0.48                      0.64  -0.16     0.34
  SINCE MAR 1      0.48                      0.64  -0.16     0.34
  SINCE JAN 1      4.49                      4.05   0.44     1.65

SNOWFALL (IN)
  TODAY            0.0           5.4  1924   0.2   -0.2      0.0
  MONTH TO DATE    2.3                       3.1   -0.8      4.2
  SINCE MAR 1      2.3                       3.1   -0.8      4.2
  SINCE JUL 1     26.3                      40.9  -14.6     33.3
  SNOW DEPTH       0

DEGREE DAYS
 HEATING
  TODAY           38                        32      6       23
  MONTH TO DATE  272                       335    -63      268
  SINCE MAR 1    272                       335    -63      268
  SINCE JUL 1   4271                      5315  -1044     4487

 COOLING
  TODAY            0                         0      0        0
  MONTH TO DATE    0                         0      0        0
  SINCE MAR 1      0                         0      0        0
  SINCE JAN 1      0                         0      0        0
..................................................................


WIND (MPH)
  HIGHEST WIND SPEED    23   HIGHEST WIND DIRECTION     N (340)
  HIGHEST GUST SPEED    29   HIGHEST GUST DIRECTION     N (340)
  AVERAGE WIND SPEED    14.8


SKY COVER
  POSSIBLE SUNSHINE  MM
  AVERAGE SKY COVER 0.3


WEATHER CONDITIONS
 THE FOLLOWING WEATHER WAS RECORDED TODAY.
  NO SIGNIFICANT WEATHER WAS OBSERVED.


RELATIVE HUMIDITY (PERCENT)
 HIGHEST    42           400 AM
 LOWEST     23           300 PM
 AVERAGE    33

..........................................................


THE MILWAUKEE WI CLIMATE NORMALS FOR TOMORROW
                         NORMAL    RECORD    YEAR
 MAXIMUM TEMPERATURE (F)   41        66      2012
                                             1973
 MINIMUM TEMPERATURE (F)   26         2      1948


SUNRISE AND SUNSET
MARCH 10 2017.........SUNRISE   612 AM CST   SUNSET   552 PM CST
MARCH 11 2017.........SUNRISE   610 AM CST   SUNSET   554 PM CST


-  INDICATES NEGATIVE NUMBERS.
R  INDICATES RECORD WAS SET OR TIED.
MM INDICATES DATA IS MISSING.
T  INDICATES TRACE AMOUNT.




$$
