000
CDUS43 KMKX 140659
CLIMKE


CLIMATE REPORT
NATIONAL WEATHER SERVICE IN MILWAUKEE
158 AM CDT SUN SEP 14 2014


...................................

...THE MILWAUKEE WI CLIMATE SUMMARY FOR SEPTEMBER 13 2014...

CLIMATE NORMAL PERIOD 1981 TO 2010
CLIMATE RECORD PERIOD 1871 TO 2014


WEATHER ITEM   OBSERVED TIME   RECORD YEAR NORMAL DEPARTURE LAST
                VALUE   (LST)  VALUE       VALUE  FROM      YEAR
                                                  NORMAL
..................................................................
TEMPERATURE (F)
 YESTERDAY
  MAXIMUM         57   1244 PM  96    1939  73    -16       62
  MINIMUM         41    439 AM  37    1964  56    -15       49
  AVERAGE         49                        64    -15       56

PRECIPITATION (IN)
  YESTERDAY        0.00          2.52 1961   0.11  -0.11     0.00
  MONTH TO DATE    0.81                      1.35  -0.54     0.51
  SINCE SEP 1      0.81                      1.35  -0.54     0.51
  SINCE JAN 1     26.10                     25.53   0.57    30.64

SNOWFALL (IN)
  YESTERDAY        0.0           0.0    MM   0.0    0.0      0.0
  MONTH TO DATE    0.0                       0.0    0.0      0.0
  SINCE SEP 1      0.0                       0.0    0.0      0.0
  SINCE JUL 1      0.0                       0.0    0.0      0.0
  SNOW DEPTH       0

DEGREE DAYS
 HEATING
  YESTERDAY       16                         3     13        9
  MONTH TO DATE   51                        26     25       11
  SINCE SEP 1     51                        26     25       11
  SINCE JUL 1     77                        52     25       33

 COOLING
  YESTERDAY        0                         2     -2        0
  MONTH TO DATE   52                        46      6       81
  SINCE SEP 1     52                        46      6       81
  SINCE JAN 1    453                       611   -158      658
..................................................................


WIND (MPH)
  HIGHEST WIND SPEED    18   HIGHEST WIND DIRECTION     N (350)
  HIGHEST GUST SPEED    22   HIGHEST GUST DIRECTION     N (350)
  AVERAGE WIND SPEED     7.9


SKY COVER
  POSSIBLE SUNSHINE  MM
  AVERAGE SKY COVER 0.5


WEATHER CONDITIONS
 THE FOLLOWING WEATHER WAS RECORDED YESTERDAY.
  NO SIGNIFICANT WEATHER WAS OBSERVED.


RELATIVE HUMIDITY (PERCENT)
 HIGHEST    89          1200 AM
 LOWEST     51           100 PM
 AVERAGE    70

..........................................................


THE MILWAUKEE WI CLIMATE NORMALS FOR TODAY
                         NORMAL    RECORD    YEAR
 MAXIMUM TEMPERATURE (F)   72        98      1939
 MINIMUM TEMPERATURE (F)   56        38      1923


SUNRISE AND SUNSET
SEPTEMBER 14 2014.....SUNRISE   630 AM CDT   SUNSET   703 PM CDT
SEPTEMBER 15 2014.....SUNRISE   631 AM CDT   SUNSET   702 PM CDT


-  INDICATES NEGATIVE NUMBERS.
R  INDICATES RECORD WAS SET OR TIED.
MM INDICATES DATA IS MISSING.
T  INDICATES TRACE AMOUNT.




$$
