337
CDUS43 KMKX 110649
CLIMKE


CLIMATE REPORT
NATIONAL WEATHER SERVICE IN MILWAUKEE
149 AM CDT TUE JUL 11 2017


...................................

...THE MILWAUKEE WI CLIMATE SUMMARY FOR JULY 10 2017...

CLIMATE NORMAL PERIOD 1981 TO 2010
CLIMATE RECORD PERIOD 1871 TO 2017


WEATHER ITEM   OBSERVED TIME   RECORD YEAR NORMAL DEPARTURE LAST
                VALUE   (LST)  VALUE       VALUE  FROM      YEAR
                                                  NORMAL
..................................................................
TEMPERATURE (F)
 YESTERDAY
  MAXIMUM         84   1251 PM 100    1936  80      4       79
  MINIMUM         69   1141 PM  44    1963  63      6       59
  AVERAGE         77                        72      5       69

PRECIPITATION (IN)
  YESTERDAY        0.47          1.78 1984   0.12   0.35      T
  MONTH TO DATE    1.02                      1.24  -0.22     0.13
  SINCE JUN 1      6.23                      5.14   1.09     3.62
  SINCE JAN 1     23.02                     17.78   5.24    12.44

SNOWFALL (IN)
  YESTERDAY        0.0           0.0    MM   0.0    0.0      0.0
  MONTH TO DATE    0.0                       0.0    0.0      0.0
  SINCE JUN 1      0.0                       0.0    0.0      0.0
  SINCE JUL 1      0.0                       0.0    0.0      0.0
  SNOW DEPTH       0

DEGREE DAYS
 HEATING
  YESTERDAY        0                         0      0        0
  MONTH TO DATE    0                         4     -4        2
  SINCE JUN 1     14                        88    -74       31
  SINCE JUL 1      0                         4     -4        2

 COOLING
  YESTERDAY       12                         7      5        4
  MONTH TO DATE   77                        69      8       57
  SINCE JUN 1    259                       189     70      208
  SINCE JAN 1    280                       219     61      253
..................................................................


WIND (MPH)
  HIGHEST WIND SPEED    17   HIGHEST WIND DIRECTION    NW (320)
  HIGHEST GUST SPEED    23   HIGHEST GUST DIRECTION    NW (320)
  AVERAGE WIND SPEED     7.1


SKY COVER
  POSSIBLE SUNSHINE  MM
  AVERAGE SKY COVER 0.7


WEATHER CONDITIONS
 THE FOLLOWING WEATHER WAS RECORDED YESTERDAY.
  THUNDERSTORM
  RAIN
  LIGHT RAIN
  FOG


RELATIVE HUMIDITY (PERCENT)
 HIGHEST    97           600 AM
 LOWEST     58           100 PM
 AVERAGE    78

..........................................................


THE MILWAUKEE WI CLIMATE NORMALS FOR TODAY
                         NORMAL    RECORD    YEAR
 MAXIMUM TEMPERATURE (F)   80       100      1936
 MINIMUM TEMPERATURE (F)   64        47      1945


SUNRISE AND SUNSET
JULY 11 2017..........SUNRISE   523 AM CDT   SUNSET   831 PM CDT
JULY 12 2017..........SUNRISE   524 AM CDT   SUNSET   830 PM CDT


-  INDICATES NEGATIVE NUMBERS.
R  INDICATES RECORD WAS SET OR TIED.
MM INDICATES DATA IS MISSING.
T  INDICATES TRACE AMOUNT.




$$
