000
CDUS43 KMKX 200643
CLIMKE


CLIMATE REPORT
NATIONAL WEATHER SERVICE IN MILWAUKEE
143 AM CDT WED SEP 20 2017


...................................

...THE MILWAUKEE WI CLIMATE SUMMARY FOR SEPTEMBER 19 2017...

CLIMATE NORMAL PERIOD 1981 TO 2010
CLIMATE RECORD PERIOD 1871 TO 2017


WEATHER ITEM   OBSERVED TIME   RECORD YEAR NORMAL DEPARTURE LAST
                VALUE   (LST)  VALUE       VALUE  FROM      YEAR
                                                  NORMAL
..................................................................
TEMPERATURE (F)
 YESTERDAY
  MAXIMUM         75   1016 AM  91    1895  70      5       87
  MINIMUM         61   1010 PM  35    1956  54      7       64
  AVERAGE         68                        62      6       76

PRECIPITATION (IN)
  YESTERDAY        0.00          1.44 1997   0.11  -0.11     0.66
  MONTH TO DATE    0.39                      2.00  -1.61     2.44
  SINCE SEP 1      0.39                      2.00  -1.61     2.44
  SINCE JAN 1     27.71                     26.18   1.53    20.10

SNOWFALL (IN)
  YESTERDAY        0.0           0.0    MM   0.0    0.0      0.0
  MONTH TO DATE    0.0                       0.0    0.0      0.0
  SINCE SEP 1      0.0                       0.0    0.0      0.0
  SINCE JUL 1      0.0                       0.0    0.0      0.0
  SNOW DEPTH       0

DEGREE DAYS
 HEATING
  YESTERDAY        0                         5     -5        0
  MONTH TO DATE   45                        51     -6        0
  SINCE SEP 1     45                        51     -6        0
  SINCE JUL 1     54                        77    -23        2

 COOLING
  YESTERDAY        3                         2      1       11
  MONTH TO DATE   41                        58    -17      117
  SINCE SEP 1     41                        58    -17      117
  SINCE JAN 1    651                       623     28      953
..................................................................


WIND (MPH)
  HIGHEST WIND SPEED    13   HIGHEST WIND DIRECTION     E (80)
  HIGHEST GUST SPEED    15   HIGHEST GUST DIRECTION     E (80)
  AVERAGE WIND SPEED     5.6


SKY COVER
  POSSIBLE SUNSHINE  MM
  AVERAGE SKY COVER 0.7


WEATHER CONDITIONS
 THE FOLLOWING WEATHER WAS RECORDED YESTERDAY.
  FOG
  HAZE


RELATIVE HUMIDITY (PERCENT)
 HIGHEST   100          1000 PM
 LOWEST     73           900 AM
 AVERAGE    87

..........................................................


THE MILWAUKEE WI CLIMATE NORMALS FOR TODAY
                         NORMAL    RECORD    YEAR
 MAXIMUM TEMPERATURE (F)   70        92      1891
 MINIMUM TEMPERATURE (F)   53        30      1956


SUNRISE AND SUNSET
SEPTEMBER 20 2017.....SUNRISE   637 AM CDT   SUNSET   652 PM CDT
SEPTEMBER 21 2017.....SUNRISE   638 AM CDT   SUNSET   650 PM CDT


-  INDICATES NEGATIVE NUMBERS.
R  INDICATES RECORD WAS SET OR TIED.
MM INDICATES DATA IS MISSING.
T  INDICATES TRACE AMOUNT.




$$
