163
CDUS43 KMKX 300649
CLIMKE


CLIMATE REPORT
NATIONAL WEATHER SERVICE IN MILWAUKEE
148 AM CDT SAT JUL 30 2016


...................................

...THE MILWAUKEE WI CLIMATE SUMMARY FOR JULY 29 2016...

CLIMATE NORMAL PERIOD 1981 TO 2010
CLIMATE RECORD PERIOD 1871 TO 2016


WEATHER ITEM   OBSERVED TIME   RECORD YEAR NORMAL DEPARTURE LAST
                VALUE   (LST)  VALUE       VALUE  FROM      YEAR
                                                  NORMAL
..................................................................
TEMPERATURE (F)
 YESTERDAY
  MAXIMUM         76    206 PM  98    1941  80     -4       87
  MINIMUM         67    452 AM  49    1981  64      3       72
  AVERAGE         72                        72      0       80

PRECIPITATION (IN)
  YESTERDAY        0.00          0.61 1959   0.11  -0.11      T
  MONTH TO DATE    1.76                      3.45  -1.69     1.60
  SINCE JUN 1      5.25                      7.35  -2.10     4.09
  SINCE JAN 1     14.07                     19.99  -5.92    14.29

SNOWFALL (IN)
  YESTERDAY        0.0           0.0    MM   0.0    0.0      0.0
  MONTH TO DATE    0.0                       0.0    0.0      0.0
  SINCE JUN 1      0.0                       0.0    0.0      0.0
  SINCE JUL 1      0.0                       0.0    0.0      0.0
  SNOW DEPTH       0

DEGREE DAYS
 HEATING
  YESTERDAY        0                         0      0        0
  MONTH TO DATE    2                         4     -2       28
  SINCE JUN 1     31                        88    -57      130
  SINCE JUL 1      2                         4     -2       28

 COOLING
  YESTERDAY        7                         7      0       15
  MONTH TO DATE  292                       202     90      183
  SINCE JUN 1    443                       322    121      256
  SINCE JAN 1    488                       352    136      282
..................................................................


WIND (MPH)
  HIGHEST WIND SPEED    18   HIGHEST WIND DIRECTION    NE (40)
  HIGHEST GUST SPEED    25   HIGHEST GUST DIRECTION     N (10)
  AVERAGE WIND SPEED    11.3


SKY COVER
  POSSIBLE SUNSHINE  MM
  AVERAGE SKY COVER 0.8


WEATHER CONDITIONS
 THE FOLLOWING WEATHER WAS RECORDED YESTERDAY.
  NO SIGNIFICANT WEATHER WAS OBSERVED.


RELATIVE HUMIDITY (PERCENT)
 HIGHEST    93           500 AM
 LOWEST     73          1200 PM
 AVERAGE    83

..........................................................


THE MILWAUKEE WI CLIMATE NORMALS FOR TODAY
                         NORMAL    RECORD    YEAR
 MAXIMUM TEMPERATURE (F)   80       102      1916
 MINIMUM TEMPERATURE (F)   64        49      1956


SUNRISE AND SUNSET
JULY 30 2016..........SUNRISE   541 AM CDT   SUNSET   814 PM CDT
JULY 31 2016..........SUNRISE   542 AM CDT   SUNSET   813 PM CDT


-  INDICATES NEGATIVE NUMBERS.
R  INDICATES RECORD WAS SET OR TIED.
MM INDICATES DATA IS MISSING.
T  INDICATES TRACE AMOUNT.




$$
