487
CDUS43 KMKX 280642
CLIMKE


CLIMATE REPORT
NATIONAL WEATHER SERVICE IN MILWAUKEE
141 AM CDT SUN MAY 28 2017


...................................

...THE MILWAUKEE WI CLIMATE SUMMARY FOR MAY 27 2017...

CLIMATE NORMAL PERIOD 1981 TO 2010
CLIMATE RECORD PERIOD 1871 TO 2017


WEATHER ITEM   OBSERVED TIME   RECORD YEAR NORMAL DEPARTURE LAST
                VALUE   (LST)  VALUE       VALUE  FROM      YEAR
                                                  NORMAL
..................................................................
TEMPERATURE (F)
 YESTERDAY
  MAXIMUM         72   1217 PM  94    1911  69      3       79
  MINIMUM         50   1235 AM  29    1961  50      0       65
  AVERAGE         61                        59      2       72

PRECIPITATION (IN)
  YESTERDAY        0.00          1.30 1973   0.12  -0.12     0.14
  MONTH TO DATE    2.21                      2.94  -0.73     2.07
  SINCE MAR 1     12.16                      8.77   3.39     7.21
  SINCE JAN 1     16.17                     12.18   3.99     8.52

SNOWFALL (IN)
  YESTERDAY        0.0           T    1907   0.0    0.0      0.0
  MONTH TO DATE    0.0                       0.1   -0.1       T
  SINCE MAR 1     13.6                       9.1    4.5     10.0
  SINCE JUL 1     37.6                      46.9   -9.3     39.1
  SNOW DEPTH       0

DEGREE DAYS
 HEATING
  YESTERDAY        4                         7     -3        0
  MONTH TO DATE  312                       288     24      264
  SINCE MAR 1   1617                      1805   -188     1661
  SINCE JUL 1   5616                      6785  -1169     5880

 COOLING
  YESTERDAY        0                         1     -1        7
  MONTH TO DATE   15                        17     -2       22
  SINCE MAR 1     18                        22     -4       22
  SINCE JAN 1     18                        22     -4       22
..................................................................


WIND (MPH)
  HIGHEST WIND SPEED    16   HIGHEST WIND DIRECTION    SE (130)
  HIGHEST GUST SPEED    19   HIGHEST GUST DIRECTION    SE (140)
  AVERAGE WIND SPEED     5.6


SKY COVER
  POSSIBLE SUNSHINE  MM
  AVERAGE SKY COVER 0.6


WEATHER CONDITIONS
 THE FOLLOWING WEATHER WAS RECORDED YESTERDAY.
  FOG
  HAZE


RELATIVE HUMIDITY (PERCENT)
 HIGHEST   100          1200 AM
 LOWEST     57           100 PM
 AVERAGE    79

..........................................................


THE MILWAUKEE WI CLIMATE NORMALS FOR TODAY
                         NORMAL    RECORD    YEAR
 MAXIMUM TEMPERATURE (F)   69        93      1991
 MINIMUM TEMPERATURE (F)   50        36      1894
                                             1889


SUNRISE AND SUNSET
MAY 28 2017...........SUNRISE   517 AM CDT   SUNSET   821 PM CDT
MAY 29 2017...........SUNRISE   517 AM CDT   SUNSET   822 PM CDT


-  INDICATES NEGATIVE NUMBERS.
R  INDICATES RECORD WAS SET OR TIED.
MM INDICATES DATA IS MISSING.
T  INDICATES TRACE AMOUNT.




$$
