000
CDUS43 KMKX 300045
CLIMKE


CLIMATE REPORT
NATIONAL WEATHER SERVICE IN MILWAUKEE
742 PM CDT MON AUG 29 2016


...................................

...THE MILWAUKEE WI CLIMATE SUMMARY FOR AUGUST 29 2016...
VALID TODAY AS OF 0700 PM LOCAL TIME.

CLIMATE NORMAL PERIOD 1981 TO 2010
CLIMATE RECORD PERIOD 1871 TO 2016


WEATHER ITEM   OBSERVED TIME   RECORD YEAR NORMAL DEPARTURE LAST
                VALUE   (LST)  VALUE       VALUE  FROM      YEAR
                                                  NORMAL
..................................................................
TEMPERATURE (F)
 TODAY
  MAXIMUM         83    123 PM  96    1973  77      6       64
  MINIMUM         67    531 AM  44    1982  61      6       57
                                      1965
  AVERAGE         75                        69      6       61

PRECIPITATION (IN)
  TODAY            0.00          2.71 1876   0.12  -0.12     0.77
  MONTH TO DATE    1.50                      3.73  -2.23     3.46
  SINCE JUN 1      6.75                     11.30  -4.55     7.55
  SINCE JAN 1     15.57                     23.94  -8.37    17.75

SNOWFALL (IN)
  TODAY            0.0           0.0    MM   0.0    0.0      0.0
  MONTH TO DATE    0.0                       0.0    0.0      0.0
  SINCE JUN 1      0.0                       0.0    0.0      0.0
  SINCE JUL 1      0.0                       0.0    0.0      0.0
  SNOW DEPTH       0

DEGREE DAYS
 HEATING
  TODAY            0                         1     -1        4
  MONTH TO DATE    0                         8     -8       20
  SINCE JUN 1     31                       103    -72      150
  SINCE JUL 1      2                        19    -17       48

 COOLING
  TODAY           10                         5      5        0
  MONTH TO DATE  318                       184    134      173
  SINCE JUN 1    775                       526    249      454
  SINCE JAN 1    820                       556    264      480
..................................................................


WIND (MPH)
  HIGHEST WIND SPEED     9   HIGHEST WIND DIRECTION     E (110)
  HIGHEST GUST SPEED    13   HIGHEST GUST DIRECTION     E (80)
  AVERAGE WIND SPEED     4.5


SKY COVER
  POSSIBLE SUNSHINE  MM
  AVERAGE SKY COVER 0.8


WEATHER CONDITIONS
 THE FOLLOWING WEATHER WAS RECORDED TODAY.
  FOG
  FOG W/VISIBILITY <= 1/4 MILE


RELATIVE HUMIDITY (PERCENT)
 HIGHEST   100           300 AM
 LOWEST     54           100 PM
 AVERAGE    77

..........................................................


THE MILWAUKEE WI CLIMATE NORMALS FOR TOMORROW
                         NORMAL    RECORD    YEAR
 MAXIMUM TEMPERATURE (F)   77        96      1958
 MINIMUM TEMPERATURE (F)   61        42      1915


SUNRISE AND SUNSET
AUGUST 29 2016........SUNRISE   613 AM CDT   SUNSET   730 PM CDT
AUGUST 30 2016........SUNRISE   614 AM CDT   SUNSET   729 PM CDT


-  INDICATES NEGATIVE NUMBERS.
R  INDICATES RECORD WAS SET OR TIED.
MM INDICATES DATA IS MISSING.
T  INDICATES TRACE AMOUNT.




$$

HAHN
