000
CDUS43 KMKX 120048
CLIMKE


CLIMATE REPORT
NATIONAL WEATHER SERVICE IN MILWAUKEE
745 PM CDT FRI JUL 11 2014


...................................

...THE MILWAUKEE WI CLIMATE SUMMARY FOR JULY 11 2014...
VALID TODAY AS OF 0700 PM LOCAL TIME.

CLIMATE NORMAL PERIOD 1981 TO 2010
CLIMATE RECORD PERIOD 1871 TO 2014


WEATHER ITEM   OBSERVED TIME   RECORD YEAR NORMAL DEPARTURE LAST
                VALUE   (LST)  VALUE       VALUE  FROM      YEAR
                                                  NORMAL
..................................................................
TEMPERATURE (F)
 TODAY
  MAXIMUM         80   1144 AM 100    1936  80      0       79
  MINIMUM         59    400 AM  47    1945  64     -5       61
  AVERAGE         70                        72     -2       70

PRECIPITATION (IN)
  TODAY            T             1.04 2011   0.13  -0.13     0.00
  MONTH TO DATE    0.74                      1.37  -0.63     0.60
  SINCE JUN 1      7.08                      5.27   1.81     6.40
  SINCE JAN 1     18.03                     17.91   0.12    25.91

SNOWFALL (IN)
  TODAY            0.0           0.0    MM   0.0    0.0      0.0
  MONTH TO DATE    0.0                       0.0    0.0      0.0
  SINCE JUN 1      0.0                       0.0    0.0      0.0
  SINCE JUL 1      0.0                       0.0    0.0      0.0
  SNOW DEPTH       0

DEGREE DAYS
 HEATING
  TODAY            0                         0      0        0
  MONTH TO DATE    7                         4      3        3
  SINCE JUN 1     81                        88     -7       90
  SINCE JUL 1      7                         4      3        3

 COOLING
  TODAY            5                         7     -2        5
  MONTH TO DATE   47                        76    -29       84
  SINCE JUN 1    137                       196    -59      183
  SINCE JAN 1    155                       226    -71      222
..................................................................


WIND (MPH)
  HIGHEST WIND SPEED    20   HIGHEST WIND DIRECTION    SE (140)
  HIGHEST GUST SPEED    22   HIGHEST GUST DIRECTION    SE (140)
  AVERAGE WIND SPEED     8.2


SKY COVER
  POSSIBLE SUNSHINE  MM
  AVERAGE SKY COVER 0.6


WEATHER CONDITIONS
 THE FOLLOWING WEATHER WAS RECORDED TODAY.
  LIGHT RAIN
  HAZE


RELATIVE HUMIDITY (PERCENT)
 HIGHEST    72           400 AM
 LOWEST     43           200 PM
 AVERAGE    58

..........................................................


THE MILWAUKEE WI CLIMATE NORMALS FOR TOMORROW
                         NORMAL    RECORD    YEAR
 MAXIMUM TEMPERATURE (F)   80        97      1930
 MINIMUM TEMPERATURE (F)   64        50      1975


SUNRISE AND SUNSET
JULY 11 2014..........SUNRISE   523 AM CDT   SUNSET   831 PM CDT
JULY 12 2014..........SUNRISE   524 AM CDT   SUNSET   830 PM CDT


-  INDICATES NEGATIVE NUMBERS.
R  INDICATES RECORD WAS SET OR TIED.
MM INDICATES DATA IS MISSING.
T  INDICATES TRACE AMOUNT.




$$

HAHN
