000
CDUS43 KMKX 230711
CLIMKE


CLIMATE REPORT
NATIONAL WEATHER SERVICE IN MILWAUKEE
111 AM CST WED NOV 23 2016


...................................

...THE MILWAUKEE WI CLIMATE SUMMARY FOR NOVEMBER 22 2016...

CLIMATE NORMAL PERIOD 1981 TO 2010
CLIMATE RECORD PERIOD 1871 TO 2016


WEATHER ITEM   OBSERVED TIME   RECORD YEAR NORMAL DEPARTURE LAST
                VALUE   (LST)  VALUE       VALUE  FROM      YEAR
                                                  NORMAL
..................................................................
TEMPERATURE (F)
 YESTERDAY
  MAXIMUM         43   1159 PM  66    1913  43      0       27
  MINIMUM         26    613 AM   1    1880  29     -3       16
  AVERAGE         35                        36     -1       22

PRECIPITATION (IN)
  YESTERDAY        T             1.06 1874   0.10  -0.10      T
  MONTH TO DATE    0.52                      2.01  -1.49     2.55
  SINCE SEP 1      8.38                      7.84   0.54     8.89
  SINCE JAN 1     26.04                     32.02  -5.98    26.64

SNOWFALL (IN)
  YESTERDAY        0.0           8.8  1989   0.1   -0.1       T
  MONTH TO DATE    T                         1.1   -1.1      6.9
  SINCE SEP 1      T                         1.4   -1.4      6.9
  SINCE JUL 1      T                         1.4   -1.4      6.9
  SNOW DEPTH       0

DEGREE DAYS
 HEATING
  YESTERDAY       30                        29      1       43
  MONTH TO DATE  341                       530   -189      387
  SINCE SEP 1    641                      1089   -448      771
  SINCE JUL 1    643                      1115   -472      819

 COOLING
  YESTERDAY        0                         0      0        0
  MONTH TO DATE    3                         0      3        0
  SINCE SEP 1    155                        76     79      135
  SINCE JAN 1    991                       641    350      622
..................................................................


WIND (MPH)
  HIGHEST WIND SPEED    17   HIGHEST WIND DIRECTION    SE (130)
  HIGHEST GUST SPEED    22   HIGHEST GUST DIRECTION    SE (150)
  AVERAGE WIND SPEED     8.1


SKY COVER
  POSSIBLE SUNSHINE  MM
  AVERAGE SKY COVER 0.8


WEATHER CONDITIONS
 THE FOLLOWING WEATHER WAS RECORDED YESTERDAY.
  HAZE


RELATIVE HUMIDITY (PERCENT)
 HIGHEST    75           300 AM
 LOWEST     62           800 PM
 AVERAGE    69

..........................................................


THE MILWAUKEE WI CLIMATE NORMALS FOR TODAY
                         NORMAL    RECORD    YEAR
 MAXIMUM TEMPERATURE (F)   42        65      1931
 MINIMUM TEMPERATURE (F)   29        -4      1950


SUNRISE AND SUNSET
NOVEMBER 23 2016......SUNRISE   654 AM CST   SUNSET   422 PM CST
NOVEMBER 24 2016......SUNRISE   656 AM CST   SUNSET   421 PM CST


-  INDICATES NEGATIVE NUMBERS.
R  INDICATES RECORD WAS SET OR TIED.
MM INDICATES DATA IS MISSING.
T  INDICATES TRACE AMOUNT.




$$
